{"id":405,"date":"2022-01-17T10:50:09","date_gmt":"2022-01-17T09:50:09","guid":{"rendered":"https:\/\/sites-recherche.univ-rennes2.fr\/ace\/?page_id=405"},"modified":"2023-11-09T12:01:29","modified_gmt":"2023-11-09T11:01:29","slug":"seminars-and-workshops","status":"publish","type":"page","link":"https:\/\/sites-recherche.univ-rennes2.fr\/ace\/en\/home\/seminars-and-workshops\/","title":{"rendered":"Seminars and workshops"},"content":{"rendered":"<h2>2019 &#8211; 2020<\/h2>\n<h3><strong>PhD seminar \u00ab\u00a0Literary realities\u00a0\u00bb.\u00a0<\/strong><\/h3>\n<p>Organized by Sylvie Bauer et Beno\u00eet Tadi\u00e9<\/p>\n<h4>2019 &#8211; 2020 Program<\/h4>\n<ul>\n<li>Session 1: Thursday 19\/09 &#8211; Val\u00e9rie Savard and Laurence Perron<\/li>\n<li>Session 2: Thursday 17\/10 &#8211; Zelda Chesneau<\/li>\n<li>Session 3: Thursday 21\/11 &#8211; Pauline Boisgerault<\/li>\n<li>Session 4: Thursday 12\/12 &#8211; Pauline Boisgerault<\/li>\n<li>Session 5: Thursday 23\/01 &#8211; Christine Baron<\/li>\n<li>Session 6: Thursday 20\/02 &#8211; Ariane Lefebvre<\/li>\n<li>Session 7: Thursday 5\/03 &#8211; \u00ab\u00a0Trans\u00a0\u00bb study day<\/li>\n<li>Session 8: Thursday 19\/03 &#8211;<\/li>\n<li>Session 9: Thursday 16\/04 &#8211; Christelle Centi<\/li>\n<li>Session 10: Thursday 14\/05 &#8211; Isabelle Alfandary<\/li>\n<li>Session 11: Thursday 19\/06 &#8211; Stefania Iliescu<\/li>\n<\/ul>\n<p>&nbsp;<\/p>\n<h2>2018 &#8211; 2019<\/h2>\n<h3><strong>PhD seminar \u00ab\u00a0Literary realities\u00a0\u00bb.<\/strong><\/h3>\n<p>In partnership with CELLAM \/\/ organized by Sylvie Bauer, Emmanuel Bouju and Beno\u00eet Tadi\u00e9<\/p>\n<h4>2018 &#8211; 2019 Program \u00ab\u00a0Literature and Translation<\/h4>\n<ul>\n<li>Session 1 &#8211; Introduction <em>September 20<\/em><\/li>\n<li>Session 2 &#8211; Olivier Gallmeister (editor) and Sophie Aslanides (translator) <em>October 18<\/em><\/li>\n<li>Session 3 &#8211; Cross-reading VO\/VF around Ulysses, James Joyce, with Flavie Epi\u00e9 (Bordeaux Montaigne University) and Val\u00e9rie B\u00e9n\u00e9jam (Nantes University) <em>December 13<\/em> &gt; Session postponed to <em>January 17<\/em><\/li>\n<li>Session 4 &#8211; Tiphaine Samoyault (Sorbonne Nouvelle Paris 3) about Ulysses, James Joyce <em>January 11<\/em><\/li>\n<li>Session 5 &#8211; Jean-Jacques Lecercle (University of Paris Nanterre) <em>February 14<\/em><\/li>\n<li>International study days: \u00ab\u00a0Passers-by of American literature in France 1917-1967\u00a0\u00bb <em>March 14-15<\/em><\/li>\n<li>Study day: \u00ab\u00a0Usual Suspects\u00a0\u00bb <em>March 21<\/em><\/li>\n<li>Session 6 &#8211; Bastien M\u00e9resse (Sorbonne Nouvelle Paris 3) and Nicolas Richard (translator and writer) on Thomas Pynchon <em>May 9<\/em><\/li>\n<\/ul>\n<h3><strong>\u00ab\u00a0Popular culture and industrial identity in Manchester\u00a0\u00bb\u00a0<\/strong><\/h3>\n<p><span class=\"adresse\">Workshop organized by Guillaume Cl\u00e9ment, Nicole Cloarec and Aurore Caignet, <em>May<\/em> <em>25<\/em><\/span><\/p>\n<p>&nbsp;<\/p>\n<h2><span class=\"adresse\">2016<\/span><\/h2>\n<h3><strong>\u00ab\u00a0Popular music and Political Discourse\u00a0\u00bb\u00a0<\/strong><\/h3>\n<p>Research seminar organized by Guillaume Cl\u00e9ment and David Haigron, <em>March<\/em><\/p>\n<p>&nbsp;<\/p>\n<h2><span class=\"adresse\">2015<\/span><\/h2>\n<h3><strong>\u00ab\u00a0A Secularized Sacred Place: Northrop Frye&rsquo;s Theory of Culture\u00a0\u00bb &amp; \u00ab\u00a0The Prison of Narcissus: Narratives of Reality and Illusion in Jacques Lacan and Northrop Frye\u00a0\u00bb<\/strong><\/h3>\n<p>S\u00e1ra T\u00f3th Conference (K\u00e1roli G\u00e1sp\u00e1r University, Budapest, Hungary), <em>April 30<\/em><\/p>\n<p>&nbsp;<\/p>\n<h2>2012<\/h2>\n<h3><strong>\u00ab\u00a0Litt\u00e9rature du complot : lectures et interpr\u00e9tations\u00a0\u00bb (Literature of conspiracy: readings and interpretations) \u2014 Meeting with Percival Everett<\/strong><\/h3>\n<p>Roundtable discussion hosted by Anthony Larson, Claude Le Fustec, Anne-Laure Tissut and Florian Tr\u00e9guer, <em>November 21<\/em><\/p>\n<p>&nbsp;<\/p>\n<p><strong>Find out more about our seminars and workshops <a href=\"https:\/\/intranet.univ-rennes2.fr\/ace\/seminaires-ateliers#\">here<\/a>.\u00a0<\/strong><\/p>\n","protected":false},"excerpt":{"rendered":"<p>2019 &#8211; 2020 PhD seminar \u00ab\u00a0Literary realities\u00a0\u00bb.\u00a0 Organized by Sylvie Bauer et Beno\u00eet Tadi\u00e9 2019 &#8211; 2020 Program Session 1: Thursday 19\/09 &#8211; Val\u00e9rie&hellip;<\/p>\n","protected":false},"author":1,"featured_media":0,"parent":185,"menu_order":1,"comment_status":"closed","ping_status":"closed","template":"","meta":{"_acf_changed":false,"footnotes":""},"class_list":["post-405","page","type-page","status-publish","hentry"],"acf":[],"_links":{"self":[{"href":"https:\/\/sites-recherche.univ-rennes2.fr\/ace\/wp-json\/wp\/v2\/pages\/405","targetHints":{"allow":["GET"]}}],"collection":[{"href":"https:\/\/sites-recherche.univ-rennes2.fr\/ace\/wp-json\/wp\/v2\/pages"}],"about":[{"href":"https:\/\/sites-recherche.univ-rennes2.fr\/ace\/wp-json\/wp\/v2\/types\/page"}],"author":[{"embeddable":true,"href":"https:\/\/sites-recherche.univ-rennes2.fr\/ace\/wp-json\/wp\/v2\/users\/1"}],"replies":[{"embeddable":true,"href":"https:\/\/sites-recherche.univ-rennes2.fr\/ace\/wp-json\/wp\/v2\/comments?post=405"}],"version-history":[{"count":3,"href":"https:\/\/sites-recherche.univ-rennes2.fr\/ace\/wp-json\/wp\/v2\/pages\/405\/revisions"}],"predecessor-version":[{"id":408,"href":"https:\/\/sites-recherche.univ-rennes2.fr\/ace\/wp-json\/wp\/v2\/pages\/405\/revisions\/408"}],"up":[{"embeddable":true,"href":"https:\/\/sites-recherche.univ-rennes2.fr\/ace\/wp-json\/wp\/v2\/pages\/185"}],"wp:attachment":[{"href":"https:\/\/sites-recherche.univ-rennes2.fr\/ace\/wp-json\/wp\/v2\/media?parent=405"}],"curies":[{"name":"wp","href":"https:\/\/api.w.org\/{rel}","templated":true}]}}