{"id":134,"date":"2020-09-02T16:33:59","date_gmt":"2020-09-02T14:33:59","guid":{"rendered":"http:\/\/sites-recherche.univ-rennes2.fr\/cellam\/?page_id=134"},"modified":"2021-02-05T16:27:16","modified_gmt":"2021-02-05T15:27:16","slug":"ad-hoc","status":"publish","type":"page","link":"https:\/\/sites-recherche.univ-rennes2.fr\/cellam\/associations-de-doctorants\/ad-hoc\/","title":{"rendered":"AD HOC"},"content":{"rendered":"<p><img loading=\"lazy\" decoding=\"async\" class=\"alignnone wp-image-496\" src=\"http:\/\/sites-recherche.univ-rennes2.fr\/cellam\/wp-content\/uploads\/2020\/12\/ADHOC-LOGO-BANNIERE-02-300x99.jpg\" alt=\"\" width=\"719\" height=\"238\" srcset=\"https:\/\/sites-recherche.univ-rennes2.fr\/cellam\/wp-content\/uploads\/2020\/12\/ADHOC-LOGO-BANNIERE-02-300x99.jpg 300w, https:\/\/sites-recherche.univ-rennes2.fr\/cellam\/wp-content\/uploads\/2020\/12\/ADHOC-LOGO-BANNIERE-02-1024x339.jpg 1024w, https:\/\/sites-recherche.univ-rennes2.fr\/cellam\/wp-content\/uploads\/2020\/12\/ADHOC-LOGO-BANNIERE-02-768x254.jpg 768w, https:\/\/sites-recherche.univ-rennes2.fr\/cellam\/wp-content\/uploads\/2020\/12\/ADHOC-LOGO-BANNIERE-02-1536x508.jpg 1536w, https:\/\/sites-recherche.univ-rennes2.fr\/cellam\/wp-content\/uploads\/2020\/12\/ADHOC-LOGO-BANNIERE-02-2048x677.jpg 2048w, https:\/\/sites-recherche.univ-rennes2.fr\/cellam\/wp-content\/uploads\/2020\/12\/ADHOC-LOGO-BANNIERE-02-920x304.jpg 920w\" sizes=\"auto, (max-width: 719px) 100vw, 719px\" \/><\/p>\n<h4><strong>Association des doctorant.e.s et jeunes chercheur.se.s du CELLAM<\/strong><\/h4>\n<p>Fond\u00e9e en 2011 par Chlo\u00e9 Tazartez, l\u2019association Ad Hoc r\u00e9unit essentiellement, mais pas exclusivement, les doctorant\u00b7e\u00b7s et les jeunes chercheuses et chercheurs en litt\u00e9rature fran\u00e7aise, \u00e9trang\u00e8re et compar\u00e9e rattach\u00e9s au CELLAM (Centre d\u2019\u00e9tudes des langues et litt\u00e9ratures anciennes et modernes de l\u2019Universit\u00e9 Rennes 2). Ad Hoc est en charge de l\u2019organisation de manifestations diverses, ouvertes aux jeunes chercheurs : s\u00e9ances \u00ab\u00a0La Voix d\u2019un texte\u00a0\u00bb, journ\u00e9es d\u2019\u00e9tudes, cycle de formations, journ\u00e9es des doctorants ; ainsi que de la publication annuelle d\u2019une revue \u00e9ponyme en ligne. Notre bureau (B307) ouvre ses portes \u00e0 toutes les personnes qui souhaitent partager leur exp\u00e9rience de doctorat, s\u2019interrogent sur la th\u00e8se et l\u2019apr\u00e8s-th\u00e8se ou ont envie de monter des projets autour de la litt\u00e9rature.<\/p>\n<p>&nbsp;<\/p>\n<h2>Actualit\u00e9s d&rsquo;Ad Hoc<\/h2>\n<h4>Journ\u00e9e d&rsquo;\u00e9tude &#8211;\u00a0<em>Subversion, une pens\u00e9e de la r\u00e9p\u00e9tition critique<\/em><\/h4>\n<div class=\"page\" title=\"Page 1\">\n<div class=\"layoutArea\">\n<div class=\"column\">\n<ul>\n<li><strong>9 d\u00e9cembre 2020<\/strong><\/li>\n<li><a href=\"http:\/\/sites-recherche.univ-rennes2.fr\/cellam\/articles\/journee-detude-subversion-une-pensee-de-la-repetition-critique\/\">D\u00e9tails et programme\u00a0<\/a><\/li>\n<\/ul>\n<p><img loading=\"lazy\" decoding=\"async\" class=\"wp-image-498 alignnone\" src=\"http:\/\/sites-recherche.univ-rennes2.fr\/cellam\/wp-content\/uploads\/2020\/12\/5BPastiche_de_l_27Enfer_de_Dante_5D__5B____5DWolinski_Georges_btv1b53182883b-be38c103-b2c0-4aed-b20b-7130a16ef7fa-300x200.jpeg\" alt=\"\" width=\"412\" height=\"274\" srcset=\"https:\/\/sites-recherche.univ-rennes2.fr\/cellam\/wp-content\/uploads\/2020\/12\/5BPastiche_de_l_27Enfer_de_Dante_5D__5B____5DWolinski_Georges_btv1b53182883b-be38c103-b2c0-4aed-b20b-7130a16ef7fa-300x200.jpeg 300w, https:\/\/sites-recherche.univ-rennes2.fr\/cellam\/wp-content\/uploads\/2020\/12\/5BPastiche_de_l_27Enfer_de_Dante_5D__5B____5DWolinski_Georges_btv1b53182883b-be38c103-b2c0-4aed-b20b-7130a16ef7fa-768x511.jpeg 768w, https:\/\/sites-recherche.univ-rennes2.fr\/cellam\/wp-content\/uploads\/2020\/12\/5BPastiche_de_l_27Enfer_de_Dante_5D__5B____5DWolinski_Georges_btv1b53182883b-be38c103-b2c0-4aed-b20b-7130a16ef7fa-920x613.jpeg 920w, https:\/\/sites-recherche.univ-rennes2.fr\/cellam\/wp-content\/uploads\/2020\/12\/5BPastiche_de_l_27Enfer_de_Dante_5D__5B____5DWolinski_Georges_btv1b53182883b-be38c103-b2c0-4aed-b20b-7130a16ef7fa.jpeg 1000w\" sizes=\"auto, (max-width: 412px) 100vw, 412px\" \/><a href=\"http:\/\/sites-recherche.univ-rennes2.fr\/cellam\/articles\/journee-detude-subversion-une-pensee-de-la-repetition-critique\/\">\u00a0<\/a><\/p>\n<\/div>\n<\/div>\n<\/div>\n<h4>JDD 2020<\/h4>\n<ul>\n<li><strong>18 novembre 2020<\/strong><\/li>\n<li><a href=\"http:\/\/sites-recherche.univ-rennes2.fr\/cellam\/articles\/journee-des-doctorant-es\/\">Programme de la journ\u00e9e\u00a0<\/a><\/li>\n<\/ul>\n<p>&nbsp;<\/p>\n<p><span style=\"color: #434a54; font-size: 1.125rem; font-style: italic;\"><img loading=\"lazy\" decoding=\"async\" class=\"alignnone wp-image-705\" src=\"http:\/\/sites-recherche.univ-rennes2.fr\/cellam\/wp-content\/uploads\/2020\/10\/Affiche-programme-JDD-reportee-au-18-nov-212x300.jpg\" alt=\"\" width=\"351\" height=\"496\" srcset=\"https:\/\/sites-recherche.univ-rennes2.fr\/cellam\/wp-content\/uploads\/2020\/10\/Affiche-programme-JDD-reportee-au-18-nov-212x300.jpg 212w, https:\/\/sites-recherche.univ-rennes2.fr\/cellam\/wp-content\/uploads\/2020\/10\/Affiche-programme-JDD-reportee-au-18-nov-724x1024.jpg 724w, https:\/\/sites-recherche.univ-rennes2.fr\/cellam\/wp-content\/uploads\/2020\/10\/Affiche-programme-JDD-reportee-au-18-nov-768x1086.jpg 768w, https:\/\/sites-recherche.univ-rennes2.fr\/cellam\/wp-content\/uploads\/2020\/10\/Affiche-programme-JDD-reportee-au-18-nov-1086x1536.jpg 1086w, https:\/\/sites-recherche.univ-rennes2.fr\/cellam\/wp-content\/uploads\/2020\/10\/Affiche-programme-JDD-reportee-au-18-nov-1448x2048.jpg 1448w, https:\/\/sites-recherche.univ-rennes2.fr\/cellam\/wp-content\/uploads\/2020\/10\/Affiche-programme-JDD-reportee-au-18-nov-848x1200.jpg 848w, https:\/\/sites-recherche.univ-rennes2.fr\/cellam\/wp-content\/uploads\/2020\/10\/Affiche-programme-JDD-reportee-au-18-nov.jpg 1742w\" sizes=\"auto, (max-width: 351px) 100vw, 351px\" \/><\/span><\/p>\n<p><span style=\"color: #434a54; font-size: 1.125rem; font-style: italic;\">S\u00e9minaire doctoral \u00ab\u00a0Le Fant\u00f4me\u00a0\u00bb &#8211; S\u00e9ance 4 <\/span><em style=\"color: #434a54; font-size: 1.125rem;\">Au-del\u00e0 du fant\u00f4me, la spectralit\u00e9 : formes et usages d&rsquo;un th\u00e8me litt\u00e9raire<\/em><\/p>\n<ul>\n<li><strong>17 janvier 2020<\/strong><\/li>\n<li><a href=\"http:\/\/sites-recherche.univ-rennes2.fr\/cellam\/articles\/au-dela-du-fantome-la-spectralite-formes-et-usages-dun-theme-litteraire\/\">Lire plus<\/a><\/li>\n<\/ul>\n<p><img loading=\"lazy\" decoding=\"async\" class=\"alignnone wp-image-572\" src=\"http:\/\/sites-recherche.univ-rennes2.fr\/cellam\/wp-content\/uploads\/2020\/12\/AFFICHE_SDADHOC_17012020-768x1086-1-212x300.jpg\" alt=\"\" width=\"325\" height=\"459\" srcset=\"https:\/\/sites-recherche.univ-rennes2.fr\/cellam\/wp-content\/uploads\/2020\/12\/AFFICHE_SDADHOC_17012020-768x1086-1-212x300.jpg 212w, https:\/\/sites-recherche.univ-rennes2.fr\/cellam\/wp-content\/uploads\/2020\/12\/AFFICHE_SDADHOC_17012020-768x1086-1-724x1024.jpg 724w, https:\/\/sites-recherche.univ-rennes2.fr\/cellam\/wp-content\/uploads\/2020\/12\/AFFICHE_SDADHOC_17012020-768x1086-1.jpg 768w\" sizes=\"auto, (max-width: 325px) 100vw, 325px\" \/><\/p>\n<p>&nbsp;<\/p>\n","protected":false},"excerpt":{"rendered":"<p>Association des doctorant.e.s et jeunes chercheur.se.s du CELLAM Fond\u00e9e en 2011 par Chlo\u00e9 Tazartez, l\u2019association Ad Hoc r\u00e9unit essentiellement, mais pas exclusivement, les doctorant\u00b7e\u00b7s&hellip;<\/p>\n","protected":false},"author":1,"featured_media":496,"parent":618,"menu_order":0,"comment_status":"closed","ping_status":"closed","template":"","meta":{"_acf_changed":false,"footnotes":""},"class_list":["post-134","page","type-page","status-publish","has-post-thumbnail","hentry"],"acf":[],"_links":{"self":[{"href":"https:\/\/sites-recherche.univ-rennes2.fr\/cellam\/wp-json\/wp\/v2\/pages\/134","targetHints":{"allow":["GET"]}}],"collection":[{"href":"https:\/\/sites-recherche.univ-rennes2.fr\/cellam\/wp-json\/wp\/v2\/pages"}],"about":[{"href":"https:\/\/sites-recherche.univ-rennes2.fr\/cellam\/wp-json\/wp\/v2\/types\/page"}],"author":[{"embeddable":true,"href":"https:\/\/sites-recherche.univ-rennes2.fr\/cellam\/wp-json\/wp\/v2\/users\/1"}],"replies":[{"embeddable":true,"href":"https:\/\/sites-recherche.univ-rennes2.fr\/cellam\/wp-json\/wp\/v2\/comments?post=134"}],"version-history":[{"count":24,"href":"https:\/\/sites-recherche.univ-rennes2.fr\/cellam\/wp-json\/wp\/v2\/pages\/134\/revisions"}],"predecessor-version":[{"id":1245,"href":"https:\/\/sites-recherche.univ-rennes2.fr\/cellam\/wp-json\/wp\/v2\/pages\/134\/revisions\/1245"}],"up":[{"embeddable":true,"href":"https:\/\/sites-recherche.univ-rennes2.fr\/cellam\/wp-json\/wp\/v2\/pages\/618"}],"wp:featuredmedia":[{"embeddable":true,"href":"https:\/\/sites-recherche.univ-rennes2.fr\/cellam\/wp-json\/wp\/v2\/media\/496"}],"wp:attachment":[{"href":"https:\/\/sites-recherche.univ-rennes2.fr\/cellam\/wp-json\/wp\/v2\/media?parent=134"}],"curies":[{"name":"wp","href":"https:\/\/api.w.org\/{rel}","templated":true}]}}

<p><img loading="lazy" decoding="async" class="alignnone wp-image-496" src="http://sites-recherche.univ-rennes2.fr/cellam/wp-content/uploads/2020/12/ADHOC-LOGO-BANNIERE-02-300x99.jpg" alt="" width="719" height="238" srcset="https://sites-recherche.univ-rennes2.fr/cellam/wp-content/uploads/2020/12/ADHOC-LOGO-BANNIERE-02-300x99.jpg 300w, https://sites-recherche.univ-rennes2.fr/cellam/wp-content/uploads/2020/12/ADHOC-LOGO-BANNIERE-02-1024x339.jpg 1024w, https://sites-recherche.univ-rennes2.fr/cellam/wp-content/uploads/2020/12/ADHOC-LOGO-BANNIERE-02-768x254.jpg 768w, https://sites-recherche.univ-rennes2.fr/cellam/wp-content/uploads/2020/12/ADHOC-LOGO-BANNIERE-02-1536x508.jpg 1536w, https://sites-recherche.univ-rennes2.fr/cellam/wp-content/uploads/2020/12/ADHOC-LOGO-BANNIERE-02-2048x677.jpg 2048w, https://sites-recherche.univ-rennes2.fr/cellam/wp-content/uploads/2020/12/ADHOC-LOGO-BANNIERE-02-920x304.jpg 920w" sizes="auto, (max-width: 719px) 100vw, 719px" /></p>
<h4><strong>Association des doctorant.e.s et jeunes chercheur.se.s du CELLAM</strong></h4>
<p>Fondée en 2011 par Chloé Tazartez, l’association Ad Hoc réunit essentiellement, mais pas exclusivement, les doctorant·e·s et les jeunes chercheuses et chercheurs en littérature française, étrangère et comparée rattachés au CELLAM (Centre d’études des langues et littératures anciennes et modernes de l’Université Rennes 2). Ad Hoc est en charge de l’organisation de manifestations diverses, ouvertes aux jeunes chercheurs : séances « La Voix d’un texte », journées d’études, cycle de formations, journées des doctorants ; ainsi que de la publication annuelle d’une revue éponyme en ligne. Notre bureau (B307) ouvre ses portes à toutes les personnes qui souhaitent partager leur expérience de doctorat, s’interrogent sur la thèse et l’après-thèse ou ont envie de monter des projets autour de la littérature.</p>
<p>&nbsp;</p>
<h2>Actualités d&rsquo;Ad Hoc</h2>
<h4>Journée d&rsquo;étude &#8211; <em>Subversion, une pensée de la répétition critique</em></h4>
<div class="page" title="Page 1">
<div class="layoutArea">
<div class="column">
<ul>
<li><strong>9 décembre 2020</strong></li>
<li><a href="http://sites-recherche.univ-rennes2.fr/cellam/articles/journee-detude-subversion-une-pensee-de-la-repetition-critique/">Détails et programme </a></li>
</ul>
<p><img loading="lazy" decoding="async" class="wp-image-498 alignnone" src="http://sites-recherche.univ-rennes2.fr/cellam/wp-content/uploads/2020/12/5BPastiche_de_l_27Enfer_de_Dante_5D__5B____5DWolinski_Georges_btv1b53182883b-be38c103-b2c0-4aed-b20b-7130a16ef7fa-300x200.jpeg" alt="" width="412" height="274" srcset="https://sites-recherche.univ-rennes2.fr/cellam/wp-content/uploads/2020/12/5BPastiche_de_l_27Enfer_de_Dante_5D__5B____5DWolinski_Georges_btv1b53182883b-be38c103-b2c0-4aed-b20b-7130a16ef7fa-300x200.jpeg 300w, https://sites-recherche.univ-rennes2.fr/cellam/wp-content/uploads/2020/12/5BPastiche_de_l_27Enfer_de_Dante_5D__5B____5DWolinski_Georges_btv1b53182883b-be38c103-b2c0-4aed-b20b-7130a16ef7fa-768x511.jpeg 768w, https://sites-recherche.univ-rennes2.fr/cellam/wp-content/uploads/2020/12/5BPastiche_de_l_27Enfer_de_Dante_5D__5B____5DWolinski_Georges_btv1b53182883b-be38c103-b2c0-4aed-b20b-7130a16ef7fa-920x613.jpeg 920w, https://sites-recherche.univ-rennes2.fr/cellam/wp-content/uploads/2020/12/5BPastiche_de_l_27Enfer_de_Dante_5D__5B____5DWolinski_Georges_btv1b53182883b-be38c103-b2c0-4aed-b20b-7130a16ef7fa.jpeg 1000w" sizes="auto, (max-width: 412px) 100vw, 412px" /><a href="http://sites-recherche.univ-rennes2.fr/cellam/articles/journee-detude-subversion-une-pensee-de-la-repetition-critique/"> </a></p>
</div>
</div>
</div>
<h4>JDD 2020</h4>
<ul>
<li><strong>18 novembre 2020</strong></li>
<li><a href="http://sites-recherche.univ-rennes2.fr/cellam/articles/journee-des-doctorant-es/">Programme de la journée </a></li>
</ul>
<p>&nbsp;</p>
<p><span style="color: #434a54; font-size: 1.125rem; font-style: italic;"><img loading="lazy" decoding="async" class="alignnone wp-image-705" src="http://sites-recherche.univ-rennes2.fr/cellam/wp-content/uploads/2020/10/Affiche-programme-JDD-reportee-au-18-nov-212x300.jpg" alt="" width="351" height="496" srcset="https://sites-recherche.univ-rennes2.fr/cellam/wp-content/uploads/2020/10/Affiche-programme-JDD-reportee-au-18-nov-212x300.jpg 212w, https://sites-recherche.univ-rennes2.fr/cellam/wp-content/uploads/2020/10/Affiche-programme-JDD-reportee-au-18-nov-724x1024.jpg 724w, https://sites-recherche.univ-rennes2.fr/cellam/wp-content/uploads/2020/10/Affiche-programme-JDD-reportee-au-18-nov-768x1086.jpg 768w, https://sites-recherche.univ-rennes2.fr/cellam/wp-content/uploads/2020/10/Affiche-programme-JDD-reportee-au-18-nov-1086x1536.jpg 1086w, https://sites-recherche.univ-rennes2.fr/cellam/wp-content/uploads/2020/10/Affiche-programme-JDD-reportee-au-18-nov-1448x2048.jpg 1448w, https://sites-recherche.univ-rennes2.fr/cellam/wp-content/uploads/2020/10/Affiche-programme-JDD-reportee-au-18-nov-848x1200.jpg 848w, https://sites-recherche.univ-rennes2.fr/cellam/wp-content/uploads/2020/10/Affiche-programme-JDD-reportee-au-18-nov.jpg 1742w" sizes="auto, (max-width: 351px) 100vw, 351px" /></span></p>
<p><span style="color: #434a54; font-size: 1.125rem; font-style: italic;">Séminaire doctoral « Le Fantôme » &#8211; Séance 4 </span><em style="color: #434a54; font-size: 1.125rem;">Au-delà du fantôme, la spectralité : formes et usages d&rsquo;un thème littéraire</em></p>
<ul>
<li><strong>17 janvier 2020</strong></li>
<li><a href="http://sites-recherche.univ-rennes2.fr/cellam/articles/au-dela-du-fantome-la-spectralite-formes-et-usages-dun-theme-litteraire/">Lire plus</a></li>
</ul>
<p><img loading="lazy" decoding="async" class="alignnone wp-image-572" src="http://sites-recherche.univ-rennes2.fr/cellam/wp-content/uploads/2020/12/AFFICHE_SDADHOC_17012020-768x1086-1-212x300.jpg" alt="" width="325" height="459" srcset="https://sites-recherche.univ-rennes2.fr/cellam/wp-content/uploads/2020/12/AFFICHE_SDADHOC_17012020-768x1086-1-212x300.jpg 212w, https://sites-recherche.univ-rennes2.fr/cellam/wp-content/uploads/2020/12/AFFICHE_SDADHOC_17012020-768x1086-1-724x1024.jpg 724w, https://sites-recherche.univ-rennes2.fr/cellam/wp-content/uploads/2020/12/AFFICHE_SDADHOC_17012020-768x1086-1.jpg 768w" sizes="auto, (max-width: 325px) 100vw, 325px" /></p>
<p>&nbsp;</p>

<p>Association des doctorant.e.s et jeunes chercheur.se.s du CELLAM Fondée en 2011 par Chloé Tazartez, l’association Ad Hoc réunit essentiellement, mais pas exclusivement, les doctorant·e·s&hellip;</p>
