{"id":538,"date":"2020-12-15T10:02:50","date_gmt":"2020-12-15T09:02:50","guid":{"rendered":"http:\/\/sites-recherche.univ-rennes2.fr\/cellam\/?page_id=538"},"modified":"2025-10-07T12:18:01","modified_gmt":"2025-10-07T10:18:01","slug":"sujets-de-memoire","status":"publish","type":"page","link":"https:\/\/sites-recherche.univ-rennes2.fr\/cellam\/master\/sujets-de-memoire\/","title":{"rendered":"SUJETS DE M\u00c9MOIRE"},"content":{"rendered":"<h2>M\u00e9moires M2 en cours 2020-2021, dans le cadre du Master LGC<\/h2>\n<p><strong>Fr\u00e9d\u00e9rique COHIGNAC<\/strong> : Du vide comme espace de diff\u00e9renciation dans trois r\u00e9cits auto-r\u00e9flexifs. <em>Monsieur Songe<\/em> de Robert Pinget, <em>Strat\u00e9gie pour deux jambons<\/em> de Raymond Cousse, <em>Essai sur le fou de champignon<\/em> de Peter Handke<\/p>\n<p><strong>Ma\u00eblle COSTE<\/strong> : Le m\u00e9lange des imaginaires au sein du r\u00e9alisme magique : <em>Beloved<\/em> de Toni Morrison et <em>Notre quelque part<\/em> de Nii Ayikwei Parkes<\/p>\n<p><strong>El-Habib DAINANE KAMBI<\/strong> : Transitivit\u00e9 entre exil et retour dans la litt\u00e9rature francophone : <em>Cahiers de retour au pays natal<\/em> d\u2019Aim\u00e9 Cesaire, <em>Americanah<\/em> de Chimamanda Ngozi Adichie, <em>L\u2019\u00e9nigme du retour<\/em> de Dany Laferri\u00e8re, <em>Le pays natal<\/em> de Le\u00efla Sebbar<\/p>\n<p><strong>H\u00e9l\u00e8ne DELABUIS<\/strong> : La figure du po\u00e8te, regards crois\u00e9s : Dante Alighieri, T.S. Eliot, Bob Dylan.<\/p>\n<p><strong>Ablaye DIOUF<\/strong> : La marchandisation de la litt\u00e9rature par le journalisme au XIXe si\u00e8cle dans le roman <em>Illusions perdues<\/em> de Balzac et <em>La Nouvelle Boh\u00e8me<\/em> de Gissing<\/p>\n<p><strong>Imane DJABALLAH<\/strong> : La qu\u00eate de soi et l\u2019utopie de l\u2019assimilation dans le roman de formation : une \u00e9tude comparatiste des romans d\u2019Azouz Begag, de Yasmina Khadra et de Saoud Alsanoussi<\/p>\n<p><strong>Sophie DUC-MARTIN<\/strong> : Regards sur la mort de masse. Fiction et non-fiction pour rendre compte de la Grande Guerre en litt\u00e9rature (C\u00e9line, Roth, Genevoix, J\u00fcnger)<\/p>\n<p><strong>Arthur GODARD<\/strong> : \u00c9crire l\u2019homosexualit\u00e9 au tournant du XXe si\u00e8cle : les tensions entre r\u00e9cit romanesque et \u00ab homograph\u00e8se \u00bb dans <em>Les Ambassadeurs<\/em> d\u2019Henry James, <em>Les D\u00e9sarrois<\/em> de l\u2019\u00e9l\u00e8ve T\u00f6rless de Robert Musil et <em>\u00c0\u00a0la recherche du temps perdu<\/em> de Marcel Proust.<\/p>\n<p><strong>Juliette GRISON<\/strong> : Les r\u00e9f\u00e9rences et influences litt\u00e9raires de la litt\u00e9rature dans le cin\u00e9ma queer actuel<\/p>\n<p><strong>Marie-Marine GUERIN<\/strong> :\u00a0Les arts visuels au sein de la litt\u00e9rature jeunesse. Comment m\u00ealer une \u0153uvre dans l\u2019\u0153uvre afin de cr\u00e9er un moyen novateur d\u2019appr\u00e9hension de la culture artistique ?<\/p>\n<p><strong>Sarah GUYOT<\/strong> : La notion de monstruosit\u00e9 chez le vampire, dans la litt\u00e9rature du XIXe et XXe si\u00e8cle. Les \u0153uvres de mon corpus sont <em>Dracula<\/em> de Bram Stoker,\u00a0<em>Carmilla<\/em>\u00a0de Sheridan Le Fanu, <em>Lost Souls<\/em> de Poppy Z. Brite et\u00a0<em>Interview with the Vampire<\/em> d\u2019Anne Rice<\/p>\n<p><strong>Clara HERY<\/strong> : Le roman policier comme genre privil\u00e9gi\u00e9 pour une \u00e9criture sous h\u00e9t\u00e9ronyme ? \u00c9tude des r\u00e9cits policiers de Honorio Bustos Domecq \u2013 alias Adolfo Bioy Casares et Jorge Luis Borges \u2013, Vernon Sullivan \u2013 Boris Vian \u2013, Fernando Pessoa et son h\u00e9t\u00e9ronyme Horace James Faber<\/p>\n<p><strong>Justine KERDILES<\/strong> :\u00a0 \u00c9crire le queer : r\u00e9flexion sur l\u2019autofiction comme principe de d\u00e9construction identitaire dans les \u0153uvres de Jean Genet (<em>Journal du voleur<\/em>, <em>Notre-Dame-des-Fleurs<\/em>) et de William Burroughs (<em>Queer<\/em>, <em>Naked Lunch<\/em>)<\/p>\n<p><strong>Thibaut LE CAM<\/strong> : Variations sur l\u2019Orestie comme m\u00e9ditations th\u00e9ologico-politique et physico-cosmique. <em>Hamlet<\/em> de Shakespeare et <em>Pylade<\/em> de Pasolini<\/p>\n<p><strong>Emma LE DOUARON<\/strong>\u00a0 : La qu\u00eate du Sublime en Art et en Litt\u00e9rature : Le Parnasse contemporain, recueil de vers nouveaux et le Pr\u00e9rapha\u00e9lisme<\/p>\n<p><strong>Meagan LE NAVENEC<\/strong> : La r\u00e9\u00e9criture de la l\u00e9gende arthurienne au dix-neuvi\u00e8me si\u00e8cle (<em>Idylls of the King<\/em> de A.Tennyson, <em>The Tale of Balen<\/em> et <em>Tristram of Lyonesse<\/em> de A.Swinburne, <em>Merlin, l\u2019enchanteur<\/em> de E.Quinet)<\/p>\n<p><strong>L\u00e9a LECLERC<\/strong> : Pouvoir religieux et pouvoir politique dans la litt\u00e9rature de fantasy :<em> Le Tr\u00f4ne de Fer<\/em> de G.R.R. Martin, <em>Les Dames du Lac<\/em> de Marion Zimmer Bradley, <em>Les Dieux Sauvages<\/em> de Lionel Davoust.<\/p>\n<p><strong>Marie MASSELOT<\/strong> :\u00a0Perceptions genr\u00e9es, repr\u00e9sentations des corps et sexualit\u00e9 : vers un potentiel subversif des Real Person Slash ?<\/p>\n<p><strong>Manon MIGLIACCIO<\/strong> : Esth\u00e9tique et dimension sociologique de la critique d\u2019art du XIXe si\u00e8cle\u00a0: Charles Baudelaire, John Ruskin, Giovanni Battista Cavalcaselle<\/p>\n<p><strong>Florence MEHNERT<\/strong> : Le personnage du \u00ab self-made man \u00bb dans le roman r\u00e9aliste europ\u00e9en du XIXe si\u00e8cle. Une ambition individuelle port\u00e9e par un espoir collectif de mobilit\u00e9s sociales. <em>La Peau de chagrin<\/em>, Honor\u00e9 de Balzac; <em>Martin \u00c9den<\/em>, Jack London; <em>Mastro don Gesualdo<\/em>, Giovanni Verga<\/p>\n<p><strong>Sophie MOURGEON<\/strong> : Vers une esth\u00e9tique de la violence : \u00e9tude compar\u00e9e entre le recueil de nouvelles <em>Altmann\u2019s Tongue<\/em> de Brian Evenson (1998) et le roman de Pavel Hak <em>Sniper\/Trans<\/em> (2000)<\/p>\n<p><strong>Julie PASSEBON<\/strong> : Le roman d\u2019apprentissage au f\u00e9minin : la recherche d\u2019une identit\u00e9 en soi dans <em>La Vagabonde<\/em> de Colette, <em>L\u2019Art de la joie<\/em> de Goliarda Sapienza et <em>La Cloche de d\u00e9tresse<\/em> de Sylvia Plath<\/p>\n<p><strong>Jade PETRAULT<\/strong> : Les supports m\u00e9diatiques de publication d\u2019\u0153uvres feuilletonnantes et les ph\u00e9nom\u00e8nes d\u2019interaction sociale entre les lecteurs et l\u2019auteur. Corpus d\u2019\u0153uvres publi\u00e9es sous la forme d\u2019\u00e9pisodes dans la presse du XIXe\u00a0si\u00e8cle et du d\u00e9but du XXe\u00a0d\u2019une part (<em>Les Myst\u00e8res de Paris<\/em> d\u2019Eug\u00e8ne Sue et <em>The Return of Sherlock Holmes<\/em> d\u2019Arthur Conan Doyle) et d\u2019autre part, des \u0153uvres publi\u00e9es sur les r\u00e9seaux sociaux (<em>Todo est\u00e1 bien<\/em> de Manuel Bartual, <em>\u00c9t\u00e9<\/em> de Thomas Cad\u00e8ne, Camille Duvelleroy, Joseph Safieddine et Erwann Surcouf, <em>3eme Droite<\/em> de Fran\u00e7ois Descraques et <em>Nouvelles de la Colonie<\/em> d\u2019Alexandra Saemmer).<\/p>\n<p><strong>Anthony PLANCHON<\/strong> : Po\u00e9tique de la terre bless\u00e9e. R\u00e9manences d\u2019une d\u00e9cennie heureuse de la litt\u00e9rature fran\u00e7aise (1662-1673) chez Dosto\u00efevski ; avec <em>L\u2019Idiot<\/em> de Dosto\u00efevski, les <em>Pens\u00e9es<\/em> de Pascal, des oraisons et sermons de Bossuet et Bourdaloue, quelques pi\u00e8ces de Moli\u00e8re<\/p>\n<p><strong>Romane PROUFF<\/strong> : La m\u00e9tamorphose asinienne dans la litt\u00e9rature europ\u00e9enne, sur base du corpus suivant : <em>L\u2019\u00c2ne d\u2019or<\/em> (Apul\u00e9e), <em>Peau d\u2019\u00c2ne<\/em> (Charles Perrault), <em>Les Aventures de Pinocchio<\/em> (Carlo Collodi), <em>Midas<\/em> (Mary Shelley)<\/p>\n<p><strong>Killian ROQUET<\/strong> : Le Joker : une mythologie moderne du Mal ? \u00c9tude du personnage dans ses diff\u00e9rentes adaptations contemporaines (Comics, jeux vid\u00e9os, film)<\/p>\n<p><strong>Rebecca ROUGE<\/strong> : Dire les violences sociales dans le roman contemporain. \u00c9tude de l\u2019engagement litt\u00e9raire d\u2019Annie Ernaux et de Toni Morrison<\/p>\n<p><strong>Charlotte TETREL<\/strong> : La m\u00e9decine dans la litt\u00e9rature (titre provisoire) dans l\u2019\u0153uvre d\u2019Emile Zola, <em>Le Docteur Pascal<\/em>, A.J Cronin, <em>La Citadelle<\/em>, Anton Tchekhov, <em>La Salle n\u00b06<\/em> et Mikha\u00efl Boulgakov, <em>R\u00e9cits d\u2019un jeune m\u00e9decin<\/em><\/p>\n<p><strong>Laurine THEBERT<\/strong> : La femme chez Madame de Sta\u00ebl et Jane Austen : repr\u00e9sentation et transgression du personnage f\u00e9minin<\/p>\n<p><strong>Jules SAUTEJEAU<\/strong> : \u00ab\u00a0L\u2019Heure des saints\u00a0\u00bb. Modernit\u00e9 et tradition de l\u2019\u00e9criture hagiographique chez des \u00e9crivains catholiques et antimodernes (J.-K. Huysmans, G. Bernanos, G. Papini et G. K. Chesterton).<\/p>\n<p><strong>Lena SIMON<\/strong> : L\u2019influence de Tristram Shandy de Laurence Sterne sur l\u2019\u0153uvre de Natsume S\u00f4seki Wagahai wa Neko de Aru et son impact sur la modernisation de la litt\u00e9rature japonaise.<\/p>\n<p>&nbsp;<\/p>\n<hr \/>\n<h2>Quelques m\u00e9moires soutenus, publi\u00e9s en ligne<\/h2>\n<p><strong>R\u00e9mi Deschamps<\/strong> : R\u00e9ceptions et interpr\u00e9tations de l\u2019\u0153uvre de Lovecraft \u00e0 travers ses adaptations<\/p>\n<p>&gt;&gt; <a href=\"https:\/\/f-origin.hypotheses.org\/wp-content\/blogs.dir\/6807\/files\/2020\/09\/M%C3%A9moire_Reception_et_interpretations_de_l%C5%93uvre_de_Lovecraft_%C3%A0_travers_ses_adaptations_R%C3%A9mi_Deschamps_M2_2020.pdf\" target=\"_blank\" rel=\"noopener noreferrer\">M\u00e9moire en ligne<\/a><\/p>\n<p><strong>S\u00e9phora Dessite<\/strong> : Langage po\u00e9tique &amp; identit\u00e9 cr\u00e9atrice \u00e0 l\u2019\u00e9poque moderne : une n\u00e9cessit\u00e9 int\u00e9rieure chez Rilke et Tsveta\u00efeva<\/p>\n<p>&gt;&gt; <a href=\"https:\/\/f-origin.hypotheses.org\/wp-content\/blogs.dir\/6807\/files\/2020\/09\/M%C3%A9moire-LGC-S%C3%A9phora-Dessite.pdf\" target=\"_blank\" rel=\"noopener noreferrer\">M\u00e9moire en ligne<\/a><\/p>\n<p><strong>Oriane Guiziou-Lamour<\/strong> : La blessure : une fatalit\u00e9 du libertinage ? Une \u00e9tude du roman libertin \u2013 Cr\u00e9billon fils, Boyer d\u2019Argens, Nerciat et Sade<\/p>\n<p>&gt;&gt; <a href=\"https:\/\/f-origin.hypotheses.org\/wp-content\/blogs.dir\/6807\/files\/2020\/08\/La-blessure-essence-du-libertinage-Oriane-Guiziou-Lamour-version-PDF-du-m%C3%A9moire.pdf\" target=\"_blank\" rel=\"noopener noreferrer\">M\u00e9moire en ligne<\/a><\/p>\n<p><strong>Marie Kergoat<\/strong> : De la contrainte merveilleuse : po\u00e9tique et d\u00e9terminisme dans la fantasy contemporaine \u00bb (The Lord of The Rings, J.R.R. Tolkien, A Song of Ice and Fire, G.R.R. Martin)<\/p>\n<p>&gt;&gt; <a href=\"https:\/\/f-origin.hypotheses.org\/wp-content\/blogs.dir\/6807\/files\/2020\/09\/De-la-contrainte-merveilleuse-Marie-KERGOAT.pdf\" target=\"_blank\" rel=\"noopener noreferrer\">M\u00e9moire en ligne<\/a><\/p>\n<p><strong>Ga\u00eblle Brien<\/strong> :\u00a0Les cycles inachev\u00e9s au sein de la fantasy : Robert Jordan et Pierre Bottero<\/p>\n<p>&gt;&gt;<a href=\"https:\/\/f-origin.hypotheses.org\/wp-content\/blogs.dir\/6807\/files\/2019\/12\/Les-Cycles-Inachev%C3%A9s-au-sein-de-la-Fantasy.pdf\" target=\"_blank\" rel=\"noopener noreferrer\"> M\u00e9moire en ligne<\/a><\/p>\n<p><strong>Maela Le Gentil<\/strong> : La saga audio : \u00e9tude d\u2019un cas singulier de cr\u00e9ation et de r\u00e9ception d\u2019une \u0153uvre hybride contemporaine. Reflets d\u2019Acide, par JBX<\/p>\n<p>&gt;&gt; <a href=\"https:\/\/f-origin.hypotheses.org\/wp-content\/blogs.dir\/6807\/files\/2019\/12\/M%C3%A9moireLeGentilMaela.pdf\" target=\"_blank\" rel=\"noopener noreferrer\">M\u00e9moire en ligne<\/a><\/p>\n<p><strong>Jean Legrand<\/strong> \u00a0: Les lieux de la voix dans la litt\u00e9rature narrative contemporaine : expression, m\u00e9diation et synth\u00e8se<\/p>\n<p>&gt;&gt; \u00a0<a href=\"https:\/\/f-origin.hypotheses.org\/wp-content\/blogs.dir\/6807\/files\/2019\/12\/J.Legrand_Rech.-1.pdf\" target=\"_blank\" rel=\"noopener noreferrer\">M\u00e9moire en ligne<\/a><\/p>\n<p><strong>Jeanne Miscopein<\/strong> :\u00a0Les R\u00e9surgences de l\u2019amour courtois dans la litt\u00e9rature romantique :\u00a0<em>Les Souffrances du jeune Werther<\/em> de Johan Wolfgang von Goethe,\u00a0<em>Po\u00e8mes et romances<\/em>\u00a0de John Keats et <em>Rapha\u00ebl<\/em>\u00a0d\u2019Alphonse de Lamartine<\/p>\n<p>&gt;&gt; <a href=\"https:\/\/f-origin.hypotheses.org\/wp-content\/blogs.dir\/6807\/files\/2019\/12\/M%C3%A9moire-final-PDF.pdf\" target=\"_blank\" rel=\"noopener noreferrer\">M\u00e9moire en ligne<\/a><\/p>\n<p><strong>Maxence Naud<\/strong> : Usages de l\u2019ordinaire dans la fiction et le documentaire contemporains<\/p>\n<p>&gt;&gt; <a href=\"https:\/\/f-origin.hypotheses.org\/wp-content\/blogs.dir\/6807\/files\/2019\/12\/Version-finale-m%C3%A9moire-2.pdf\" target=\"_blank\" rel=\"noopener noreferrer\">M\u00e9moire en ligne<\/a><\/p>\n<p><strong>Charlotte P\u00e9an<\/strong> : L\u2019influence de Freud sur la conception du personnage au d\u00e9but du XXe si\u00e8cle : personnage et psychanalyse<\/p>\n<p>&gt;&gt; <a href=\"https:\/\/f-origin.hypotheses.org\/wp-content\/blogs.dir\/6807\/files\/2020\/01\/M%C3%A9moire-Charlotte.pdf\" target=\"_blank\" rel=\"noopener noreferrer\">M\u00e9moire en ligne<\/a><\/p>\n<p><strong>Juliette Thomas<\/strong> :\u00a0La po\u00e9sie et le \u00ab monde parole \u00bb chez Kei Miller et Monchoachi<\/p>\n<p>&gt;&gt; <a href=\"https:\/\/f-origin.hypotheses.org\/wp-content\/blogs.dir\/6807\/files\/2020\/09\/Juliette-Thomas-Me%C2%B4moire-de-recherche-.pdf\" target=\"_blank\" rel=\"noopener noreferrer\">M\u00e9moire en ligne<\/a><\/p>\n<p>&nbsp;<\/p>\n","protected":false},"excerpt":{"rendered":"<p>M\u00e9moires M2 en cours 2020-2021, dans le cadre du Master LGC Fr\u00e9d\u00e9rique COHIGNAC : Du vide comme espace de diff\u00e9renciation dans trois r\u00e9cits auto-r\u00e9flexifs.&hellip;<\/p>\n","protected":false},"author":6,"featured_media":0,"parent":126,"menu_order":0,"comment_status":"closed","ping_status":"closed","template":"","meta":{"_acf_changed":false,"footnotes":""},"class_list":["post-538","page","type-page","status-publish","hentry"],"acf":[],"_links":{"self":[{"href":"https:\/\/sites-recherche.univ-rennes2.fr\/cellam\/wp-json\/wp\/v2\/pages\/538","targetHints":{"allow":["GET"]}}],"collection":[{"href":"https:\/\/sites-recherche.univ-rennes2.fr\/cellam\/wp-json\/wp\/v2\/pages"}],"about":[{"href":"https:\/\/sites-recherche.univ-rennes2.fr\/cellam\/wp-json\/wp\/v2\/types\/page"}],"author":[{"embeddable":true,"href":"https:\/\/sites-recherche.univ-rennes2.fr\/cellam\/wp-json\/wp\/v2\/users\/6"}],"replies":[{"embeddable":true,"href":"https:\/\/sites-recherche.univ-rennes2.fr\/cellam\/wp-json\/wp\/v2\/comments?post=538"}],"version-history":[{"count":9,"href":"https:\/\/sites-recherche.univ-rennes2.fr\/cellam\/wp-json\/wp\/v2\/pages\/538\/revisions"}],"predecessor-version":[{"id":4952,"href":"https:\/\/sites-recherche.univ-rennes2.fr\/cellam\/wp-json\/wp\/v2\/pages\/538\/revisions\/4952"}],"up":[{"embeddable":true,"href":"https:\/\/sites-recherche.univ-rennes2.fr\/cellam\/wp-json\/wp\/v2\/pages\/126"}],"wp:attachment":[{"href":"https:\/\/sites-recherche.univ-rennes2.fr\/cellam\/wp-json\/wp\/v2\/media?parent=538"}],"curies":[{"name":"wp","href":"https:\/\/api.w.org\/{rel}","templated":true}]}}