{"id":1009,"date":"2021-01-11T16:11:23","date_gmt":"2021-01-11T15:11:23","guid":{"rendered":"http:\/\/sites-recherche.univ-rennes2.fr\/cellam\/?post_type=tribe_events&#038;p=1009"},"modified":"2021-01-19T18:26:46","modified_gmt":"2021-01-19T17:26:46","slug":"seminaire-realites-litteraires-2","status":"publish","type":"tribe_events","link":"https:\/\/sites-recherche.univ-rennes2.fr\/cellam\/evenement\/seminaire-realites-litteraires-2\/","title":{"rendered":"S\u00e9minaire R\u00e9alit\u00e9s litt\u00e9raires #2"},"content":{"rendered":"<h4><strong>S\u00e9minaire \u00ab\u00a0R\u00e9alit\u00e9s litt\u00e9raires\u00a0\u00bb, le 21 janvier \u00e0 14h00<\/strong><\/h4>\n<ul>\n<li><span style=\"font-size: 1rem;\"><strong>Genevi\u00e8ve Lobo\u00a0<\/strong>pr\u00e9sentera ses travaux de th\u00e8se autour du \u00ab\u00a0<em>Cheval dans le roman western : du r\u00e9el animal au post humanisme\u00a0\u00bb<\/em><\/span><\/li>\n<\/ul>\n<p><a href=\"http:\/\/sites-recherche.univ-rennes2.fr\/cellam\/wp-content\/uploads\/2021\/01\/presentation-these-Genevieve-Lobo-seminaire-doctoral.pdf\" target=\"_blank\" rel=\"noopener\"><span style=\"font-size: 1rem;\">Lisez la pr\u00e9sentation de la conf\u00e9rence\u00a0<\/span><\/a><\/p>\n<div>La prochaine s\u00e9ance du s\u00e9minaire doctoral \u00ab\u00a0R\u00e9alit\u00e9s litt\u00e9raires\u00a0\u00bb organis\u00e9 par le CELLAM et par ACE a lieu ce jeudi 21 janvier. Pour rappel, le but de ce s\u00e9minaire est de permettre d&rsquo;inviter des chercheurs et chercheuses (en litt\u00e9rature au sens large, compar\u00e9e, anglophone, am\u00e9ricaniste notamment) mais aussi des autrices et auteurs, et de cr\u00e9er un espace pour que les doctorants et doctorantes puissent pr\u00e9senter leurs travaux et porter des projets.<\/div>\n<div><\/div>\n<p>Pour obtenir les identifiants de connexion, contactez les organisatrices :<\/p>\n<ul>\n<li><strong>Ga\u00eblle Debeaux<\/strong>\u00a0:\u00a0<a href=\"mailto:gaelle.debeaux@univ-rennes2.fr\">gaelle.debeaux@univ-rennes2.fr<\/a><\/li>\n<li><strong>Charline Pluvinet<\/strong> : <a href=\"mailto:charline.pluvinet@univ-rennes2.fr\">charline.pluvinet@univ-rennes2.fr<\/a><\/li>\n<\/ul>\n<p>&nbsp;<\/p>\n","protected":false},"excerpt":{"rendered":"<p>S\u00e9minaire \u00ab\u00a0R\u00e9alit\u00e9s litt\u00e9raires\u00a0\u00bb, le 21 janvier \u00e0 14h00 Genevi\u00e8ve Lobo\u00a0pr\u00e9sentera ses travaux de th\u00e8se autour du \u00ab\u00a0Cheval dans le roman western : du r\u00e9el&hellip;<\/p>\n","protected":false},"author":6,"featured_media":1010,"template":"","meta":{"_acf_changed":false,"_tribe_events_status":"","_tribe_events_status_reason":"","footnotes":""},"tribe_events_cat":[],"class_list":["post-1009","tribe_events","type-tribe_events","status-publish","has-post-thumbnail","hentry"],"acf":[],"_links":{"self":[{"href":"https:\/\/sites-recherche.univ-rennes2.fr\/cellam\/wp-json\/wp\/v2\/tribe_events\/1009","targetHints":{"allow":["GET"]}}],"collection":[{"href":"https:\/\/sites-recherche.univ-rennes2.fr\/cellam\/wp-json\/wp\/v2\/tribe_events"}],"about":[{"href":"https:\/\/sites-recherche.univ-rennes2.fr\/cellam\/wp-json\/wp\/v2\/types\/tribe_events"}],"author":[{"embeddable":true,"href":"https:\/\/sites-recherche.univ-rennes2.fr\/cellam\/wp-json\/wp\/v2\/users\/6"}],"version-history":[{"count":3,"href":"https:\/\/sites-recherche.univ-rennes2.fr\/cellam\/wp-json\/wp\/v2\/tribe_events\/1009\/revisions"}],"predecessor-version":[{"id":1110,"href":"https:\/\/sites-recherche.univ-rennes2.fr\/cellam\/wp-json\/wp\/v2\/tribe_events\/1009\/revisions\/1110"}],"wp:featuredmedia":[{"embeddable":true,"href":"https:\/\/sites-recherche.univ-rennes2.fr\/cellam\/wp-json\/wp\/v2\/media\/1010"}],"wp:attachment":[{"href":"https:\/\/sites-recherche.univ-rennes2.fr\/cellam\/wp-json\/wp\/v2\/media?parent=1009"}],"wp:term":[{"taxonomy":"tribe_events_cat","embeddable":true,"href":"https:\/\/sites-recherche.univ-rennes2.fr\/cellam\/wp-json\/wp\/v2\/tribe_events_cat?post=1009"}],"curies":[{"name":"wp","href":"https:\/\/api.w.org\/{rel}","templated":true}]}}

Séminaire Réalités littéraires #2

<h4><strong>Séminaire « Réalités littéraires », le 21 janvier à 14h00</strong></h4>
<ul>
<li><span style="font-size: 1rem;"><strong>Geneviève Lobo </strong>présentera ses travaux de thèse autour du « <em>Cheval dans le roman western : du réel animal au post humanisme »</em></span></li>
</ul>
<p><a href="http://sites-recherche.univ-rennes2.fr/cellam/wp-content/uploads/2021/01/presentation-these-Genevieve-Lobo-seminaire-doctoral.pdf" target="_blank" rel="noopener"><span style="font-size: 1rem;">Lisez la présentation de la conférence </span></a></p>
<div>La prochaine séance du séminaire doctoral « Réalités littéraires » organisé par le CELLAM et par ACE a lieu ce jeudi 21 janvier. Pour rappel, le but de ce séminaire est de permettre d&rsquo;inviter des chercheurs et chercheuses (en littérature au sens large, comparée, anglophone, américaniste notamment) mais aussi des autrices et auteurs, et de créer un espace pour que les doctorants et doctorantes puissent présenter leurs travaux et porter des projets.</div>
<div></div>
<p>Pour obtenir les identifiants de connexion, contactez les organisatrices :</p>
<ul>
<li><strong>Gaëlle Debeaux</strong> : <a href="mailto:gaelle.debeaux@univ-rennes2.fr">gaelle.debeaux@univ-rennes2.fr</a></li>
<li><strong>Charline Pluvinet</strong> : <a href="mailto:charline.pluvinet@univ-rennes2.fr">charline.pluvinet@univ-rennes2.fr</a></li>
</ul>
<p>&nbsp;</p>

<p>Séminaire « Réalités littéraires », le 21 janvier à 14h00 Geneviève Lobo présentera ses travaux de thèse autour du « Cheval dans le roman western : du réel&hellip;</p>
