{"id":1019,"date":"2021-01-11T16:36:06","date_gmt":"2021-01-11T15:36:06","guid":{"rendered":"http:\/\/sites-recherche.univ-rennes2.fr\/cellam\/?post_type=tribe_events&#038;p=1019"},"modified":"2021-01-28T16:07:29","modified_gmt":"2021-01-28T15:07:29","slug":"rencontres-autour-des-classiques","status":"publish","type":"tribe_events","link":"https:\/\/sites-recherche.univ-rennes2.fr\/cellam\/evenement\/rencontres-autour-des-classiques\/","title":{"rendered":"Rencontres autour des classiques"},"content":{"rendered":"<p><strong>Le jeudi 4 f\u00e9vrier<\/strong> de <strong>16h \u00e0 17h<\/strong>, dans le cadre des \u00ab\u00a0Rencontres autour des classiques\u00a0\u00bb, <strong>Alessandro Garcea<\/strong>, Professeur de langue et litt\u00e9rature latines \u00e0 l\u2019Universit\u00e9 Paris Sorbonne, fera une conf\u00e9rence intitul\u00e9e \u00ab\u00a0C\u00e9sar, les lettres et la raison\u00a0\u00bb.\u00a0Il pr\u00e9sentera l\u2019\u00e9dition bilingue des oeuvres compl\u00e8tes de C\u00e9sar qu\u2019il a \u00e9tablie en 2020 aux \u00e9ditions Robert Laffont.<\/p>\n<ul>\n<li>Cette conf\u00e9rence aura lieu en ligne, sur la plateforme Via. Pour les inscriptions, contactez Sophie Van der Meeren : <a href=\"mailto:sophie.vander-meeren@univ-rennes2.fr\">sophie.vander-meeren@univ-rennes2.fr<\/a><\/li>\n<\/ul>\n<p>&nbsp;<\/p>\n","protected":false},"excerpt":{"rendered":"<p>Le jeudi 4 f\u00e9vrier de 16h \u00e0 17h, dans le cadre des \u00ab\u00a0Rencontres autour des classiques\u00a0\u00bb, Alessandro Garcea, Professeur de langue et litt\u00e9rature latines&hellip;<\/p>\n","protected":false},"author":6,"featured_media":1020,"template":"","meta":{"_acf_changed":false,"_tribe_events_status":"","_tribe_events_status_reason":"","footnotes":""},"tribe_events_cat":[],"class_list":["post-1019","tribe_events","type-tribe_events","status-publish","has-post-thumbnail","hentry"],"acf":[],"_links":{"self":[{"href":"https:\/\/sites-recherche.univ-rennes2.fr\/cellam\/wp-json\/wp\/v2\/tribe_events\/1019","targetHints":{"allow":["GET"]}}],"collection":[{"href":"https:\/\/sites-recherche.univ-rennes2.fr\/cellam\/wp-json\/wp\/v2\/tribe_events"}],"about":[{"href":"https:\/\/sites-recherche.univ-rennes2.fr\/cellam\/wp-json\/wp\/v2\/types\/tribe_events"}],"author":[{"embeddable":true,"href":"https:\/\/sites-recherche.univ-rennes2.fr\/cellam\/wp-json\/wp\/v2\/users\/6"}],"version-history":[{"count":3,"href":"https:\/\/sites-recherche.univ-rennes2.fr\/cellam\/wp-json\/wp\/v2\/tribe_events\/1019\/revisions"}],"predecessor-version":[{"id":1124,"href":"https:\/\/sites-recherche.univ-rennes2.fr\/cellam\/wp-json\/wp\/v2\/tribe_events\/1019\/revisions\/1124"}],"wp:featuredmedia":[{"embeddable":true,"href":"https:\/\/sites-recherche.univ-rennes2.fr\/cellam\/wp-json\/wp\/v2\/media\/1020"}],"wp:attachment":[{"href":"https:\/\/sites-recherche.univ-rennes2.fr\/cellam\/wp-json\/wp\/v2\/media?parent=1019"}],"wp:term":[{"taxonomy":"tribe_events_cat","embeddable":true,"href":"https:\/\/sites-recherche.univ-rennes2.fr\/cellam\/wp-json\/wp\/v2\/tribe_events_cat?post=1019"}],"curies":[{"name":"wp","href":"https:\/\/api.w.org\/{rel}","templated":true}]}}

<p><strong>Le jeudi 4 février</strong> de <strong>16h à 17h</strong>, dans le cadre des « Rencontres autour des classiques », <strong>Alessandro Garcea</strong>, Professeur de langue et littérature latines à l’Université Paris Sorbonne, fera une conférence intitulée « César, les lettres et la raison ». Il présentera l’édition bilingue des oeuvres complètes de César qu’il a établie en 2020 aux éditions Robert Laffont.</p>
<ul>
<li>Cette conférence aura lieu en ligne, sur la plateforme Via. Pour les inscriptions, contactez Sophie Van der Meeren : <a href="mailto:sophie.vander-meeren@univ-rennes2.fr">sophie.vander-meeren@univ-rennes2.fr</a></li>
</ul>
<p>&nbsp;</p>

<p>Le jeudi 4 février de 16h à 17h, dans le cadre des « Rencontres autour des classiques », Alessandro Garcea, Professeur de langue et littérature latines&hellip;</p>
