{"id":2003,"date":"2021-06-08T13:15:53","date_gmt":"2021-06-08T11:15:53","guid":{"rendered":"https:\/\/sites-recherche.univ-rennes2.fr\/cellam\/?post_type=tribe_events&#038;p=2003"},"modified":"2021-11-21T09:05:01","modified_gmt":"2021-11-21T08:05:01","slug":"prosper-merimee","status":"publish","type":"tribe_events","link":"https:\/\/sites-recherche.univ-rennes2.fr\/cellam\/evenement\/prosper-merimee\/","title":{"rendered":"Colloque: Prosper M\u00e9rim\u00e9e"},"content":{"rendered":"<p>MERCREDI 9 JUIN 2021 MATIN\u00c9E<\/p>\n<p>Pr\u00e9sidence\u00a0: Fran\u00e7oise Berc\u00e9 (Direction du Patrimoine)<\/p>\n<p>9 h 30 Introduction<\/p>\n<p>9 h 45<\/p>\n<p>Francis Marcoin (Universit\u00e9 d\u2019Arras)<\/p>\n<p>\u00ab\u00a0M\u00e9rim\u00e9e, de l&rsquo;\u00e9cole primaire \u00e0 l&rsquo;universit\u00e9\u00a0\u00bb<\/p>\n<p>10 h 30<\/p>\n<p>Alice Thomine-Berrada (\u00c9cole des beaux-arts)<\/p>\n<p>\u00ab\u00a0D\u2019une g\u00e9n\u00e9ration \u00e0 l\u2019autre : L\u00e9onor et Prosper M\u00e9rim\u00e9e \u00e0 l\u2019\u00c9cole des beaux-arts\u00a0\u00bb<\/p>\n<p>11 h 15<\/p>\n<p>Xavier Bourdenet (Universit\u00e9 Rennes 2, CELLAM \u2013 EA 3206)<em>\u00a0\u00a0\u00a0\u00a0\u00a0 <\/em><\/p>\n<p>\u00ab\u00a0<em>La Guzla <\/em>ou la communaut\u00e9 d\u00e9faite\u00a0\u00bb<\/p>\n<p>&nbsp;<\/p>\n<p>&nbsp;<\/p>\n<p>MERCREDI 9 JUIN 2021 APR\u00c8S-MIDI<\/p>\n<p>Pr\u00e9sidence\u00a0: Fran\u00e7ois G\u00e9al (Universit\u00e9 Lumi\u00e8re \u2013 Lyon 2)<\/p>\n<p>14 h<\/p>\n<p>Christine Pouzoulet (Universit\u00e9 Montpellier 3)<\/p>\n<p>\u00ab\u00a0Fauriel, M\u00e9rim\u00e9e et l&rsquo;amour de la po\u00e9sie populaire : des enjeux id\u00e9ologiques et esth\u00e9tiques diff\u00e9rents\u00a0\u00bb<\/p>\n<p>14 h 45<\/p>\n<p>Esther Pinon (Universit\u00e9 Rennes 2)<\/p>\n<p>\u00ab\u00a0Une \u00ab\u00a0foi de chien\u00a0\u00bb ? R\u00e9versibilit\u00e9 de la <em>fides<\/em> dans<em> La Guzla<\/em>\u00a0\u00bb<\/p>\n<p>15 h 30<\/p>\n<p>Anne Geisler-Szmulewicz\u00a0 (Universit\u00e9 \u00c9vry-Val d\u2019Essonne)<\/p>\n<p>\u00ab\u00a0<em>La Guzla<\/em> de M\u00e9rim\u00e9e (1827), une \u00ab\u00a0vieillerie\u00a0\u00bb romantique\u00a0?\u00a0\u00bb<\/p>\n<p>16 h 15<\/p>\n<p>Alexandre Bonafos (University of North Carolina)<\/p>\n<p>\u00ab\u00a0La visite du monument chez M\u00e9rim\u00e9e\u00a0: parcours, enqu\u00eate et description dans les <em>Notes de Voyages<\/em>\u00a0\u00bb<\/p>\n<p>&nbsp;<\/p>\n<p>&nbsp;<\/p>\n<p>JEUDI 10 JUIN 2021 MATIN\u00c9E<\/p>\n<p>Pr\u00e9sidence\u00a0: Daniel-Henri Pageaux (Universit\u00e9 Paris 3 \u2013 Sorbonne nouvelle)<\/p>\n<p>9 h 30<\/p>\n<p>Gilbert Schrenck (Universit\u00e9 de Strasbourg)<\/p>\n<p>\u00ab\u00a0Le r\u00e9seau \u00e9rudit de M\u00e9rim\u00e9e \u00e9diteur d\u2019Agrippa d\u2019Aubign\u00e9 et de Pierre de Brant\u00f4me\u00a0\u00bb<\/p>\n<p>10 h 15<\/p>\n<p>Antonia Fonyi (CNRS\/ITEM)<\/p>\n<p>\u00ab\u00a0Prosper M\u00e9rim\u00e9e anarchiste et conservateur\u00a0\u00bb<\/p>\n<p>11 h<\/p>\n<p>Claude Millet (Universit\u00e9 Paris 7)<\/p>\n<p>\u00ab\u00a0<em>Carmen <\/em>ou l&rsquo;h\u00e9sitation\u00a0\u00bb<\/p>\n<p>11 h 45<\/p>\n<p>Sylvie Thorel (Universit\u00e9 Lille 3)<\/p>\n<p>\u00ab\u00a0La conscience romanesque de M\u00e9rim\u00e9e. Une lecture de <em>La Double M\u00e9prise<\/em>\u00a0\u00bb<\/p>\n<p>&nbsp;<\/p>\n<p>Chaque communication sera suivie de discussions<\/p>\n<p>Organisateurs\u00a0: Xavier Bourdenet (<a href=\"mailto:xavier.bourdenet[at]free.fr\">xavier.bourdenet[at]free.fr<\/a>), Antonia Fonyi(<a href=\"mailto:antonia.fonyi@wanadoo.fr\">antonia.fonyi[at]wanadoo.fr<\/a>),<\/p>\n<p>Pierre Glaudes (<a href=\"mailto:pierre.glaudes@wanadoo.fr\">pierre.glaudes[at]wanadoo.fr<\/a>)<\/p>\n<p>&nbsp;<\/p>\n","protected":false},"excerpt":{"rendered":"<p>MERCREDI 9 JUIN 2021 MATIN\u00c9E Pr\u00e9sidence\u00a0: Fran\u00e7oise Berc\u00e9 (Direction du Patrimoine) 9 h 30 Introduction 9 h 45 Francis Marcoin (Universit\u00e9 d\u2019Arras) \u00ab\u00a0M\u00e9rim\u00e9e, de&hellip;<\/p>\n","protected":false},"author":18,"featured_media":2006,"template":"","meta":{"_acf_changed":false,"_tribe_events_status":"","_tribe_events_status_reason":"","footnotes":""},"tribe_events_cat":[25],"class_list":["post-2003","tribe_events","type-tribe_events","status-publish","has-post-thumbnail","hentry","tribe_events_cat-colloque","cat_colloque"],"acf":[],"_links":{"self":[{"href":"https:\/\/sites-recherche.univ-rennes2.fr\/cellam\/wp-json\/wp\/v2\/tribe_events\/2003","targetHints":{"allow":["GET"]}}],"collection":[{"href":"https:\/\/sites-recherche.univ-rennes2.fr\/cellam\/wp-json\/wp\/v2\/tribe_events"}],"about":[{"href":"https:\/\/sites-recherche.univ-rennes2.fr\/cellam\/wp-json\/wp\/v2\/types\/tribe_events"}],"author":[{"embeddable":true,"href":"https:\/\/sites-recherche.univ-rennes2.fr\/cellam\/wp-json\/wp\/v2\/users\/18"}],"version-history":[{"count":6,"href":"https:\/\/sites-recherche.univ-rennes2.fr\/cellam\/wp-json\/wp\/v2\/tribe_events\/2003\/revisions"}],"predecessor-version":[{"id":2386,"href":"https:\/\/sites-recherche.univ-rennes2.fr\/cellam\/wp-json\/wp\/v2\/tribe_events\/2003\/revisions\/2386"}],"wp:featuredmedia":[{"embeddable":true,"href":"https:\/\/sites-recherche.univ-rennes2.fr\/cellam\/wp-json\/wp\/v2\/media\/2006"}],"wp:attachment":[{"href":"https:\/\/sites-recherche.univ-rennes2.fr\/cellam\/wp-json\/wp\/v2\/media?parent=2003"}],"wp:term":[{"taxonomy":"tribe_events_cat","embeddable":true,"href":"https:\/\/sites-recherche.univ-rennes2.fr\/cellam\/wp-json\/wp\/v2\/tribe_events_cat?post=2003"}],"curies":[{"name":"wp","href":"https:\/\/api.w.org\/{rel}","templated":true}]}}

Colloque: Prosper Mérimée

<p>MERCREDI 9 JUIN 2021 MATINÉE</p>
<p>Présidence : Françoise Bercé (Direction du Patrimoine)</p>
<p>9 h 30 Introduction</p>
<p>9 h 45</p>
<p>Francis Marcoin (Université d’Arras)</p>
<p>« Mérimée, de l&rsquo;école primaire à l&rsquo;université »</p>
<p>10 h 30</p>
<p>Alice Thomine-Berrada (École des beaux-arts)</p>
<p>« D’une génération à l’autre : Léonor et Prosper Mérimée à l’École des beaux-arts »</p>
<p>11 h 15</p>
<p>Xavier Bourdenet (Université Rennes 2, CELLAM – EA 3206)<em>      </em></p>
<p>« <em>La Guzla </em>ou la communauté défaite »</p>
<p>&nbsp;</p>
<p>&nbsp;</p>
<p>MERCREDI 9 JUIN 2021 APRÈS-MIDI</p>
<p>Présidence : François Géal (Université Lumière – Lyon 2)</p>
<p>14 h</p>
<p>Christine Pouzoulet (Université Montpellier 3)</p>
<p>« Fauriel, Mérimée et l&rsquo;amour de la poésie populaire : des enjeux idéologiques et esthétiques différents »</p>
<p>14 h 45</p>
<p>Esther Pinon (Université Rennes 2)</p>
<p>« Une « foi de chien » ? Réversibilité de la <em>fides</em> dans<em> La Guzla</em> »</p>
<p>15 h 30</p>
<p>Anne Geisler-Szmulewicz  (Université Évry-Val d’Essonne)</p>
<p>« <em>La Guzla</em> de Mérimée (1827), une « vieillerie » romantique ? »</p>
<p>16 h 15</p>
<p>Alexandre Bonafos (University of North Carolina)</p>
<p>« La visite du monument chez Mérimée : parcours, enquête et description dans les <em>Notes de Voyages</em> »</p>
<p>&nbsp;</p>
<p>&nbsp;</p>
<p>JEUDI 10 JUIN 2021 MATINÉE</p>
<p>Présidence : Daniel-Henri Pageaux (Université Paris 3 – Sorbonne nouvelle)</p>
<p>9 h 30</p>
<p>Gilbert Schrenck (Université de Strasbourg)</p>
<p>« Le réseau érudit de Mérimée éditeur d’Agrippa d’Aubigné et de Pierre de Brantôme »</p>
<p>10 h 15</p>
<p>Antonia Fonyi (CNRS/ITEM)</p>
<p>« Prosper Mérimée anarchiste et conservateur »</p>
<p>11 h</p>
<p>Claude Millet (Université Paris 7)</p>
<p>« <em>Carmen </em>ou l&rsquo;hésitation »</p>
<p>11 h 45</p>
<p>Sylvie Thorel (Université Lille 3)</p>
<p>« La conscience romanesque de Mérimée. Une lecture de <em>La Double Méprise</em> »</p>
<p>&nbsp;</p>
<p>Chaque communication sera suivie de discussions</p>
<p>Organisateurs : Xavier Bourdenet (<a href="mailto:xavier.bourdenet[at]free.fr">xavier.bourdenet[at]free.fr</a>), Antonia Fonyi(<a href="mailto:antonia.fonyi@wanadoo.fr">antonia.fonyi[at]wanadoo.fr</a>),</p>
<p>Pierre Glaudes (<a href="mailto:pierre.glaudes@wanadoo.fr">pierre.glaudes[at]wanadoo.fr</a>)</p>
<p>&nbsp;</p>

<p>MERCREDI 9 JUIN 2021 MATINÉE Présidence : Françoise Bercé (Direction du Patrimoine) 9 h 30 Introduction 9 h 45 Francis Marcoin (Université d’Arras) « Mérimée, de&hellip;</p>
