{"id":3208,"date":"2023-01-20T13:36:46","date_gmt":"2023-01-20T12:36:46","guid":{"rendered":"https:\/\/sites-recherche.univ-rennes2.fr\/cellam\/?post_type=tribe_events&#038;p=3208"},"modified":"2023-01-25T09:23:15","modified_gmt":"2023-01-25T08:23:15","slug":"seminaire-du-groupe-romaniste","status":"publish","type":"tribe_events","link":"https:\/\/sites-recherche.univ-rennes2.fr\/cellam\/evenement\/seminaire-du-groupe-romaniste\/","title":{"rendered":"S\u00e9minaire du Groupe Romaniste"},"content":{"rendered":"<p>Intervenant.e.s :<\/p>\n<ul>\n<li>\u00c9tienne Bourakoni (M2 \u00c9tudes ib\u00e9riques et latino-am\u00e9ricaines, m\u00e9moire sous la direction de Luc Torres) : \u00ab L\u2019Inquisition et l&rsquo;\u00e9rasmisme, le cas de censure des\u00a0<em>livres Di\u00e1logo de las cosas acaecidas en Roma<\/em>\u00a0(1527],\u00a0<em>Di\u00e1logo de Mercurio y Car\u00f3n<\/em>\u00a0\u00a0(1528) et\u00a0<em>El Crotal\u00f3n<\/em>\u00a0(vers 1550).\u00a0\u00bb<\/li>\n<\/ul>\n<ul>\n<li>Floriane Boulanger (M2 Lettres et Humanit\u00e9s parcours litt\u00e9rature et culture italiennes, dir. Claire Lesage) : \u00ab \u00c0 la marge, les voix des po\u00e9tesses pi\u00e9montaises dans les\u00a0<em>Rime diverse d&rsquo;alcune nobilissime et virtuosissime donne<\/em>\u00a0de Domenichi, premi\u00e8re anthologie de po\u00e9sie f\u00e9minine publi\u00e9e en Italie (1559).\u00a0\u00bb<\/li>\n<\/ul>\n<ul>\n<li>Yuna Kerino (M2 Litt\u00e9rature g\u00e9n\u00e9rale et compar\u00e9e, dir. Anne Teulade): \u00ab Marginalisation, \u00e9criture et construction de soi dans le roman picaresque et libertin au XVIIe si\u00e8cle :\u00a0<em>Guzm\u00e1n de Alfarache<\/em>\u00a0de Mateo Alem\u00e1n (1599),\u00a0<em>Le Page disgraci\u00e9<\/em>\u00a0de Tristan L\u2019Hermite (1643) et\u00a0<em>Les aventures de M.\u00a0Dassoucy<\/em>\u00a0de Charles Coypeau d\u2019Assoucy (1678). \u00bb<\/li>\n<\/ul>\n<p>Pour celles et ceux qui souhaiteraient la suivre \u00e0 distance, un lien de visio-conf\u00e9rence sera fourni sur demande individuelle (\u00e9crire \u00e0 claudia.zudini@univ-rennes2.fr) la veille.<\/p>\n","protected":false},"excerpt":{"rendered":"<p>Intervenant.e.s : \u00c9tienne Bourakoni (M2 \u00c9tudes ib\u00e9riques et latino-am\u00e9ricaines, m\u00e9moire sous la direction de Luc Torres) : \u00ab L\u2019Inquisition et l&rsquo;\u00e9rasmisme, le cas de&hellip;<\/p>\n","protected":false},"author":7,"featured_media":0,"template":"","meta":{"_acf_changed":false,"_tribe_events_status":"","_tribe_events_status_reason":"","footnotes":""},"tribe_events_cat":[26],"class_list":["post-3208","tribe_events","type-tribe_events","status-publish","hentry","tribe_events_cat-seminaire","cat_seminaire"],"acf":[],"_links":{"self":[{"href":"https:\/\/sites-recherche.univ-rennes2.fr\/cellam\/wp-json\/wp\/v2\/tribe_events\/3208","targetHints":{"allow":["GET"]}}],"collection":[{"href":"https:\/\/sites-recherche.univ-rennes2.fr\/cellam\/wp-json\/wp\/v2\/tribe_events"}],"about":[{"href":"https:\/\/sites-recherche.univ-rennes2.fr\/cellam\/wp-json\/wp\/v2\/types\/tribe_events"}],"author":[{"embeddable":true,"href":"https:\/\/sites-recherche.univ-rennes2.fr\/cellam\/wp-json\/wp\/v2\/users\/7"}],"version-history":[{"count":4,"href":"https:\/\/sites-recherche.univ-rennes2.fr\/cellam\/wp-json\/wp\/v2\/tribe_events\/3208\/revisions"}],"predecessor-version":[{"id":3212,"href":"https:\/\/sites-recherche.univ-rennes2.fr\/cellam\/wp-json\/wp\/v2\/tribe_events\/3208\/revisions\/3212"}],"wp:attachment":[{"href":"https:\/\/sites-recherche.univ-rennes2.fr\/cellam\/wp-json\/wp\/v2\/media?parent=3208"}],"wp:term":[{"taxonomy":"tribe_events_cat","embeddable":true,"href":"https:\/\/sites-recherche.univ-rennes2.fr\/cellam\/wp-json\/wp\/v2\/tribe_events_cat?post=3208"}],"curies":[{"name":"wp","href":"https:\/\/api.w.org\/{rel}","templated":true}]}}

Séminaire du Groupe Romaniste

<p>Intervenant.e.s :</p>
<ul>
<li>Étienne Bourakoni (M2 Études ibériques et latino-américaines, mémoire sous la direction de Luc Torres) : « L’Inquisition et l&rsquo;érasmisme, le cas de censure des <em>livres Diálogo de las cosas acaecidas en Roma</em> (1527], <em>Diálogo de Mercurio y Carón</em>  (1528) et <em>El Crotalón</em> (vers 1550). »</li>
</ul>
<ul>
<li>Floriane Boulanger (M2 Lettres et Humanités parcours littérature et culture italiennes, dir. Claire Lesage) : « À la marge, les voix des poétesses piémontaises dans les <em>Rime diverse d&rsquo;alcune nobilissime et virtuosissime donne</em> de Domenichi, première anthologie de poésie féminine publiée en Italie (1559). »</li>
</ul>
<ul>
<li>Yuna Kerino (M2 Littérature générale et comparée, dir. Anne Teulade): « Marginalisation, écriture et construction de soi dans le roman picaresque et libertin au XVIIe siècle : <em>Guzmán de Alfarache</em> de Mateo Alemán (1599), <em>Le Page disgracié</em> de Tristan L’Hermite (1643) et <em>Les aventures de M. Dassoucy</em> de Charles Coypeau d’Assoucy (1678). »</li>
</ul>
<p>Pour celles et ceux qui souhaiteraient la suivre à distance, un lien de visio-conférence sera fourni sur demande individuelle (écrire à claudia.zudini@univ-rennes2.fr) la veille.</p>

<p>Intervenant.e.s : Étienne Bourakoni (M2 Études ibériques et latino-américaines, mémoire sous la direction de Luc Torres) : « L’Inquisition et l&rsquo;érasmisme, le cas de&hellip;</p>
