{"id":3262,"date":"2023-01-30T11:37:07","date_gmt":"2023-01-30T10:37:07","guid":{"rendered":"https:\/\/sites-recherche.univ-rennes2.fr\/cellam\/?post_type=tribe_events&#038;p=3262"},"modified":"2023-01-30T11:39:48","modified_gmt":"2023-01-30T10:39:48","slug":"seminaire-vertus-et-vanite-de-la-litterature-2022-2023-6-7","status":"publish","type":"tribe_events","link":"https:\/\/sites-recherche.univ-rennes2.fr\/cellam\/evenement\/seminaire-vertus-et-vanite-de-la-litterature-2022-2023-6-7\/","title":{"rendered":"S\u00e9minaire Vertus et vanit\u00e9 de la litt\u00e9rature 2022-2023 #6-7"},"content":{"rendered":"<p>Le 16 f\u00e9vrier, la s\u00e9ance du s\u00e9minaire Phi sera double. Nous aurons le plaisir d&rsquo;entendre<\/p>\n<p><strong>Anna ROLLAND <\/strong>(Rennes 2), pour une conf\u00e9rence intitul\u00e9e<\/p>\n<p><b>Satire au f\u00e9minin, satire au masculin : \u00e9tude compar\u00e9e des &lsquo;\u00e9p\u00eetres chagrines&rsquo; de Scarron et de Mme Deshouli\u00e8res<\/b><\/p>\n<p>et <strong>C\u00e9cile TARJOT <\/strong>(Rennes 2), pour une conf\u00e9rence intitul\u00e9e<\/p>\n<p><strong>\u00ab Je vis, au travers les barreaux, la rue teinte de sang \u00bb : \u00e9tude <\/strong><br \/>\n<strong>crois\u00e9e de deux r\u00e9cits carc\u00e9raux issus de la R\u00e9volution (Madame Roland <\/strong><strong>et Louise-Emmanuelle de Ch\u00e2tillon).<\/strong><\/p>\n","protected":false},"excerpt":{"rendered":"<p>Le 16 f\u00e9vrier, la s\u00e9ance du s\u00e9minaire Phi sera double. Nous aurons le plaisir d&rsquo;entendre Anna ROLLAND (Rennes 2), pour une conf\u00e9rence intitul\u00e9e Satire&hellip;<\/p>\n","protected":false},"author":18,"featured_media":2908,"template":"","meta":{"_acf_changed":false,"_tribe_events_status":"","_tribe_events_status_reason":"","footnotes":""},"tribe_events_cat":[26],"class_list":["post-3262","tribe_events","type-tribe_events","status-publish","has-post-thumbnail","hentry","tribe_events_cat-seminaire","cat_seminaire"],"acf":[],"_links":{"self":[{"href":"https:\/\/sites-recherche.univ-rennes2.fr\/cellam\/wp-json\/wp\/v2\/tribe_events\/3262","targetHints":{"allow":["GET"]}}],"collection":[{"href":"https:\/\/sites-recherche.univ-rennes2.fr\/cellam\/wp-json\/wp\/v2\/tribe_events"}],"about":[{"href":"https:\/\/sites-recherche.univ-rennes2.fr\/cellam\/wp-json\/wp\/v2\/types\/tribe_events"}],"author":[{"embeddable":true,"href":"https:\/\/sites-recherche.univ-rennes2.fr\/cellam\/wp-json\/wp\/v2\/users\/18"}],"version-history":[{"count":2,"href":"https:\/\/sites-recherche.univ-rennes2.fr\/cellam\/wp-json\/wp\/v2\/tribe_events\/3262\/revisions"}],"predecessor-version":[{"id":3266,"href":"https:\/\/sites-recherche.univ-rennes2.fr\/cellam\/wp-json\/wp\/v2\/tribe_events\/3262\/revisions\/3266"}],"wp:featuredmedia":[{"embeddable":true,"href":"https:\/\/sites-recherche.univ-rennes2.fr\/cellam\/wp-json\/wp\/v2\/media\/2908"}],"wp:attachment":[{"href":"https:\/\/sites-recherche.univ-rennes2.fr\/cellam\/wp-json\/wp\/v2\/media?parent=3262"}],"wp:term":[{"taxonomy":"tribe_events_cat","embeddable":true,"href":"https:\/\/sites-recherche.univ-rennes2.fr\/cellam\/wp-json\/wp\/v2\/tribe_events_cat?post=3262"}],"curies":[{"name":"wp","href":"https:\/\/api.w.org\/{rel}","templated":true}]}}

Séminaire Vertus et vanité de la littérature 2022-2023 #6-7

<p>Le 16 février, la séance du séminaire Phi sera double. Nous aurons le plaisir d&rsquo;entendre</p>
<p><strong>Anna ROLLAND </strong>(Rennes 2), pour une conférence intitulée</p>
<p><b>Satire au féminin, satire au masculin : étude comparée des &lsquo;épîtres chagrines&rsquo; de Scarron et de Mme Deshoulières</b></p>
<p>et <strong>Cécile TARJOT </strong>(Rennes 2), pour une conférence intitulée</p>
<p><strong>« Je vis, au travers les barreaux, la rue teinte de sang » : étude </strong><br />
<strong>croisée de deux récits carcéraux issus de la Révolution (Madame Roland </strong><strong>et Louise-Emmanuelle de Châtillon).</strong></p>

<p>Le 16 février, la séance du séminaire Phi sera double. Nous aurons le plaisir d&rsquo;entendre Anna ROLLAND (Rennes 2), pour une conférence intitulée Satire&hellip;</p>
