{"id":3308,"date":"2023-02-27T12:52:58","date_gmt":"2023-02-27T11:52:58","guid":{"rendered":"https:\/\/sites-recherche.univ-rennes2.fr\/cellam\/?post_type=tribe_events&#038;p=3308"},"modified":"2023-03-13T10:11:39","modified_gmt":"2023-03-13T09:11:39","slug":"seminaire-phi-vertus-et-vanite-de-la-litterature-dominique-vaugeois","status":"publish","type":"tribe_events","link":"https:\/\/sites-recherche.univ-rennes2.fr\/cellam\/evenement\/seminaire-phi-vertus-et-vanite-de-la-litterature-dominique-vaugeois\/","title":{"rendered":"S\u00e9minaire Phi: Vertus et vanit\u00e9 de la litt\u00e9rature: Dominique Vaugeois"},"content":{"rendered":"<p>Le 16 mars 2023, nous aurons le plaisir d&rsquo;entendre<\/p>\n<p>Dominique VAUGEOIS pour une conf\u00e9rence intitul\u00e9e:<\/p>\n<p><span class=\"TextRun SCXW237456622 BCX4\" lang=\"FR-FR\" xml:lang=\"FR-FR\" data-contrast=\"none\"><span class=\"NormalTextRun SCXW237456622 BCX4\">\u00ab\u00a0Vertu et vanit\u00e9 du <\/span><\/span><em><span class=\"TextRun SCXW237456622 BCX4\" lang=\"FR-FR\" xml:lang=\"FR-FR\" data-contrast=\"none\"><span class=\"NormalTextRun SCXW237456622 BCX4\">litt\u00e9rateur<\/span><\/span><\/em><span class=\"TextRun SCXW237456622 BCX4\" lang=\"FR-FR\" xml:lang=\"FR-FR\" data-contrast=\"none\"><span class=\"NormalTextRun SCXW237456622 BCX4\"> : le discours des \u00e9crivains sur les arts plastiques\u00a0\u00bb<\/span><\/span><span class=\"EOP SCXW237456622 BCX4\" data-ccp-props=\"{&quot;201341983&quot;:0,&quot;335551550&quot;:6,&quot;335551620&quot;:6,&quot;335559739&quot;:0,&quot;335559740&quot;:240}\">\u00a0<\/span><\/p>\n","protected":false},"excerpt":{"rendered":"<p>Le 16 mars 2023, nous aurons le plaisir d&rsquo;entendre Dominique VAUGEOIS pour une conf\u00e9rence intitul\u00e9e: \u00ab\u00a0Vertu et vanit\u00e9 du litt\u00e9rateur : le discours des&hellip;<\/p>\n","protected":false},"author":18,"featured_media":2908,"template":"","meta":{"_acf_changed":false,"_tribe_events_status":"","_tribe_events_status_reason":"","footnotes":""},"tribe_events_cat":[26],"class_list":["post-3308","tribe_events","type-tribe_events","status-publish","has-post-thumbnail","hentry","tribe_events_cat-seminaire","cat_seminaire"],"acf":[],"_links":{"self":[{"href":"https:\/\/sites-recherche.univ-rennes2.fr\/cellam\/wp-json\/wp\/v2\/tribe_events\/3308","targetHints":{"allow":["GET"]}}],"collection":[{"href":"https:\/\/sites-recherche.univ-rennes2.fr\/cellam\/wp-json\/wp\/v2\/tribe_events"}],"about":[{"href":"https:\/\/sites-recherche.univ-rennes2.fr\/cellam\/wp-json\/wp\/v2\/types\/tribe_events"}],"author":[{"embeddable":true,"href":"https:\/\/sites-recherche.univ-rennes2.fr\/cellam\/wp-json\/wp\/v2\/users\/18"}],"version-history":[{"count":3,"href":"https:\/\/sites-recherche.univ-rennes2.fr\/cellam\/wp-json\/wp\/v2\/tribe_events\/3308\/revisions"}],"predecessor-version":[{"id":3429,"href":"https:\/\/sites-recherche.univ-rennes2.fr\/cellam\/wp-json\/wp\/v2\/tribe_events\/3308\/revisions\/3429"}],"wp:featuredmedia":[{"embeddable":true,"href":"https:\/\/sites-recherche.univ-rennes2.fr\/cellam\/wp-json\/wp\/v2\/media\/2908"}],"wp:attachment":[{"href":"https:\/\/sites-recherche.univ-rennes2.fr\/cellam\/wp-json\/wp\/v2\/media?parent=3308"}],"wp:term":[{"taxonomy":"tribe_events_cat","embeddable":true,"href":"https:\/\/sites-recherche.univ-rennes2.fr\/cellam\/wp-json\/wp\/v2\/tribe_events_cat?post=3308"}],"curies":[{"name":"wp","href":"https:\/\/api.w.org\/{rel}","templated":true}]}}

Séminaire Phi: Vertus et vanité de la littérature: Dominique Vaugeois

<p>Le 16 mars 2023, nous aurons le plaisir d&rsquo;entendre</p>
<p>Dominique VAUGEOIS pour une conférence intitulée:</p>
<p><span class="TextRun SCXW237456622 BCX4" lang="FR-FR" xml:lang="FR-FR" data-contrast="none"><span class="NormalTextRun SCXW237456622 BCX4">« Vertu et vanité du </span></span><em><span class="TextRun SCXW237456622 BCX4" lang="FR-FR" xml:lang="FR-FR" data-contrast="none"><span class="NormalTextRun SCXW237456622 BCX4">littérateur</span></span></em><span class="TextRun SCXW237456622 BCX4" lang="FR-FR" xml:lang="FR-FR" data-contrast="none"><span class="NormalTextRun SCXW237456622 BCX4"> : le discours des écrivains sur les arts plastiques »</span></span><span class="EOP SCXW237456622 BCX4" data-ccp-props="{&quot;201341983&quot;:0,&quot;335551550&quot;:6,&quot;335551620&quot;:6,&quot;335559739&quot;:0,&quot;335559740&quot;:240}"> </span></p>

<p>Le 16 mars 2023, nous aurons le plaisir d&rsquo;entendre Dominique VAUGEOIS pour une conférence intitulée: « Vertu et vanité du littérateur : le discours des&hellip;</p>
