{"id":3463,"date":"2023-03-14T13:17:40","date_gmt":"2023-03-14T12:17:40","guid":{"rendered":"https:\/\/sites-recherche.univ-rennes2.fr\/cellam\/?post_type=tribe_events&#038;p=3463"},"modified":"2023-03-20T22:37:21","modified_gmt":"2023-03-20T21:37:21","slug":"colloque-international-interdisciplinaire-regards-sur-le-vieillissement-feminin-de-lage-classique-au-romanantisme","status":"publish","type":"tribe_events","link":"https:\/\/sites-recherche.univ-rennes2.fr\/cellam\/evenement\/colloque-international-interdisciplinaire-regards-sur-le-vieillissement-feminin-de-lage-classique-au-romanantisme\/","title":{"rendered":"Colloque international interdisciplinaire: Regards sur le vieillissement f\u00e9minin de l&rsquo;\u00e2ge classique au romanantisme"},"content":{"rendered":"<p>&nbsp;<\/p>\n<p><strong>Exp\u00e9riences intimes, repr\u00e9sentations, autorepr\u00e9sentations<\/strong>.<\/p>\n<p><strong>Organisatrices<\/strong>: Aur\u00e9lie Chatenet, Florence Magnot-Ogilvy, Cl\u00e9mence Aznavour, Marion Bailly<\/p>\n<p><strong>Programme<\/strong>: <a href=\"http:\/\/sites-recherche.univ-rennes2.fr\/cellam\/wp-content\/uploads\/2023\/03\/Regards-sur-le-vieillissement-feminin.pdf\">Regards sur le vieillissement f\u00e9minin<\/a><\/p>\n","protected":false},"excerpt":{"rendered":"<p>&nbsp; Exp\u00e9riences intimes, repr\u00e9sentations, autorepr\u00e9sentations. Organisatrices: Aur\u00e9lie Chatenet, Florence Magnot-Ogilvy, Cl\u00e9mence Aznavour, Marion Bailly Programme: Regards sur le vieillissement f\u00e9minin<\/p>\n","protected":false},"author":36,"featured_media":3465,"template":"","meta":{"_acf_changed":false,"_tribe_events_status":"","_tribe_events_status_reason":"","footnotes":""},"tribe_events_cat":[25],"class_list":["post-3463","tribe_events","type-tribe_events","status-publish","has-post-thumbnail","hentry","tribe_events_cat-colloque","cat_colloque"],"acf":[],"_links":{"self":[{"href":"https:\/\/sites-recherche.univ-rennes2.fr\/cellam\/wp-json\/wp\/v2\/tribe_events\/3463","targetHints":{"allow":["GET"]}}],"collection":[{"href":"https:\/\/sites-recherche.univ-rennes2.fr\/cellam\/wp-json\/wp\/v2\/tribe_events"}],"about":[{"href":"https:\/\/sites-recherche.univ-rennes2.fr\/cellam\/wp-json\/wp\/v2\/types\/tribe_events"}],"author":[{"embeddable":true,"href":"https:\/\/sites-recherche.univ-rennes2.fr\/cellam\/wp-json\/wp\/v2\/users\/36"}],"version-history":[{"count":5,"href":"https:\/\/sites-recherche.univ-rennes2.fr\/cellam\/wp-json\/wp\/v2\/tribe_events\/3463\/revisions"}],"predecessor-version":[{"id":3515,"href":"https:\/\/sites-recherche.univ-rennes2.fr\/cellam\/wp-json\/wp\/v2\/tribe_events\/3463\/revisions\/3515"}],"wp:featuredmedia":[{"embeddable":true,"href":"https:\/\/sites-recherche.univ-rennes2.fr\/cellam\/wp-json\/wp\/v2\/media\/3465"}],"wp:attachment":[{"href":"https:\/\/sites-recherche.univ-rennes2.fr\/cellam\/wp-json\/wp\/v2\/media?parent=3463"}],"wp:term":[{"taxonomy":"tribe_events_cat","embeddable":true,"href":"https:\/\/sites-recherche.univ-rennes2.fr\/cellam\/wp-json\/wp\/v2\/tribe_events_cat?post=3463"}],"curies":[{"name":"wp","href":"https:\/\/api.w.org\/{rel}","templated":true}]}}

Colloque international interdisciplinaire: Regards sur le vieillissement féminin de l&rsquo;âge classique au romanantisme

<p>&nbsp;</p>
<p><strong>Expériences intimes, représentations, autoreprésentations</strong>.</p>
<p><strong>Organisatrices</strong>: Aurélie Chatenet, Florence Magnot-Ogilvy, Clémence Aznavour, Marion Bailly</p>
<p><strong>Programme</strong>: <a href="http://sites-recherche.univ-rennes2.fr/cellam/wp-content/uploads/2023/03/Regards-sur-le-vieillissement-feminin.pdf">Regards sur le vieillissement féminin</a></p>

<p>&nbsp; Expériences intimes, représentations, autoreprésentations. Organisatrices: Aurélie Chatenet, Florence Magnot-Ogilvy, Clémence Aznavour, Marion Bailly Programme: Regards sur le vieillissement féminin</p>
