{"id":3576,"date":"2023-04-14T10:29:33","date_gmt":"2023-04-14T08:29:33","guid":{"rendered":"https:\/\/sites-recherche.univ-rennes2.fr\/cellam\/?post_type=tribe_events&#038;p=3576"},"modified":"2023-04-18T11:14:18","modified_gmt":"2023-04-18T09:14:18","slug":"journee-de-cloture-du-seminaire-phi","status":"publish","type":"tribe_events","link":"https:\/\/sites-recherche.univ-rennes2.fr\/cellam\/evenement\/journee-de-cloture-du-seminaire-phi\/","title":{"rendered":"S\u00e9minaire Phi, journ\u00e9e de cl\u00f4ture de l&rsquo;ann\u00e9e 2022-2023"},"content":{"rendered":"<p>Pour clore l&rsquo;ann\u00e9e, le s\u00e9minaire Phi organise une s\u00e9ance sp\u00e9ciale lors de laquelle nous accueillons une coll\u00e8gue hongroise, deux doctorantes du Cellam et une autrice, ancienne \u00e9tudiante du master LGC:<\/p>\n<div>\n<p>9h45-11h30:\u00a0Szilvia RITZ (Universit\u00e9 de Szeged): \u00ab\u00a0<span lang=\"EN-GB\">\u201c<em>Herr: Es ist Zeit.<\/em>\u201d On the Problem of Time in Austrian Novels\u00a0\u00bb<\/span><\/p>\n<div><\/div>\n<\/div>\n<div>13h30-16h30:<\/div>\n<div><\/div>\n<div>Anna ROLLAND (Universit\u00e9 Rennes 2): \u00ab\u00a0Satire au masculin, satire au f\u00e9minin. De la critique plaisante du <em>monde<\/em> \u00e0 la repr\u00e9sentation d&rsquo;un monde en crise\u00a0: \u00e9tude compar\u00e9e des <i>\u00c9p\u00eetres chagrines<\/i> de Scarron et de Mme Deshouli\u00e8res\u00a0\u00bb<\/div>\n<p>&nbsp;<\/p>\n<p><span style=\"font-size: 1rem;\">C\u00e9cile TARJOT (Universit\u00e9 Rennes 2):\u00a0\u00ab\u00a0\u00ab Je vis, au travers les barreaux, la rue teinte de sang \u00bb : \u00e9tude crois\u00e9e de deux r\u00e9cits carc\u00e9raux issus de la R\u00e9volution (Louise-Emmanuelle de Ch\u00e2tillon et Manon Roland)\u00a0\u00bb<\/span><\/p>\n<div>\n<div><\/div>\n<\/div>\n<div><\/div>\n<div>16h30-17h30:\u00a0Rencontre litt\u00e9raire avec Perrine TRIPIER pour son roman\u00a0<em>Les Guerres pr\u00e9cieuses<\/em><\/div>\n","protected":false},"excerpt":{"rendered":"<p>Pour clore l&rsquo;ann\u00e9e, le s\u00e9minaire Phi organise une s\u00e9ance sp\u00e9ciale lors de laquelle nous accueillons une coll\u00e8gue hongroise, deux doctorantes du Cellam et une&hellip;<\/p>\n","protected":false},"author":18,"featured_media":2908,"template":"","meta":{"_acf_changed":false,"_tribe_events_status":"","_tribe_events_status_reason":"","footnotes":""},"tribe_events_cat":[26],"class_list":["post-3576","tribe_events","type-tribe_events","status-publish","has-post-thumbnail","hentry","tribe_events_cat-seminaire","cat_seminaire"],"acf":[],"_links":{"self":[{"href":"https:\/\/sites-recherche.univ-rennes2.fr\/cellam\/wp-json\/wp\/v2\/tribe_events\/3576","targetHints":{"allow":["GET"]}}],"collection":[{"href":"https:\/\/sites-recherche.univ-rennes2.fr\/cellam\/wp-json\/wp\/v2\/tribe_events"}],"about":[{"href":"https:\/\/sites-recherche.univ-rennes2.fr\/cellam\/wp-json\/wp\/v2\/types\/tribe_events"}],"author":[{"embeddable":true,"href":"https:\/\/sites-recherche.univ-rennes2.fr\/cellam\/wp-json\/wp\/v2\/users\/18"}],"version-history":[{"count":7,"href":"https:\/\/sites-recherche.univ-rennes2.fr\/cellam\/wp-json\/wp\/v2\/tribe_events\/3576\/revisions"}],"predecessor-version":[{"id":3589,"href":"https:\/\/sites-recherche.univ-rennes2.fr\/cellam\/wp-json\/wp\/v2\/tribe_events\/3576\/revisions\/3589"}],"wp:featuredmedia":[{"embeddable":true,"href":"https:\/\/sites-recherche.univ-rennes2.fr\/cellam\/wp-json\/wp\/v2\/media\/2908"}],"wp:attachment":[{"href":"https:\/\/sites-recherche.univ-rennes2.fr\/cellam\/wp-json\/wp\/v2\/media?parent=3576"}],"wp:term":[{"taxonomy":"tribe_events_cat","embeddable":true,"href":"https:\/\/sites-recherche.univ-rennes2.fr\/cellam\/wp-json\/wp\/v2\/tribe_events_cat?post=3576"}],"curies":[{"name":"wp","href":"https:\/\/api.w.org\/{rel}","templated":true}]}}

Séminaire Phi, journée de clôture de l&rsquo;année 2022-2023

<p>Pour clore l&rsquo;année, le séminaire Phi organise une séance spéciale lors de laquelle nous accueillons une collègue hongroise, deux doctorantes du Cellam et une autrice, ancienne étudiante du master LGC:</p>
<div>
<p>9h45-11h30: Szilvia RITZ (Université de Szeged): « <span lang="EN-GB">“<em>Herr: Es ist Zeit.</em>” On the Problem of Time in Austrian Novels »</span></p>
<div></div>
</div>
<div>13h30-16h30:</div>
<div></div>
<div>Anna ROLLAND (Université Rennes 2): « Satire au masculin, satire au féminin. De la critique plaisante du <em>monde</em> à la représentation d&rsquo;un monde en crise : étude comparée des <i>Épîtres chagrines</i> de Scarron et de Mme Deshoulières »</div>
<p>&nbsp;</p>
<p><span style="font-size: 1rem;">Cécile TARJOT (Université Rennes 2): « « Je vis, au travers les barreaux, la rue teinte de sang » : étude croisée de deux récits carcéraux issus de la Révolution (Louise-Emmanuelle de Châtillon et Manon Roland) »</span></p>
<div>
<div></div>
</div>
<div></div>
<div>16h30-17h30: Rencontre littéraire avec Perrine TRIPIER pour son roman <em>Les Guerres précieuses</em></div>

<p>Pour clore l&rsquo;année, le séminaire Phi organise une séance spéciale lors de laquelle nous accueillons une collègue hongroise, deux doctorantes du Cellam et une&hellip;</p>
