{"id":3659,"date":"2023-06-01T17:35:55","date_gmt":"2023-06-01T15:35:55","guid":{"rendered":"https:\/\/sites-recherche.univ-rennes2.fr\/cellam\/?post_type=tribe_events&#038;p=3659"},"modified":"2023-06-01T18:09:35","modified_gmt":"2023-06-01T16:09:35","slug":"je-mouvements-et-contraintes","status":"publish","type":"tribe_events","link":"https:\/\/sites-recherche.univ-rennes2.fr\/cellam\/evenement\/je-mouvements-et-contraintes\/","title":{"rendered":"Journ\u00e9e d&rsquo;\u00e9tudes Mouvement(s) et contraintes"},"content":{"rendered":"<p><strong>Enjeux artistiques et politiques des dynamiques d&rsquo;\u00e9mancipation et de leurs repr\u00e9sentations <\/strong><\/p>\n<p><strong>Volet 1 : d\u00e9passer<\/strong><\/p>\n<p><a href=\"http:\/\/sites-recherche.univ-rennes2.fr\/cellam\/wp-content\/uploads\/2023\/06\/programme-je-mouvements-et-contraintes-volet-1_compressed.pdf\">Programme JE mouvement(s) et contraintes &#8211; volet 1_compressed<\/a><\/p>\n","protected":false},"excerpt":{"rendered":"<p>Enjeux artistiques et politiques des dynamiques d&rsquo;\u00e9mancipation et de leurs repr\u00e9sentations Volet 1 : d\u00e9passer Programme JE mouvement(s) et contraintes &#8211; volet 1_compressed<\/p>\n","protected":false},"author":36,"featured_media":3679,"template":"","meta":{"_acf_changed":false,"_tribe_events_status":"","_tribe_events_status_reason":"","footnotes":""},"tribe_events_cat":[],"class_list":["post-3659","tribe_events","type-tribe_events","status-publish","has-post-thumbnail","hentry"],"acf":[],"_links":{"self":[{"href":"https:\/\/sites-recherche.univ-rennes2.fr\/cellam\/wp-json\/wp\/v2\/tribe_events\/3659","targetHints":{"allow":["GET"]}}],"collection":[{"href":"https:\/\/sites-recherche.univ-rennes2.fr\/cellam\/wp-json\/wp\/v2\/tribe_events"}],"about":[{"href":"https:\/\/sites-recherche.univ-rennes2.fr\/cellam\/wp-json\/wp\/v2\/types\/tribe_events"}],"author":[{"embeddable":true,"href":"https:\/\/sites-recherche.univ-rennes2.fr\/cellam\/wp-json\/wp\/v2\/users\/36"}],"version-history":[{"count":7,"href":"https:\/\/sites-recherche.univ-rennes2.fr\/cellam\/wp-json\/wp\/v2\/tribe_events\/3659\/revisions"}],"predecessor-version":[{"id":3691,"href":"https:\/\/sites-recherche.univ-rennes2.fr\/cellam\/wp-json\/wp\/v2\/tribe_events\/3659\/revisions\/3691"}],"wp:featuredmedia":[{"embeddable":true,"href":"https:\/\/sites-recherche.univ-rennes2.fr\/cellam\/wp-json\/wp\/v2\/media\/3679"}],"wp:attachment":[{"href":"https:\/\/sites-recherche.univ-rennes2.fr\/cellam\/wp-json\/wp\/v2\/media?parent=3659"}],"wp:term":[{"taxonomy":"tribe_events_cat","embeddable":true,"href":"https:\/\/sites-recherche.univ-rennes2.fr\/cellam\/wp-json\/wp\/v2\/tribe_events_cat?post=3659"}],"curies":[{"name":"wp","href":"https:\/\/api.w.org\/{rel}","templated":true}]}}

Journée d&rsquo;études Mouvement(s) et contraintes

<p><strong>Enjeux artistiques et politiques des dynamiques d&rsquo;émancipation et de leurs représentations </strong></p>
<p><strong>Volet 1 : dépasser</strong></p>
<p><a href="http://sites-recherche.univ-rennes2.fr/cellam/wp-content/uploads/2023/06/programme-je-mouvements-et-contraintes-volet-1_compressed.pdf">Programme JE mouvement(s) et contraintes &#8211; volet 1_compressed</a></p>

<p>Enjeux artistiques et politiques des dynamiques d&rsquo;émancipation et de leurs représentations Volet 1 : dépasser Programme JE mouvement(s) et contraintes &#8211; volet 1_compressed</p>
