{"id":372,"date":"2020-10-02T15:06:39","date_gmt":"2020-10-02T13:06:39","guid":{"rendered":"http:\/\/sites-recherche.univ-rennes2.fr\/cellam\/?post_type=tribe_events&#038;p=372"},"modified":"2020-12-16T14:41:33","modified_gmt":"2020-12-16T13:41:33","slug":"seminaire-onomastique-cetm-3","status":"publish","type":"tribe_events","link":"https:\/\/sites-recherche.univ-rennes2.fr\/cellam\/evenement\/seminaire-onomastique-cetm-3\/","title":{"rendered":"S\u00e9minaire onomastique CETM : Ren\u00e9 Wetzel"},"content":{"rendered":"<h2>S\u00e9minaire en ligne \u00ab\u00a0onomastique\u00a0\u00bb CETM<\/h2>\n<p><strong>Ren\u00e9 Wetzel<\/strong> (Universit\u00e9 de Gen\u00e8ve) \u00ab\u00a0De Mont Sion au <em>miroir de la contemplation<\/em>. Les p\u00e9riples onomasiologiques d&rsquo;une m\u00e9taphore toponymique dans la litt\u00e9rature th\u00e9ologique et mystique au Moyen \u00c2ge\u00a0\u00bb<\/p>\n<p>La conf\u00e9rence aura lieu en visioconf\u00e9rence, un lien zoom sera envoy\u00e9 aux participant.e.s peu avant l\u2019\u00e9v\u00e9nement.<\/p>\n<p>Pour les inscriptions, contactez <strong>Fabienne Pomel<\/strong> :<a href=\"mailto:fabienne.pomel@univ-rennes2.fr\"> fabienne.pomel@univ-rennes2.fr<\/a><\/p>\n","protected":false},"excerpt":{"rendered":"<p>S\u00e9minaire en ligne \u00ab\u00a0onomastique\u00a0\u00bb CETM Ren\u00e9 Wetzel (Universit\u00e9 de Gen\u00e8ve) \u00ab\u00a0De Mont Sion au miroir de la contemplation. Les p\u00e9riples onomasiologiques d&rsquo;une m\u00e9taphore toponymique&hellip;<\/p>\n","protected":false},"author":6,"featured_media":676,"template":"","meta":{"_acf_changed":false,"_tribe_events_status":"","_tribe_events_status_reason":"","footnotes":""},"tribe_events_cat":[],"class_list":["post-372","tribe_events","type-tribe_events","status-publish","has-post-thumbnail","hentry"],"acf":[],"_links":{"self":[{"href":"https:\/\/sites-recherche.univ-rennes2.fr\/cellam\/wp-json\/wp\/v2\/tribe_events\/372","targetHints":{"allow":["GET"]}}],"collection":[{"href":"https:\/\/sites-recherche.univ-rennes2.fr\/cellam\/wp-json\/wp\/v2\/tribe_events"}],"about":[{"href":"https:\/\/sites-recherche.univ-rennes2.fr\/cellam\/wp-json\/wp\/v2\/types\/tribe_events"}],"author":[{"embeddable":true,"href":"https:\/\/sites-recherche.univ-rennes2.fr\/cellam\/wp-json\/wp\/v2\/users\/6"}],"version-history":[{"count":5,"href":"https:\/\/sites-recherche.univ-rennes2.fr\/cellam\/wp-json\/wp\/v2\/tribe_events\/372\/revisions"}],"predecessor-version":[{"id":681,"href":"https:\/\/sites-recherche.univ-rennes2.fr\/cellam\/wp-json\/wp\/v2\/tribe_events\/372\/revisions\/681"}],"wp:featuredmedia":[{"embeddable":true,"href":"https:\/\/sites-recherche.univ-rennes2.fr\/cellam\/wp-json\/wp\/v2\/media\/676"}],"wp:attachment":[{"href":"https:\/\/sites-recherche.univ-rennes2.fr\/cellam\/wp-json\/wp\/v2\/media?parent=372"}],"wp:term":[{"taxonomy":"tribe_events_cat","embeddable":true,"href":"https:\/\/sites-recherche.univ-rennes2.fr\/cellam\/wp-json\/wp\/v2\/tribe_events_cat?post=372"}],"curies":[{"name":"wp","href":"https:\/\/api.w.org\/{rel}","templated":true}]}}

Séminaire onomastique CETM : René Wetzel

<h2>Séminaire en ligne « onomastique » CETM</h2>
<p><strong>René Wetzel</strong> (Université de Genève) « De Mont Sion au <em>miroir de la contemplation</em>. Les périples onomasiologiques d&rsquo;une métaphore toponymique dans la littérature théologique et mystique au Moyen Âge »</p>
<p>La conférence aura lieu en visioconférence, un lien zoom sera envoyé aux participant.e.s peu avant l’événement.</p>
<p>Pour les inscriptions, contactez <strong>Fabienne Pomel</strong> :<a href="mailto:fabienne.pomel@univ-rennes2.fr"> fabienne.pomel@univ-rennes2.fr</a></p>

<p>Séminaire en ligne « onomastique » CETM René Wetzel (Université de Genève) « De Mont Sion au miroir de la contemplation. Les périples onomasiologiques d&rsquo;une métaphore toponymique&hellip;</p>
