{"id":992,"date":"2021-01-11T15:08:24","date_gmt":"2021-01-11T14:08:24","guid":{"rendered":"http:\/\/sites-recherche.univ-rennes2.fr\/cellam\/?post_type=tribe_events&#038;p=992"},"modified":"2021-07-11T08:36:08","modified_gmt":"2021-07-11T06:36:08","slug":"colloque-stendhal-et-le-livre","status":"publish","type":"tribe_events","link":"https:\/\/sites-recherche.univ-rennes2.fr\/cellam\/evenement\/colloque-stendhal-et-le-livre\/","title":{"rendered":"Colloque : Stendhal et le livre"},"content":{"rendered":"<ul>\n<li>Si l\u2019on sait que Stendhal est un immense lecteur, on pr\u00eate en g\u00e9n\u00e9ral moins d\u2019attention \u00e0 son int\u00e9r\u00eat pour les livres comme objets. Il entretient avec eux un rapport \u00e9troit : constitutifs de son univers familier, ils lui sont une pr\u00e9sence constante et n\u00e9cessaire. Il s\u2019agit pour lui d\u2019un \u00e9l\u00e9ment identitaire : les livres sont instruments privil\u00e9gi\u00e9s de son rapport au monde. Les seules choses qu\u2019il a concr\u00e8tement poss\u00e9d\u00e9es, qui l\u2019ont suivi dans ses d\u00e9placements et dont il d\u00e9plore la perte sont ses livres et ses manuscrits. Rien, toutefois, ne lui est plus \u00e9tranger que la position mallarm\u00e9enne : Stendhal ne pense nullement que le monde soit fait pour aboutir \u00e0 \u00ab un beau livre \u00bb. Il a assur\u00e9ment un rapport bien plus imm\u00e9diat et d\u00e9sacralis\u00e9 \u00e0 l\u2019objet livre : compuls\u00e9, annot\u00e9, interfoli\u00e9, il fait l\u2019objet d\u2019une appropriation qui oscille entre imp\u00e9ratif pratique et geste f\u00e9tichiste. R\u00e9alit\u00e9 vivante, aussi bien mat\u00e9rielle qu\u2019intellectuelle, il est souvent le point d\u2019appui ou le cadre du geste cr\u00e9ateur. Les manuscrits stendhaliens sont ainsi habit\u00e9s, parfois format\u00e9s, par leur devenir-livre. Quant \u00e0 la fabrique \u00e9ditoriale du livre, elle pr\u00e9occupe largement un Stendhal moins d\u00e9sinvolte \u00e0 ce sujet qu\u2019on ne le dit g\u00e9n\u00e9ralement. Ses fictions et ses essais, enfin, sont remplis de livres qui circulent, qu\u2019on \u00e9change, qu\u2019on cache ou qu\u2019on expose, qu\u2019on d\u00e9robe parfois mais qu\u2019on ne lit pas toujours.<\/li>\n<li>Le colloque cherchera \u00e0 explorer l\u2019imaginaire du livre chez Stendhal en mobilisant notamment la po\u00e9tique historique des supports mais aussi l\u2019histoire culturelle et mat\u00e9rielle du livre. On mettra l\u2019accent sur les usages et les pratiques concr\u00e8tes du livre tant dans la vie d\u2019Henri Beyle que dans les processus cr\u00e9ateur et \u00e9ditorial des \u0153uvres de \u00ab M. de Stendhal \u00bb.<\/li>\n<\/ul>\n<p>&nbsp;<\/p>\n<div class=\"col-md-8\">\n<div class=\"entry-content\">\n<p><strong>PROGRAMME<\/strong><\/p>\n<p><em>Vendredi 4 juin<\/em><\/p>\n<p>Ouverture du colloque : Xavier Bourdenet et Marie Parmentier<\/p>\n<p><strong>R\u00e9cit de voyage et r\u00e9cit de soi : le rapport au livre<\/strong><\/p>\n<p>Pr\u00e9sidence : Xavier Bourdenet (universit\u00e9 Rennes 2)<\/p>\n<p>13h45 \u2014\u2014 \u2014 Keiko Sugimoto-Ebine (universit\u00e9 Meiji-gakuin, Tokyo) \u00ab Stendhal voyageur, ou des livres qui se prom\u00e8nent sur une grande route (Voyages en France) \u00bb<\/p>\n<p>14h15 \u2014\u2014 \u2014 B\u00e9atrice Didier (ENS Paris) \u00ab Une autobiographie peut-elle devenir un livre ? (Vie de Henry Brulard) \u00bb<\/p>\n<p>14h45 \u2014\u2014 \u2014 Fabienne Bercegol (universit\u00e9 Toulouse \u2013 Jean Jaur\u00e8s) \u00ab Stendhal relecteur de ses manuscrits : le cas de la Vie de Henry Brulard \u00bb<\/p>\n<p>15h15 \u2014\u2014 \u2014 discussion puis pause<\/p>\n<p>&nbsp;<\/p>\n<p><strong>Le livre dans le livre Pr\u00e9sidence : Marie Parmentier (universit\u00e9 Sorbonne Nouvelle)<\/strong><\/p>\n<p>16h \u2014\u2014 \u2014 Philipp Lammers (universit\u00e9 de Constance) \u00ab L\u2019imaginaire violent du livre : le \u00ab livre-h\u00e9ros \u00bb chez Stendhal de la presse au Rouge et le Noir \u00bb<\/p>\n<p>16h30 \u2014\u2014 \u2014 Charl\u00e8ne Huttenberger-Revelli (Toulouse) \u00ab L\u2019imaginaire ambigu de la biblioth\u00e8que stendhalienne dans F\u00e9der \u00bb<\/p>\n<p>17h \u2014\u2014 \u2014 Marie Baudry (Universit\u00e9 de Lorraine) \u00ab Penser l\u2019\u00e9galit\u00e9 et la diff\u00e9rence des sexes avec les personnages lecteurs et lectrices chez Stendhal \u00bb<\/p>\n<p>17h30 \u2014\u2014 \u2014 discussion<\/p>\n<p>&nbsp;<\/p>\n<p><em>Samedi 5 juin<\/em><\/p>\n<p><strong>La fabrique du livre <\/strong><\/p>\n<p>Pr\u00e9sidence : Fran\u00e7ois Vanoosthuyse (universit\u00e9 de Rouen)<\/p>\n<p>9h \u2014\u2014 \u2014 Jean-Jacques Labia (universit\u00e9 Paris Nanterre) \u00ab Un livre in\u00e9dit : Rome, Naples et Florence en 1817, par M. de Stendhal \u00bb<\/p>\n<p>9h30 \u2014\u2014 \u2014 H\u00e9l\u00e8ne Spengler (Grenoble \u2013 Lyc\u00e9e Vaucanson) \u00ab La Vie de Napol\u00e9on ou le projet \u00e9ditorial d\u2019un livre-monstre \u00bb<\/p>\n<p>10h \u2014\u2014 \u2014 Serge Link\u00e8s (universit\u00e9 de La Rochelle) \u00ab Stendhal et l\u2019\u00e9dition posthume : petite histoire des livres que Stendhal n\u2019a pas \u00e9crits \u00bb<\/p>\n<p>10h30 \u2014\u2014 \u2014 discussion puis pause<\/p>\n<p>&nbsp;<\/p>\n<p><strong>Stendhal et le livre illustr\u00e9 <\/strong><\/p>\n<p>Pr\u00e9sidence : Fran\u00e7ois Vanoosthuyse<\/p>\n<p>11h15 \u2014\u2014 \u2014 Am\u00e9lie de Chaisemartin (Paris) \u00ab Les \u00e9ditions illustr\u00e9es du Rouge et le Noir au XIXe si\u00e8cle : trois lectures de l\u2019oeuvre \u00bb<\/p>\n<p>11h45 \u2014\u2014 \u2014 Marine Le Bail (universit\u00e9 Toulouse \u2013 Jean Jaur\u00e8s) \u00ab Le Noir et le Blanc : la gravure comme mode de (re)lecture du Rouge et le Noir dans quelques \u00e9ditions d\u2019amateur (1884-1922) \u00bb<\/p>\n<p>12h15 \u2014\u2014 \u2014 discussion<\/p>\n<\/div>\n<\/div>\n<div class=\"col mt-5 mt-md-0 mb-4\">\n<aside class=\"entry-aside\">\n<h2>DATE<\/h2>\n<p>4 ET 5 JUIN 2021<\/p>\n<h2>LIEU (BIMODAL)<\/h2>\n<p><em>Salle Ath\u00e9na<\/em><br \/>\n<em>Maison de la Recherche <\/em><br \/>\n<em>de l\u2019Universit\u00e9 Sorbonne Nouvelle<\/em><br \/>\n<em>4 rue des Irlandais<\/em><br \/>\n<em>75005 Paris<\/em><\/p>\n<p>et: Lien GoogleMeet : Colloque Stendhal et le livre (4-5 juin 2021) \u2014\u2014 https:\/\/meet.google.com\/vxc-tbte-qms<\/p>\n<h2>ORGANISATION<\/h2>\n<p>Xavier Bourdenet : <a href=\"mailto:xavier.bourdenet@univ-rennes2.fr\">xavier.bourdenet@univ-rennes2.fr\u00a0<\/a><\/p>\n<p>Marie Parmentier: marie.parmentier@sorbonne-nouvelle.fr<\/p>\n<\/aside>\n<p class=\"my-4\"><a class=\"forward-link\" title=\"Archive des acticles\" href=\"https:\/\/sites-recherche.univ-rennes2.fr\/cellam\/articles\/\">Voir tous les articles<\/a><\/p>\n<\/div>\n","protected":false},"excerpt":{"rendered":"<p>Si l\u2019on sait que Stendhal est un immense lecteur, on pr\u00eate en g\u00e9n\u00e9ral moins d\u2019attention \u00e0 son int\u00e9r\u00eat pour les livres comme objets. Il&hellip;<\/p>\n","protected":false},"author":6,"featured_media":1928,"template":"","meta":{"_acf_changed":false,"_tribe_events_status":"","_tribe_events_status_reason":"","footnotes":""},"tribe_events_cat":[],"class_list":["post-992","tribe_events","type-tribe_events","status-publish","has-post-thumbnail","hentry"],"acf":[],"_links":{"self":[{"href":"https:\/\/sites-recherche.univ-rennes2.fr\/cellam\/wp-json\/wp\/v2\/tribe_events\/992","targetHints":{"allow":["GET"]}}],"collection":[{"href":"https:\/\/sites-recherche.univ-rennes2.fr\/cellam\/wp-json\/wp\/v2\/tribe_events"}],"about":[{"href":"https:\/\/sites-recherche.univ-rennes2.fr\/cellam\/wp-json\/wp\/v2\/types\/tribe_events"}],"author":[{"embeddable":true,"href":"https:\/\/sites-recherche.univ-rennes2.fr\/cellam\/wp-json\/wp\/v2\/users\/6"}],"version-history":[{"count":7,"href":"https:\/\/sites-recherche.univ-rennes2.fr\/cellam\/wp-json\/wp\/v2\/tribe_events\/992\/revisions"}],"predecessor-version":[{"id":2068,"href":"https:\/\/sites-recherche.univ-rennes2.fr\/cellam\/wp-json\/wp\/v2\/tribe_events\/992\/revisions\/2068"}],"wp:featuredmedia":[{"embeddable":true,"href":"https:\/\/sites-recherche.univ-rennes2.fr\/cellam\/wp-json\/wp\/v2\/media\/1928"}],"wp:attachment":[{"href":"https:\/\/sites-recherche.univ-rennes2.fr\/cellam\/wp-json\/wp\/v2\/media?parent=992"}],"wp:term":[{"taxonomy":"tribe_events_cat","embeddable":true,"href":"https:\/\/sites-recherche.univ-rennes2.fr\/cellam\/wp-json\/wp\/v2\/tribe_events_cat?post=992"}],"curies":[{"name":"wp","href":"https:\/\/api.w.org\/{rel}","templated":true}]}}

<ul>
<li>Si l’on sait que Stendhal est un immense lecteur, on prête en général moins d’attention à son intérêt pour les livres comme objets. Il entretient avec eux un rapport étroit : constitutifs de son univers familier, ils lui sont une présence constante et nécessaire. Il s’agit pour lui d’un élément identitaire : les livres sont instruments privilégiés de son rapport au monde. Les seules choses qu’il a concrètement possédées, qui l’ont suivi dans ses déplacements et dont il déplore la perte sont ses livres et ses manuscrits. Rien, toutefois, ne lui est plus étranger que la position mallarméenne : Stendhal ne pense nullement que le monde soit fait pour aboutir à « un beau livre ». Il a assurément un rapport bien plus immédiat et désacralisé à l’objet livre : compulsé, annoté, interfolié, il fait l’objet d’une appropriation qui oscille entre impératif pratique et geste fétichiste. Réalité vivante, aussi bien matérielle qu’intellectuelle, il est souvent le point d’appui ou le cadre du geste créateur. Les manuscrits stendhaliens sont ainsi habités, parfois formatés, par leur devenir-livre. Quant à la fabrique éditoriale du livre, elle préoccupe largement un Stendhal moins désinvolte à ce sujet qu’on ne le dit généralement. Ses fictions et ses essais, enfin, sont remplis de livres qui circulent, qu’on échange, qu’on cache ou qu’on expose, qu’on dérobe parfois mais qu’on ne lit pas toujours.</li>
<li>Le colloque cherchera à explorer l’imaginaire du livre chez Stendhal en mobilisant notamment la poétique historique des supports mais aussi l’histoire culturelle et matérielle du livre. On mettra l’accent sur les usages et les pratiques concrètes du livre tant dans la vie d’Henri Beyle que dans les processus créateur et éditorial des œuvres de « M. de Stendhal ».</li>
</ul>
<p>&nbsp;</p>
<div class="col-md-8">
<div class="entry-content">
<p><strong>PROGRAMME</strong></p>
<p><em>Vendredi 4 juin</em></p>
<p>Ouverture du colloque : Xavier Bourdenet et Marie Parmentier</p>
<p><strong>Récit de voyage et récit de soi : le rapport au livre</strong></p>
<p>Présidence : Xavier Bourdenet (université Rennes 2)</p>
<p>13h45 —— — Keiko Sugimoto-Ebine (université Meiji-gakuin, Tokyo) « Stendhal voyageur, ou des livres qui se promènent sur une grande route (Voyages en France) »</p>
<p>14h15 —— — Béatrice Didier (ENS Paris) « Une autobiographie peut-elle devenir un livre ? (Vie de Henry Brulard) »</p>
<p>14h45 —— — Fabienne Bercegol (université Toulouse – Jean Jaurès) « Stendhal relecteur de ses manuscrits : le cas de la Vie de Henry Brulard »</p>
<p>15h15 —— — discussion puis pause</p>
<p>&nbsp;</p>
<p><strong>Le livre dans le livre Présidence : Marie Parmentier (université Sorbonne Nouvelle)</strong></p>
<p>16h —— — Philipp Lammers (université de Constance) « L’imaginaire violent du livre : le « livre-héros » chez Stendhal de la presse au Rouge et le Noir »</p>
<p>16h30 —— — Charlène Huttenberger-Revelli (Toulouse) « L’imaginaire ambigu de la bibliothèque stendhalienne dans Féder »</p>
<p>17h —— — Marie Baudry (Université de Lorraine) « Penser l’égalité et la différence des sexes avec les personnages lecteurs et lectrices chez Stendhal »</p>
<p>17h30 —— — discussion</p>
<p>&nbsp;</p>
<p><em>Samedi 5 juin</em></p>
<p><strong>La fabrique du livre </strong></p>
<p>Présidence : François Vanoosthuyse (université de Rouen)</p>
<p>9h —— — Jean-Jacques Labia (université Paris Nanterre) « Un livre inédit : Rome, Naples et Florence en 1817, par M. de Stendhal »</p>
<p>9h30 —— — Hélène Spengler (Grenoble – Lycée Vaucanson) « La Vie de Napoléon ou le projet éditorial d’un livre-monstre »</p>
<p>10h —— — Serge Linkès (université de La Rochelle) « Stendhal et l’édition posthume : petite histoire des livres que Stendhal n’a pas écrits »</p>
<p>10h30 —— — discussion puis pause</p>
<p>&nbsp;</p>
<p><strong>Stendhal et le livre illustré </strong></p>
<p>Présidence : François Vanoosthuyse</p>
<p>11h15 —— — Amélie de Chaisemartin (Paris) « Les éditions illustrées du Rouge et le Noir au XIXe siècle : trois lectures de l’oeuvre »</p>
<p>11h45 —— — Marine Le Bail (université Toulouse – Jean Jaurès) « Le Noir et le Blanc : la gravure comme mode de (re)lecture du Rouge et le Noir dans quelques éditions d’amateur (1884-1922) »</p>
<p>12h15 —— — discussion</p>
</div>
</div>
<div class="col mt-5 mt-md-0 mb-4">
<aside class="entry-aside">
<h2>DATE</h2>
<p>4 ET 5 JUIN 2021</p>
<h2>LIEU (BIMODAL)</h2>
<p><em>Salle Athéna</em><br />
<em>Maison de la Recherche </em><br />
<em>de l’Université Sorbonne Nouvelle</em><br />
<em>4 rue des Irlandais</em><br />
<em>75005 Paris</em></p>
<p>et: Lien GoogleMeet : Colloque Stendhal et le livre (4-5 juin 2021) —— https://meet.google.com/vxc-tbte-qms</p>
<h2>ORGANISATION</h2>
<p>Xavier Bourdenet : <a href="mailto:xavier.bourdenet@univ-rennes2.fr">xavier.bourdenet@univ-rennes2.fr </a></p>
<p>Marie Parmentier: marie.parmentier@sorbonne-nouvelle.fr</p>
</aside>
<p class="my-4"><a class="forward-link" title="Archive des acticles" href="https://sites-recherche.univ-rennes2.fr/cellam/articles/">Voir tous les articles</a></p>
</div>

<p>Si l’on sait que Stendhal est un immense lecteur, on prête en général moins d’attention à son intérêt pour les livres comme objets. Il&hellip;</p>
