{"id":488,"date":"2024-03-27T15:59:44","date_gmt":"2024-03-27T14:59:44","guid":{"rendered":"https:\/\/sites-recherche.univ-rennes2.fr\/celtic-blm\/?post_type=tribe_events&#038;p=488"},"modified":"2024-03-27T17:31:30","modified_gmt":"2024-03-27T16:31:30","slug":"seminaire-du-celtic-blm-sur-leducation-bi-plurilingue","status":"publish","type":"tribe_events","link":"https:\/\/sites-recherche.univ-rennes2.fr\/celtic-blm\/event\/seminaire-du-celtic-blm-sur-leducation-bi-plurilingue\/","title":{"rendered":"s\u00e9minaire du Celtic-Blm sur l&rsquo;\u00e9ducation bi-plurilingue"},"content":{"rendered":"<p><strong>Interventions de :<\/strong><\/p>\n<p><strong>Marielle RISPAIL<\/strong> (Universit\u00e9 Jean Monnet, St Etienne) : Vivre et apprendre en plusieurs langues &#8211; Les dessous scientifiques d\u2019une recherche-action.<\/p>\n<p><strong>Amidou MAIGA <\/strong>(Universit\u00e9 de Kabala, Bamako)\u00a0: Langues nationales \u00e9rig\u00e9es en langues officielles au Mali\u00a0: d\u00e9fis et perspectives<\/p>\n<p><strong>Stefan MOAL<\/strong> (Universit\u00e9 Rennes 2) : Relations sur le plan sociodidactique, sociolinguistique et p\u00e9dagogique dans l&rsquo;enseignement immersif \/ bilingue \u00e0 l&rsquo;int\u00e9rieur du triangle breton-fran\u00e7ais -anglais.<\/p>\n","protected":false},"excerpt":{"rendered":"<p>Interventions de : Marielle RISPAIL (Universit\u00e9 Jean Monnet, St Etienne) : Vivre et apprendre en plusieurs langues &#8211; Les dessous scientifiques d\u2019une recherche-action. Amidou&hellip;<\/p>\n","protected":false},"author":3,"featured_media":0,"template":"","meta":{"_acf_changed":false,"_tribe_events_status":"","_tribe_events_status_reason":"","footnotes":""},"tribe_events_cat":[],"class_list":["post-488","tribe_events","type-tribe_events","status-publish","hentry"],"acf":[],"_links":{"self":[{"href":"https:\/\/sites-recherche.univ-rennes2.fr\/celtic-blm\/wp-json\/wp\/v2\/tribe_events\/488","targetHints":{"allow":["GET"]}}],"collection":[{"href":"https:\/\/sites-recherche.univ-rennes2.fr\/celtic-blm\/wp-json\/wp\/v2\/tribe_events"}],"about":[{"href":"https:\/\/sites-recherche.univ-rennes2.fr\/celtic-blm\/wp-json\/wp\/v2\/types\/tribe_events"}],"author":[{"embeddable":true,"href":"https:\/\/sites-recherche.univ-rennes2.fr\/celtic-blm\/wp-json\/wp\/v2\/users\/3"}],"version-history":[{"count":7,"href":"https:\/\/sites-recherche.univ-rennes2.fr\/celtic-blm\/wp-json\/wp\/v2\/tribe_events\/488\/revisions"}],"predecessor-version":[{"id":497,"href":"https:\/\/sites-recherche.univ-rennes2.fr\/celtic-blm\/wp-json\/wp\/v2\/tribe_events\/488\/revisions\/497"}],"wp:attachment":[{"href":"https:\/\/sites-recherche.univ-rennes2.fr\/celtic-blm\/wp-json\/wp\/v2\/media?parent=488"}],"wp:term":[{"taxonomy":"tribe_events_cat","embeddable":true,"href":"https:\/\/sites-recherche.univ-rennes2.fr\/celtic-blm\/wp-json\/wp\/v2\/tribe_events_cat?post=488"}],"curies":[{"name":"wp","href":"https:\/\/api.w.org\/{rel}","templated":true}]}}

séminaire du Celtic-Blm sur l&rsquo;éducation bi-plurilingue

<p><strong>Interventions de :</strong></p>
<p><strong>Marielle RISPAIL</strong> (Université Jean Monnet, St Etienne) : Vivre et apprendre en plusieurs langues &#8211; Les dessous scientifiques d’une recherche-action.</p>
<p><strong>Amidou MAIGA </strong>(Université de Kabala, Bamako) : Langues nationales érigées en langues officielles au Mali : défis et perspectives</p>
<p><strong>Stefan MOAL</strong> (Université Rennes 2) : Relations sur le plan sociodidactique, sociolinguistique et pédagogique dans l&rsquo;enseignement immersif / bilingue à l&rsquo;intérieur du triangle breton-français -anglais.</p>

<p>Interventions de : Marielle RISPAIL (Université Jean Monnet, St Etienne) : Vivre et apprendre en plusieurs langues &#8211; Les dessous scientifiques d’une recherche-action. Amidou&hellip;</p>
