{"id":734,"date":"2021-03-22T16:54:33","date_gmt":"2021-03-22T15:54:33","guid":{"rendered":"https:\/\/sites-recherche.univ-rennes2.fr\/erimit\/?post_type=tribe_events&#038;p=734"},"modified":"2021-03-22T16:54:33","modified_gmt":"2021-03-22T15:54:33","slug":"seminaire-linguisticando","status":"publish","type":"tribe_events","link":"https:\/\/sites-recherche.univ-rennes2.fr\/erimit\/event\/seminaire-linguisticando\/","title":{"rendered":"S\u00e9minaire Ling\u00fcisticando"},"content":{"rendered":"<p>\u00ab\u00a0Quels n\u00e9ologismes pour quels submorph\u00e8mes? R\u00e9flexions autour de la terminologie submorphologique\u00a0\u00bb (Damien Zalio, docteur, ATER Rennes 2)<\/p>\n","protected":false},"excerpt":{"rendered":"<p>\u00ab\u00a0Quels n\u00e9ologismes pour quels submorph\u00e8mes? R\u00e9flexions autour de la terminologie submorphologique\u00a0\u00bb (Damien Zalio, docteur, ATER Rennes 2)<\/p>\n","protected":false},"author":6,"featured_media":0,"template":"","meta":{"_acf_changed":false,"_tribe_events_status":"","_tribe_events_status_reason":"","footnotes":""},"tribe_events_cat":[],"class_list":["post-734","tribe_events","type-tribe_events","status-publish","hentry"],"acf":[],"_links":{"self":[{"href":"https:\/\/sites-recherche.univ-rennes2.fr\/erimit\/wp-json\/wp\/v2\/tribe_events\/734","targetHints":{"allow":["GET"]}}],"collection":[{"href":"https:\/\/sites-recherche.univ-rennes2.fr\/erimit\/wp-json\/wp\/v2\/tribe_events"}],"about":[{"href":"https:\/\/sites-recherche.univ-rennes2.fr\/erimit\/wp-json\/wp\/v2\/types\/tribe_events"}],"author":[{"embeddable":true,"href":"https:\/\/sites-recherche.univ-rennes2.fr\/erimit\/wp-json\/wp\/v2\/users\/6"}],"version-history":[{"count":1,"href":"https:\/\/sites-recherche.univ-rennes2.fr\/erimit\/wp-json\/wp\/v2\/tribe_events\/734\/revisions"}],"predecessor-version":[{"id":735,"href":"https:\/\/sites-recherche.univ-rennes2.fr\/erimit\/wp-json\/wp\/v2\/tribe_events\/734\/revisions\/735"}],"wp:attachment":[{"href":"https:\/\/sites-recherche.univ-rennes2.fr\/erimit\/wp-json\/wp\/v2\/media?parent=734"}],"wp:term":[{"taxonomy":"tribe_events_cat","embeddable":true,"href":"https:\/\/sites-recherche.univ-rennes2.fr\/erimit\/wp-json\/wp\/v2\/tribe_events_cat?post=734"}],"curies":[{"name":"wp","href":"https:\/\/api.w.org\/{rel}","templated":true}]}}

Séminaire Lingüisticando

<p>« Quels néologismes pour quels submorphèmes? Réflexions autour de la terminologie submorphologique » (Damien Zalio, docteur, ATER Rennes 2)</p>
