{"id":143,"date":"2020-10-07T17:45:36","date_gmt":"2020-10-07T15:45:36","guid":{"rendered":"https:\/\/sites-recherche.univ-rennes2.fr\/liris\/?page_id=143"},"modified":"2024-03-04T09:38:36","modified_gmt":"2024-03-04T08:38:36","slug":"hdr-et-theses-soutenues","status":"publish","type":"page","link":"https:\/\/sites-recherche.univ-rennes2.fr\/liris\/hdr-et-theses-soutenues\/","title":{"rendered":"HDR et Th\u00e8ses soutenues"},"content":{"rendered":"<h2>Les th\u00e8ses soutenues en 2023<\/h2>\n<p><strong><br \/>\nMAGUY Jennifer <\/strong><\/p>\n<p>\u00ab\u00a0La r\u00e9insertion \u00e0 la relation : place et pouvoir du corps mobilis\u00e9 dans des dispositifs d&rsquo;action sociale\u00a0\u00bb<\/p>\n<p>sous la direction de <strong>Jean-Yves DARTIGUENAVE<\/strong> et <strong>Sophie LE COQ<\/strong><br \/>\n<strong><br \/>\n<\/strong><\/p>\n<p><strong>SANCHEZ Alan<\/strong><\/p>\n<p>\u00ab\u00a0Sociologie du tourisme de rivage dans la C\u00f4te d\u2019Azur (France) et la C\u00f4te Pacifique (Mexique). Une enqu\u00eate sur l\u2019\u00e9conomie touristique et les mouvements socio-environnementaux\u00a0\u00bb<\/p>\n<p>Sous la direction <strong>d&rsquo;Ulrike SCHUERKENS<\/strong><\/p>\n<p>&nbsp;<\/p>\n<h2>Les th\u00e8ses soutenues en 2022<\/h2>\n<p><strong>BERGEAULT Yann<\/strong><\/p>\n<p>\u00ab\u00a0La Nation et la Citoyennet\u00e9 une production sociale complexe. Analyse compar\u00e9e de la r\u00e9surgence nationaliste, le cas de la France et de l&rsquo;Italie, pendant la guerre en Libye de 2011\u00a0\u00bb<\/p>\n<p>Sous la direction de <strong>Ali AIT\u00a0ABDELMALEK<\/strong><\/p>\n<p>&nbsp;<\/p>\n<p><strong>HOUNKPATIN Richelle<\/strong><\/p>\n<p>\u00ab\u00a0Evolution des mod\u00e8les et pratiques de gouvernance dans les associations innovantes: cas de l&rsquo;ADAPEI de Loire-Atlantique\u00a0\u00bb<\/p>\n<p>Sous la direction de <strong>Pascal GLEMAIN<\/strong><\/p>\n<p>&nbsp;<\/p>\n<p><strong>KOUADIO KONAN Jean Claude<\/strong><\/p>\n<p>\u00ab\u00a0Philanthropie et d\u00e9veloppement en Afrique. Etude de cas en Cote d&rsquo;Ivoire\u00a0\u00bb<\/p>\n<p>Sous la direction d&rsquo;<strong>Ulrike SCHUERKENS<\/strong><\/p>\n<p>&nbsp;<\/p>\n<p><strong>KWIZERA Christella<\/strong><\/p>\n<p>\u00ab\u00a0Pratiques esth\u00e9tiques des femmes d&rsquo;ascendance africaine subsaharienne : leviers d&rsquo;une industrie cosm\u00e9tique issue des terroirs africains\u00a0\u00bb<\/p>\n<p>Sous la direction <strong>d&rsquo;Ulrike SCHUERKENS<\/strong><\/p>\n<p>&nbsp;<\/p>\n<p><strong>LALOUX Marion<\/strong><\/p>\n<p>\u00ab\u00a0Territoire, identit\u00e9 et politique : essai d&rsquo;analyse compar\u00e9e des strat\u00e9gies de d\u00e9veloppement\u00a0\u00bb<\/p>\n<p>Sous la direction de <strong>Ali AIT ABDELMALEK<\/strong><\/p>\n<p>&nbsp;<\/p>\n<p><strong>PELLEGRIS Alban<\/strong><\/p>\n<p>Le d\u00e9couplage entre la consommation d\u2019\u00e9nergie et le PIB : questionnements th\u00e9oriques et \u00e9valuations empiriques du r\u00f4le de l\u2019\u00e9nergie dans le processus de croissance \u00e9conomique<\/p>\n<p>Sous la direction de <strong>Marc LAUTIER<\/strong> et <strong>Franck-Dominique VIVIEN<\/strong><\/p>\n<p>&nbsp;<\/p>\n<p><strong>ROBLOT Elisa<\/strong><\/p>\n<p>\u00ab\u00a0D\u00e9sapprendre pour apprendre ? : la place de la controverse constructive dans le d\u00e9veloppement d\u2019une fonction interne de formation en situation de travail\u00a0\u00bb<\/p>\n<p>Sous la direction de <strong>Pascal GLEMAIN <\/strong>et <strong>Jennifer URASADETTAN<br \/>\n<\/strong><\/p>\n<p>&nbsp;<\/p>\n<p>&nbsp;<\/p>\n<h2>Les th\u00e8ses soutenues en 2021<\/h2>\n<p><strong>STOHELLOU Tristan<\/strong><\/p>\n<p>\u00ab\u00a0Territoire et socialit\u00e9 ; des processus d&rsquo;int\u00e9gration \u00e0 l&rsquo;arriv\u00e9e dans un nouveau territoire\u00a0\u00bb<\/p>\n<p>Sous la direction de <strong>Ali Ait ABDELMALEK<\/strong><\/p>\n<p>&nbsp;<\/p>\n<p><strong>VALMERA Franceau<\/strong><\/p>\n<p>\u00ab\u00a0Vers une refondation du droit des finances locales en Ha\u00efti\u00a0\u00bb<\/p>\n<p>Sous la direction de <strong>Gil DESMOULIN<\/strong><\/p>\n<h2><\/h2>\n<h2>Les th\u00e8ses soutenues en 2020<\/h2>\n<p><strong>FOUQUE LE BOUIL Anne<\/strong><\/p>\n<p>\u00ab\u00a0Du sujet et de la personne. Contribution d\u2019une sociologie clinique \u00e0 la constitution du champ de la vieillesse et du vieillissement.\u00a0\u00bb<\/p>\n<p>Sous la direction de <strong>Jean-Yves DARTIGUENAVE<\/strong> et\u00a0<strong>Cl\u00e9ment DE GUIBERT<\/strong><\/p>\n<p>&nbsp;<\/p>\n<p><strong> TOCHE Lolita<\/strong><\/p>\n<p>\u00ab\u00a0Finances et financements des entreprises sociales apprenantes : soutien et enjeux manag\u00e9riaux des entreprises d&rsquo;\u00e9conomie sociale et solidaire\u00a0\u00bb<\/p>\n<p>Sous la direction de <strong>Pascal GLEMAIN<\/strong><\/p>\n<p>&nbsp;<\/p>\n<h2>Les th\u00e8ses soutenues en 2019<\/h2>\n<p><strong>KINHOU Viwagbo<\/strong><\/p>\n<p>\u00ab\u00a0La souverainet\u00e9 alimentaire dans une perspective de s\u00e9curit\u00e9 alimentaire durable\u00a0: illusion ou r\u00e9alit\u00e9\u00a0? Le cas de la fili\u00e8re riz dans la commune de Malanville au Nord-Est du B\u00e9nin\u00a0\u00bb<\/p>\n<p>Sous la direction de <strong>Jean-Paul MARECHAL<\/strong><\/p>\n<p>&nbsp;<\/p>\n<p><strong>MAGROU Marthe<\/strong><\/p>\n<p>\u00ab\u00a0Technique et nature cultiv\u00e9e : entre symbolisme et pratiques agraires. Approche anthropo-sociologique des \u00e9pouvantails dans les champs. Etudes en nord Nouvelle- Aquitaine, France.\u00a0\u00bb<\/p>\n<p>Sous la direction de <strong>Ali AIT ABDELMALEK<\/strong><\/p>\n<p>&nbsp;<\/p>\n<p><strong>MORIN Antonin<\/strong><\/p>\n<p>\u00ab\u00a0Le monde selon l&rsquo;harmonie chinoise : strat\u00e9gies d&rsquo;implantation des entreprises publiques chinoises en Malaisie et au Cambodge\u00a0\u00bb<\/p>\n<p>Sous la direction de <strong>Jean-Paul MARECHAL<\/strong> et <strong>Elsa LAFAYE DE MICHEAUX<\/strong><\/p>\n<p>&nbsp;<\/p>\n<p><strong>PECQUEUR Christophe<\/strong><\/p>\n<p>\u00ab\u00a0Les usages de produits psychotropes en milieu festif chez les jeunes\u00a0\u00bb<\/p>\n<p>Sous la direction de <strong>Jean-Yves DARTIGUENAVE <\/strong>et <strong>J<span style=\"font-size: 1rem;\">ean-Claude QUENTEL<\/span><\/strong><\/p>\n<p>&nbsp;<\/p>\n<p><strong>VIXAMAR Joram<\/strong><\/p>\n<p>\u00ab\u00a0L&rsquo;Etat central et les collectivit\u00e9s d\u00e9centralis\u00e9es d&rsquo;Ha\u00efti : \u00e9tude des relations dans le processus de d\u00e9centralisation\u00a0\u00bb<\/p>\n<p>Sous la direction de <strong>Corinne DELON DESMOULIN<\/strong><\/p>\n<p>&nbsp;<\/p>\n<h2>Les th\u00e8ses soutenues en 2018<\/h2>\n<p><strong>BENNAR Hajar<\/strong><\/p>\n<p>\u201cLes \u00e9nergies renouvelables, entre garantie des besoins des consommateurs et respect de l&rsquo;exigence du d\u00e9veloppement durable. Etude du cas de l&rsquo;Allemagne\u201d.<\/p>\n<p>Sous la direction de <strong>Jean-Paul MARECHAL<\/strong><\/p>\n<p>&nbsp;<\/p>\n<p><strong>DIOP Joseph<\/strong><\/p>\n<p>\u201cDynamiques territoriales et construction de l\u2019espace local. Approche socio-anthropologique de l\u2019intervention sociale dans la promotion du d\u00e9veloppement dans la Communaut\u00e9 rurale de Fand\u00e8ne (S\u00e9n\u00e9gal)\u201d.<\/p>\n<p>Sous la direction de <strong>Jean-Yves DARTIGUENAVE<\/strong> et <strong style=\"font-size: 1rem;\">Martin ROBITAILLE <\/strong>(UQO)<\/p>\n<p>&nbsp;<\/p>\n<p><strong>JACQUET Audrey<\/strong><\/p>\n<p>\u201cL\u2019autorit\u00e9 parentale questionn\u00e9e du point de vue des sciences humaines\u201d.<\/p>\n<p>Sous la direction de<strong> Jean-Claude QUENTEL<\/strong><\/p>\n<p>&nbsp;<\/p>\n<p><strong>KPODEKON Esther<\/strong><\/p>\n<p>\u201cL\u2019accompagnement technique des institutions de microfinance au Burkina Faso et au S\u00e9n\u00e9gal\u201d.<\/p>\n<p>Sous la direction de <strong>Pascal GLEMAIN<\/strong><\/p>\n<p>&nbsp;<\/p>\n<p><strong>PIRC Raphael<\/strong><\/p>\n<p>\u201cAnalyse socio anthropologique du stress professionnel, entre malaise et construction sociale.\u201d<\/p>\n<p>Sous la direction de <strong>Ali Ait ABDELMALEK<\/strong><\/p>\n<p>&nbsp;<\/p>\n<h2>Les th\u00e8ses soutenues en 2017<\/h2>\n<p><strong>POULAIN Jean-Luc<\/strong><\/p>\n<p>\u201cLe dirigeant d&rsquo;entreprise et le territoire : essai d&rsquo;analyse sociologique des strat\u00e9gies patronales. Le cas des E.T.I. en Bretagne.\u201d<\/p>\n<p>Sous la direction de <strong>Ali Ait ABDELMALEK<\/strong><\/p>\n<p>&nbsp;<\/p>\n<p><strong>GOASMAT Gr\u00e9gory<\/strong><\/p>\n<p>\u201cLangue des signes et malaise du sujet\u201d.<\/p>\n<p>Sous la direction de <strong>Jean-Claude QUENTEL<\/strong><\/p>\n<p>&nbsp;<\/p>\n<p>&nbsp;<\/p>\n<h2>Les th\u00e8ses soutenues en 2016<\/h2>\n<p><strong>COSTANZO Elsa<\/strong><\/p>\n<p>\u201cL&rsquo;encastrement politique des organisations de finance solidaire directe\u201d.<\/p>\n<p>Sous la direction de <strong>Pascal GLEMAIN <\/strong><\/p>\n<p>&nbsp;<\/p>\n<p><strong>AKDIM Hamid<\/strong><\/p>\n<p>\u201cLa dynamique du processus d&rsquo;internationalisation des PME de la r\u00e9gion F\u00e8s-Mekn\u00e8s (Maroc) : analyse th\u00e9orique et \u00e9tude empirique<\/p>\n<p>Sous la direction de\u00a0<strong>Alain AMINTAS<\/strong> et <strong>Miloud ELHAFIDI<\/strong><\/p>\n","protected":false},"excerpt":{"rendered":"<p>Les th\u00e8ses soutenues en 2023 MAGUY Jennifer \u00ab\u00a0La r\u00e9insertion \u00e0 la relation : place et pouvoir du corps mobilis\u00e9 dans des dispositifs d&rsquo;action sociale\u00a0\u00bb&hellip;<\/p>\n","protected":false},"author":1,"featured_media":0,"parent":0,"menu_order":0,"comment_status":"closed","ping_status":"closed","template":"","meta":{"_acf_changed":false,"footnotes":""},"class_list":["post-143","page","type-page","status-publish","hentry"],"acf":[],"_links":{"self":[{"href":"https:\/\/sites-recherche.univ-rennes2.fr\/liris\/wp-json\/wp\/v2\/pages\/143","targetHints":{"allow":["GET"]}}],"collection":[{"href":"https:\/\/sites-recherche.univ-rennes2.fr\/liris\/wp-json\/wp\/v2\/pages"}],"about":[{"href":"https:\/\/sites-recherche.univ-rennes2.fr\/liris\/wp-json\/wp\/v2\/types\/page"}],"author":[{"embeddable":true,"href":"https:\/\/sites-recherche.univ-rennes2.fr\/liris\/wp-json\/wp\/v2\/users\/1"}],"replies":[{"embeddable":true,"href":"https:\/\/sites-recherche.univ-rennes2.fr\/liris\/wp-json\/wp\/v2\/comments?post=143"}],"version-history":[{"count":16,"href":"https:\/\/sites-recherche.univ-rennes2.fr\/liris\/wp-json\/wp\/v2\/pages\/143\/revisions"}],"predecessor-version":[{"id":757,"href":"https:\/\/sites-recherche.univ-rennes2.fr\/liris\/wp-json\/wp\/v2\/pages\/143\/revisions\/757"}],"wp:attachment":[{"href":"https:\/\/sites-recherche.univ-rennes2.fr\/liris\/wp-json\/wp\/v2\/media?parent=143"}],"curies":[{"name":"wp","href":"https:\/\/api.w.org\/{rel}","templated":true}]}}