{"id":199,"date":"2020-11-06T13:10:56","date_gmt":"2020-11-06T12:10:56","guid":{"rendered":"https:\/\/sites-recherche.univ-rennes2.fr\/liris\/?page_id=199"},"modified":"2026-01-12T15:47:57","modified_gmt":"2026-01-12T14:47:57","slug":"le-conseil-dunite","status":"publish","type":"page","link":"https:\/\/sites-recherche.univ-rennes2.fr\/liris\/gouvernance\/le-conseil-dunite\/","title":{"rendered":"Le conseil d&rsquo;unit\u00e9"},"content":{"rendered":"<p><strong>Composition du conseil d\u2019unit\u00e9 au 01\/01\/2026<\/strong><\/p>\n<p><strong>\u00a0<\/strong><\/p>\n<table>\n<tbody>\n<tr>\n<td width=\"196\"><\/td>\n<td width=\"262\"><\/td>\n<td width=\"199\"><\/td>\n<\/tr>\n<tr>\n<td width=\"196\">DELON-DESMOULIN Corinne<\/td>\n<td width=\"262\">PR &#8211; Directrice<\/td>\n<td width=\"199\">Droit public<\/td>\n<\/tr>\n<tr>\n<td width=\"196\"><\/td>\n<td width=\"262\"><\/td>\n<td width=\"199\"><\/td>\n<\/tr>\n<tr>\n<td width=\"196\">BERTHE Alexandre<\/td>\n<td width=\"262\">MCF<\/td>\n<td width=\"199\">Sciences \u00e9conomiques<\/td>\n<\/tr>\n<tr>\n<td width=\"196\">LAUTIER Mars<\/td>\n<td width=\"262\">PR &#8211; responsable axe 1<\/td>\n<td width=\"199\">Sciences \u00e9conomiques<\/td>\n<\/tr>\n<tr>\n<td width=\"196\">LESAGE Marie<\/td>\n<td width=\"262\">Doctorante<\/td>\n<td width=\"199\">Sociologie<\/td>\n<\/tr>\n<tr>\n<td width=\"196\">ROUILLIER Cl\u00e9ment<\/td>\n<td width=\"262\">MCF<\/td>\n<td width=\"199\">Droit public<\/td>\n<\/tr>\n<tr>\n<td width=\"196\">OLLIVIER Carine<\/td>\n<td width=\"262\">MCF<\/td>\n<td width=\"199\">Sociologie<\/td>\n<\/tr>\n<tr>\n<td width=\"196\">POTIN Emilie<\/td>\n<td width=\"262\">PR<\/td>\n<td width=\"199\">Sociologie<\/td>\n<\/tr>\n<tr>\n<td width=\"196\">RAMOS Elise<\/td>\n<td width=\"262\">Gestionnaire administative cellule recherche<\/td>\n<td width=\"199\"><\/td>\n<\/tr>\n<tr>\n<td width=\"196\">URASADETTAN Jennifer<\/td>\n<td width=\"262\">PR<\/td>\n<td width=\"199\">Sciences de gestion<\/td>\n<\/tr>\n<tr>\n<td width=\"196\">MALECKI Catherine<\/td>\n<td width=\"262\">PR &#8211; co-responsable axe 2<\/td>\n<td width=\"199\">Droit priv\u00e9<\/td>\n<\/tr>\n<tr>\n<td width=\"196\">LENADANT Anne-Laure<\/td>\n<td width=\"262\">PR- co-responsable axe 2<\/td>\n<td width=\"199\">Sciences de gestion<\/td>\n<\/tr>\n<tr>\n<td width=\"196\"><\/td>\n<td width=\"262\"><\/td>\n<td width=\"199\"><\/td>\n<\/tr>\n<\/tbody>\n<\/table>\n<p>&nbsp;<\/p>\n<p>Le Conseil d\u2019unit\u00e9 comprend 10 ou 11 membres, suivant que la direction \u00e9lue repose sur un bin\u00f4me ou sur une direction unique.<br \/>\nLes cat\u00e9gories de membres repr\u00e9sent\u00e9es en son sein sont les suivantes :<br \/>\n&#8211; le ou la directeur.trice (1 si\u00e8ge) ; les codirecteur.trice.s (2 si\u00e8ges) ;<br \/>\n&#8211; un responsable pour chaque axe ; chaque responsable \u00e9tant \u00e9lu avec un suppl\u00e9ant (un seul votant lors des r\u00e9unions du Conseil d\u2019unit\u00e9). Le responsable titulaire et le responsable suppl\u00e9ant de chaque axe sont \u00e9lus sous la forme d\u2019un bin\u00f4me par et parmi les membres permanents du laboratoire ayant la qualit\u00e9 d\u2019enseignants-chercheurs et ayant d\u00e9clar\u00e9 se rattacher pr\u00e9alablement \u00e0 l\u2019un ou l\u2019autre des axes \u00e0 titre principal ;<br \/>\n&#8211; un si\u00e8ge d\u00e9volu \u00e0 un.e ing\u00e9nieur.e de recherche ou \u00e0 un.e ing\u00e9nieur.e d\u2019\u00e9tude, repr\u00e9sentant les personnels BIATSS membres du laboratoire ;<br \/>\n&#8211; un.e doctorant.e (avec un.e suppl\u00e9ant.e), dont le mandat est limit\u00e9 \u00e0 deux ans ;<br \/>\n&#8211; cinq si\u00e8ges attribu\u00e9s aux enseignant.e.s-chercheur.e.s permanent.e.s.<\/p>\n<p><strong>Fonctions<\/strong><\/p>\n<p>Le Conseil d\u2019unit\u00e9 d\u00e9termine la politique g\u00e9n\u00e9rale de l\u2019\u00e9quipe d\u2019accueil. Il d\u00e9finit les orientations scientifiques et valide les programmes de chaque axe de recherche.<br \/>\nIl proc\u00e8de au classement des colloques et journ\u00e9es d\u2019\u00e9tudes, au classement des dossiers d\u2019allocations, au classement des professeurs invit\u00e9s et se prononce sur la mise en place de projets scientifiques.<br \/>\nIl d\u00e9finit, dans le cadre de la politique de recrutement des enseignant.e.s-chercheur.e.s appel\u00e9.e.s \u00e0 \u00eatre rattach\u00e9.e.s au LiRIS, le profil recherche des postes et doit \u00e9mettre un avis sur la composition des comit\u00e9s de s\u00e9lection.<br \/>\nDans les conditions pr\u00e9vues par l\u2019article 3 du pr\u00e9sent r\u00e8glement int\u00e9rieur, il \u00e9met un avis sur les admissions des membres permanents ainsi que sur les admissions des membres associ\u00e9s, sous r\u00e9serve des dispositions concernant les professeurs \u00e9m\u00e9rites et les ma\u00eetres de conf\u00e9rences \u00e9m\u00e9rites.<br \/>\nIl d\u00e9lib\u00e8re sur toute d\u00e9cision de radiation d\u2019un membre.<br \/>\nIl v\u00e9rifie l\u2019ad\u00e9quation des projets de th\u00e8se aux objets et aux programmes de recherche de l\u2019\u00c9quipe d\u2019Accueil et hi\u00e9rarchise les demandes d\u2019allocations.<br \/>\nIl proc\u00e8de \u00e0 la r\u00e9partition des doctorants sur les axes de recherche.<br \/>\nIl est l\u2019instance d\u2019arbitrage des diff\u00e9rends et des conflits \u00e9ventuels au sein de l\u2019\u00c9quipe d\u2019Accueil.<br \/>\nIl est force de proposition pour les formations de Master adoss\u00e9es \u00e0 l\u2019\u00c9quipe d\u2019Accueil.<\/p>\n","protected":false},"excerpt":{"rendered":"<p>Composition du conseil d\u2019unit\u00e9 au 01\/01\/2026 \u00a0 DELON-DESMOULIN Corinne PR &#8211; Directrice Droit public BERTHE Alexandre MCF Sciences \u00e9conomiques LAUTIER Mars PR &#8211; responsable&hellip;<\/p>\n","protected":false},"author":2,"featured_media":0,"parent":134,"menu_order":0,"comment_status":"closed","ping_status":"closed","template":"","meta":{"_acf_changed":false,"footnotes":""},"class_list":["post-199","page","type-page","status-publish","hentry"],"acf":[],"_links":{"self":[{"href":"https:\/\/sites-recherche.univ-rennes2.fr\/liris\/wp-json\/wp\/v2\/pages\/199","targetHints":{"allow":["GET"]}}],"collection":[{"href":"https:\/\/sites-recherche.univ-rennes2.fr\/liris\/wp-json\/wp\/v2\/pages"}],"about":[{"href":"https:\/\/sites-recherche.univ-rennes2.fr\/liris\/wp-json\/wp\/v2\/types\/page"}],"author":[{"embeddable":true,"href":"https:\/\/sites-recherche.univ-rennes2.fr\/liris\/wp-json\/wp\/v2\/users\/2"}],"replies":[{"embeddable":true,"href":"https:\/\/sites-recherche.univ-rennes2.fr\/liris\/wp-json\/wp\/v2\/comments?post=199"}],"version-history":[{"count":11,"href":"https:\/\/sites-recherche.univ-rennes2.fr\/liris\/wp-json\/wp\/v2\/pages\/199\/revisions"}],"predecessor-version":[{"id":1077,"href":"https:\/\/sites-recherche.univ-rennes2.fr\/liris\/wp-json\/wp\/v2\/pages\/199\/revisions\/1077"}],"up":[{"embeddable":true,"href":"https:\/\/sites-recherche.univ-rennes2.fr\/liris\/wp-json\/wp\/v2\/pages\/134"}],"wp:attachment":[{"href":"https:\/\/sites-recherche.univ-rennes2.fr\/liris\/wp-json\/wp\/v2\/media?parent=199"}],"curies":[{"name":"wp","href":"https:\/\/api.w.org\/{rel}","templated":true}]}}