{"id":203,"date":"2020-11-06T13:15:03","date_gmt":"2020-11-06T12:15:03","guid":{"rendered":"https:\/\/sites-recherche.univ-rennes2.fr\/liris\/?page_id=203"},"modified":"2020-11-06T13:40:01","modified_gmt":"2020-11-06T12:40:01","slug":"les-assemblees","status":"publish","type":"page","link":"https:\/\/sites-recherche.univ-rennes2.fr\/liris\/gouvernance\/les-assemblees\/","title":{"rendered":"Les assembl\u00e9es du LiRIS"},"content":{"rendered":"<p><strong>L\u2019Assembl\u00e9e g\u00e9n\u00e9rale<\/strong><br \/>\nL\u2019Assembl\u00e9e g\u00e9n\u00e9rale se r\u00e9unit en deux formations : l\u2019Assembl\u00e9e g\u00e9n\u00e9rale restreinte et l\u2019Assembl\u00e9e g\u00e9n\u00e9rale pl\u00e9ni\u00e8re.<\/p>\n<p><strong>L\u2019Assembl\u00e9e g\u00e9n\u00e9rale restreinte<\/strong><\/p>\n<p>L\u2019Assembl\u00e9e g\u00e9n\u00e9rale restreinte est constitu\u00e9e de l\u2019ensemble des membres permanents de l\u2019unit\u00e9. Les doctorants peuvent \u00eatre invit\u00e9s sans voix d\u00e9lib\u00e9rative.<\/p>\n<p>L\u2019Assembl\u00e9e g\u00e9n\u00e9rale restreinte vote annuellement le budget de l\u2019unit\u00e9 de recherche.<br \/>\nElle est inform\u00e9e des bilans et des projets pr\u00e9par\u00e9s par la direction du LiRIS pour le contrat quinquennal, et, plus largement, de la politique scientifique de l\u2019unit\u00e9. Elle vote et amende le projet du laboratoire \u00e9labor\u00e9 \u00e0 l\u2019occasion de la pr\u00e9paration du dossier d\u2019\u00e9valuation. Elle peut \u00e9mettre tout avis et toute proposition sur des orientations et initiatives \u00e0 prendre.<br \/>\nElle est comp\u00e9tente pour se prononcer sur toute modification du r\u00e8glement int\u00e9rieur dans les conditions pr\u00e9cis\u00e9es par le pr\u00e9sent r\u00e8glement int\u00e9rieur.<br \/>\nElle \u00e9lit la direction du laboratoire, les directions d\u2019axes, ainsi que les cinq membres du coll\u00e8ge repr\u00e9sentant les enseignant.e.s-chercheur.e.s permanent.e.s au Conseil d\u2019unit\u00e9.<\/p>\n<p><strong>L\u2019Assembl\u00e9e g\u00e9n\u00e9rale pl\u00e9ni\u00e8re<\/strong><\/p>\n<p>L\u2019Assembl\u00e9e g\u00e9n\u00e9rale pl\u00e9ni\u00e8re est constitu\u00e9e des membres permanents, des doctorants, des membres \u00e9m\u00e9rites et des autres membres associ\u00e9s.<br \/>\nDes personnalit\u00e9s ext\u00e9rieures \u00e0 l\u2019unit\u00e9 peuvent \u00eatre invit\u00e9es \u00e0 l\u2019Assembl\u00e9e g\u00e9n\u00e9rale pl\u00e9ni\u00e8re sur proposition de la direction.<br \/>\nL\u2019Assembl\u00e9e g\u00e9n\u00e9rale pl\u00e9ni\u00e8re est inform\u00e9e sur le d\u00e9roulement des activit\u00e9s de recherche au sein du laboratoire et, plus largement, sur la vie du laboratoire.<\/p>\n","protected":false},"excerpt":{"rendered":"<p>L\u2019Assembl\u00e9e g\u00e9n\u00e9rale L\u2019Assembl\u00e9e g\u00e9n\u00e9rale se r\u00e9unit en deux formations : l\u2019Assembl\u00e9e g\u00e9n\u00e9rale restreinte et l\u2019Assembl\u00e9e g\u00e9n\u00e9rale pl\u00e9ni\u00e8re. L\u2019Assembl\u00e9e g\u00e9n\u00e9rale restreinte L\u2019Assembl\u00e9e g\u00e9n\u00e9rale restreinte est&hellip;<\/p>\n","protected":false},"author":2,"featured_media":0,"parent":134,"menu_order":0,"comment_status":"closed","ping_status":"closed","template":"","meta":{"_acf_changed":false,"footnotes":""},"class_list":["post-203","page","type-page","status-publish","hentry"],"acf":[],"_links":{"self":[{"href":"https:\/\/sites-recherche.univ-rennes2.fr\/liris\/wp-json\/wp\/v2\/pages\/203","targetHints":{"allow":["GET"]}}],"collection":[{"href":"https:\/\/sites-recherche.univ-rennes2.fr\/liris\/wp-json\/wp\/v2\/pages"}],"about":[{"href":"https:\/\/sites-recherche.univ-rennes2.fr\/liris\/wp-json\/wp\/v2\/types\/page"}],"author":[{"embeddable":true,"href":"https:\/\/sites-recherche.univ-rennes2.fr\/liris\/wp-json\/wp\/v2\/users\/2"}],"replies":[{"embeddable":true,"href":"https:\/\/sites-recherche.univ-rennes2.fr\/liris\/wp-json\/wp\/v2\/comments?post=203"}],"version-history":[{"count":3,"href":"https:\/\/sites-recherche.univ-rennes2.fr\/liris\/wp-json\/wp\/v2\/pages\/203\/revisions"}],"predecessor-version":[{"id":206,"href":"https:\/\/sites-recherche.univ-rennes2.fr\/liris\/wp-json\/wp\/v2\/pages\/203\/revisions\/206"}],"up":[{"embeddable":true,"href":"https:\/\/sites-recherche.univ-rennes2.fr\/liris\/wp-json\/wp\/v2\/pages\/134"}],"wp:attachment":[{"href":"https:\/\/sites-recherche.univ-rennes2.fr\/liris\/wp-json\/wp\/v2\/media?parent=203"}],"curies":[{"name":"wp","href":"https:\/\/api.w.org\/{rel}","templated":true}]}}