{"id":418,"date":"2021-06-18T12:24:53","date_gmt":"2021-06-18T10:24:53","guid":{"rendered":"https:\/\/sites-recherche.univ-rennes2.fr\/liris\/?post_type=tribe_events&#038;p=418"},"modified":"2021-11-17T16:41:23","modified_gmt":"2021-11-17T15:41:23","slug":"journee-gess-2021","status":"publish","type":"tribe_events","link":"https:\/\/sites-recherche.univ-rennes2.fr\/liris\/evenement\/journee-gess-2021\/","title":{"rendered":"Journ\u00e9e GESS 2021"},"content":{"rendered":"<p><img loading=\"lazy\" decoding=\"async\" class=\"alignnone size-large wp-image-424\" src=\"https:\/\/sites-recherche.univ-rennes2.fr\/liris\/wp-content\/uploads\/2021\/06\/visuel-GESS2021-1024x225.png\" alt=\"\" width=\"1024\" height=\"225\" srcset=\"https:\/\/sites-recherche.univ-rennes2.fr\/liris\/wp-content\/uploads\/2021\/06\/visuel-GESS2021-1024x225.png 1024w, https:\/\/sites-recherche.univ-rennes2.fr\/liris\/wp-content\/uploads\/2021\/06\/visuel-GESS2021-300x66.png 300w, https:\/\/sites-recherche.univ-rennes2.fr\/liris\/wp-content\/uploads\/2021\/06\/visuel-GESS2021-768x169.png 768w, https:\/\/sites-recherche.univ-rennes2.fr\/liris\/wp-content\/uploads\/2021\/06\/visuel-GESS2021-1536x338.png 1536w, https:\/\/sites-recherche.univ-rennes2.fr\/liris\/wp-content\/uploads\/2021\/06\/visuel-GESS2021-920x202.png 920w, https:\/\/sites-recherche.univ-rennes2.fr\/liris\/wp-content\/uploads\/2021\/06\/visuel-GESS2021.png 1847w\" sizes=\"auto, (max-width: 1024px) 100vw, 1024px\" \/><\/p>\n<p>&nbsp;<\/p>\n<p>Pour cette 8<sup>\u00e8me<\/sup>\u00a0\u00e9dition \u00e0 l\u2019Universit\u00e9 de Rennes, les\u00a0<strong>Journ\u00e9es internationales Gestion des entreprises sociales et solidaires<\/strong>\u00a0(GESS) proposent\u00a0<strong>un atelier doctoral<\/strong>, ainsi qu\u2019un\u00a0<strong>croisement de regards entre chercheurs et praticiens sur le th\u00e8me de la r\u00e9sistance et de la r\u00e9silience face \u00e0 la crise pand\u00e9mique comme sources d\u2019innovations soci\u00e9tales (\u00e9conomiques, sociales et\/ou environnementales)<\/strong>, dans les organisations du secteur de l\u2019\u00c9conomie sociale et solidaire le 09 d\u00e9cembre 2021.<\/p>\n<p>Le Laboratoire interdisciplinaire de Recherche en Innovations Soci\u00e9tales \u2013 LiRIS est l\u2019organisateur de\u00a0 cette journ\u00e9e, en particulier par son Axe 2 \u00ab\u00a0Normes-Vuln\u00e9rabilit\u00e9s-Solidarit\u00e9s\u00a0\u00bb.<\/p>\n","protected":false},"excerpt":{"rendered":"<p>&nbsp; Pour cette 8\u00e8me\u00a0\u00e9dition \u00e0 l\u2019Universit\u00e9 de Rennes, les\u00a0Journ\u00e9es internationales Gestion des entreprises sociales et solidaires\u00a0(GESS) proposent\u00a0un atelier doctoral, ainsi qu\u2019un\u00a0croisement de regards entre&hellip;<\/p>\n","protected":false},"author":58,"featured_media":0,"template":"","meta":{"_acf_changed":false,"_tribe_events_status":"","_tribe_events_status_reason":"","footnotes":""},"tribe_events_cat":[],"class_list":["post-418","tribe_events","type-tribe_events","status-publish","hentry"],"acf":[],"_links":{"self":[{"href":"https:\/\/sites-recherche.univ-rennes2.fr\/liris\/wp-json\/wp\/v2\/tribe_events\/418","targetHints":{"allow":["GET"]}}],"collection":[{"href":"https:\/\/sites-recherche.univ-rennes2.fr\/liris\/wp-json\/wp\/v2\/tribe_events"}],"about":[{"href":"https:\/\/sites-recherche.univ-rennes2.fr\/liris\/wp-json\/wp\/v2\/types\/tribe_events"}],"author":[{"embeddable":true,"href":"https:\/\/sites-recherche.univ-rennes2.fr\/liris\/wp-json\/wp\/v2\/users\/58"}],"version-history":[{"count":5,"href":"https:\/\/sites-recherche.univ-rennes2.fr\/liris\/wp-json\/wp\/v2\/tribe_events\/418\/revisions"}],"predecessor-version":[{"id":528,"href":"https:\/\/sites-recherche.univ-rennes2.fr\/liris\/wp-json\/wp\/v2\/tribe_events\/418\/revisions\/528"}],"wp:attachment":[{"href":"https:\/\/sites-recherche.univ-rennes2.fr\/liris\/wp-json\/wp\/v2\/media?parent=418"}],"wp:term":[{"taxonomy":"tribe_events_cat","embeddable":true,"href":"https:\/\/sites-recherche.univ-rennes2.fr\/liris\/wp-json\/wp\/v2\/tribe_events_cat?post=418"}],"curies":[{"name":"wp","href":"https:\/\/api.w.org\/{rel}","templated":true}]}}

Journée GESS 2021

<p><img loading="lazy" decoding="async" class="alignnone size-large wp-image-424" src="https://sites-recherche.univ-rennes2.fr/liris/wp-content/uploads/2021/06/visuel-GESS2021-1024x225.png" alt="" width="1024" height="225" srcset="https://sites-recherche.univ-rennes2.fr/liris/wp-content/uploads/2021/06/visuel-GESS2021-1024x225.png 1024w, https://sites-recherche.univ-rennes2.fr/liris/wp-content/uploads/2021/06/visuel-GESS2021-300x66.png 300w, https://sites-recherche.univ-rennes2.fr/liris/wp-content/uploads/2021/06/visuel-GESS2021-768x169.png 768w, https://sites-recherche.univ-rennes2.fr/liris/wp-content/uploads/2021/06/visuel-GESS2021-1536x338.png 1536w, https://sites-recherche.univ-rennes2.fr/liris/wp-content/uploads/2021/06/visuel-GESS2021-920x202.png 920w, https://sites-recherche.univ-rennes2.fr/liris/wp-content/uploads/2021/06/visuel-GESS2021.png 1847w" sizes="auto, (max-width: 1024px) 100vw, 1024px" /></p>
<p>&nbsp;</p>
<p>Pour cette 8<sup>ème</sup> édition à l’Université de Rennes, les <strong>Journées internationales Gestion des entreprises sociales et solidaires</strong> (GESS) proposent <strong>un atelier doctoral</strong>, ainsi qu’un <strong>croisement de regards entre chercheurs et praticiens sur le thème de la résistance et de la résilience face à la crise pandémique comme sources d’innovations sociétales (économiques, sociales et/ou environnementales)</strong>, dans les organisations du secteur de l’Économie sociale et solidaire le 09 décembre 2021.</p>
<p>Le Laboratoire interdisciplinaire de Recherche en Innovations Sociétales – LiRIS est l’organisateur de  cette journée, en particulier par son Axe 2 « Normes-Vulnérabilités-Solidarités ».</p>

<p>&nbsp; Pour cette 8ème édition à l’Université de Rennes, les Journées internationales Gestion des entreprises sociales et solidaires (GESS) proposent un atelier doctoral, ainsi qu’un croisement de regards entre&hellip;</p>
