{"id":515,"date":"2021-11-11T10:32:23","date_gmt":"2021-11-11T09:32:23","guid":{"rendered":"https:\/\/sites-recherche.univ-rennes2.fr\/liris\/?post_type=tribe_events&#038;p=515"},"modified":"2021-11-11T10:33:31","modified_gmt":"2021-11-11T09:33:31","slug":"3eme-seance-du-seminaire-esr%c2%b2","status":"publish","type":"tribe_events","link":"https:\/\/sites-recherche.univ-rennes2.fr\/liris\/evenement\/3eme-seance-du-seminaire-esr%c2%b2\/","title":{"rendered":"3\u00e8me s\u00e9ance du s\u00e9minaire ESR\u00b2"},"content":{"rendered":"<p>La 3\u00e8me s\u00e9ance du s\u00e9minaire ESR\u00b2 aura lieu <u>lundi 6 d\u00e9cembre 2021 de 15 \u00e0 17h<\/u><u> en N104<\/u>.<\/p>\n<p>Nous recevons <b>Bernard Friot<\/b>, \u00e9conomiste et sociologue pour une intervention intitul\u00e9 : <strong>\u00ab\u00a0Responsabilit\u00e9 de la recherche dans le r\u00e9cit de notre histoire sociale : exemple de la s\u00e9curit\u00e9 sociale\u00a0\u00bb<\/strong><\/p>\n<p><b>R\u00e9sum\u00e9 <\/b><b>: <\/b><br \/>\nLe r\u00e9cit officiel de la s\u00e9curit\u00e9 sociale est celui d&rsquo;une institution n\u00e9e en 1945 sous l&rsquo;impulsion du Conseil national de la R\u00e9sistance. Face \u00e0 un patronat affaibli par la collaboration et dans le contexte d&rsquo;un capitalisme en phase fordiste, il a \u00e9t\u00e9 possible de mettre en place une institution de solidarit\u00e9 par un partage de la valeur ajout\u00e9e plus favorable aux travailleurs. Depuis, la financiarisation globalis\u00e9e du capital a fourni \u00e0 ce dernier les capacit\u00e9s de mettre en cause ce compromis. R\u00e9cuser ce r\u00e9cit factuellement faux et qui, en mettant l&rsquo;accent sur le partage de la valeur et la solidarit\u00e9, fait l&rsquo;impasse sur la mutation des rapports capitalistes de production qui s&rsquo;initie alors, suppose la mise en \u00e9vidence d&rsquo;un acteur r\u00e9volutionnaire et de lieux et objets insoup\u00e7onn\u00e9s de la confrontation.<\/p>\n<div>Une telle mise en \u00e9vidence n&rsquo;est possible que si la recherche critique s&rsquo;affranchit de la lecture du capitalisme comme syst\u00e8me de domination. A la suite de Marx qui nous aide \u00e0 historiciser toutes nos cat\u00e9gories analytiques, il s&rsquo;agit de mettre en \u00e9vidence, \u00e0 partir du terrain du r\u00e9gime g\u00e9n\u00e9ral de s\u00e9curit\u00e9 sociale construit en 1946 par subversion de la s\u00e9curit\u00e9 sociale, comment le travail, la valeur, le salaire et la monnaie sont non pas des institutions ahistoriques de la domination mais les lieux fondateurs de la possible sortie du capitalisme.<\/div>\n<div><\/div>\n<div>Merci de vous inscrire aupr\u00e8s de <u><a class=\"moz-txt-link-abbreviated moz-txt-link-freetext\" href=\"mailto:alban.pellegris@univ-rennes2.fr\">alban.pellegris@univ-rennes2.fr<\/a><\/u> afin d&rsquo;anticiper des probl\u00e8mes de salle \u00e9ventuels.<\/div>\n","protected":false},"excerpt":{"rendered":"<p>La 3\u00e8me s\u00e9ance du s\u00e9minaire ESR\u00b2 aura lieu lundi 6 d\u00e9cembre 2021 de 15 \u00e0 17h en N104. Nous recevons Bernard Friot, \u00e9conomiste et&hellip;<\/p>\n","protected":false},"author":2,"featured_media":0,"template":"","meta":{"_acf_changed":false,"_tribe_events_status":"","_tribe_events_status_reason":"","footnotes":""},"tribe_events_cat":[],"class_list":["post-515","tribe_events","type-tribe_events","status-publish","hentry"],"acf":[],"_links":{"self":[{"href":"https:\/\/sites-recherche.univ-rennes2.fr\/liris\/wp-json\/wp\/v2\/tribe_events\/515","targetHints":{"allow":["GET"]}}],"collection":[{"href":"https:\/\/sites-recherche.univ-rennes2.fr\/liris\/wp-json\/wp\/v2\/tribe_events"}],"about":[{"href":"https:\/\/sites-recherche.univ-rennes2.fr\/liris\/wp-json\/wp\/v2\/types\/tribe_events"}],"author":[{"embeddable":true,"href":"https:\/\/sites-recherche.univ-rennes2.fr\/liris\/wp-json\/wp\/v2\/users\/2"}],"version-history":[{"count":1,"href":"https:\/\/sites-recherche.univ-rennes2.fr\/liris\/wp-json\/wp\/v2\/tribe_events\/515\/revisions"}],"predecessor-version":[{"id":516,"href":"https:\/\/sites-recherche.univ-rennes2.fr\/liris\/wp-json\/wp\/v2\/tribe_events\/515\/revisions\/516"}],"wp:attachment":[{"href":"https:\/\/sites-recherche.univ-rennes2.fr\/liris\/wp-json\/wp\/v2\/media?parent=515"}],"wp:term":[{"taxonomy":"tribe_events_cat","embeddable":true,"href":"https:\/\/sites-recherche.univ-rennes2.fr\/liris\/wp-json\/wp\/v2\/tribe_events_cat?post=515"}],"curies":[{"name":"wp","href":"https:\/\/api.w.org\/{rel}","templated":true}]}}

3ème séance du séminaire ESR²

<p>La 3ème séance du séminaire ESR² aura lieu <u>lundi 6 décembre 2021 de 15 à 17h</u><u> en N104</u>.</p>
<p>Nous recevons <b>Bernard Friot</b>, économiste et sociologue pour une intervention intitulé : <strong>« Responsabilité de la recherche dans le récit de notre histoire sociale : exemple de la sécurité sociale »</strong></p>
<p><b>Résumé </b><b>: </b><br />
Le récit officiel de la sécurité sociale est celui d&rsquo;une institution née en 1945 sous l&rsquo;impulsion du Conseil national de la Résistance. Face à un patronat affaibli par la collaboration et dans le contexte d&rsquo;un capitalisme en phase fordiste, il a été possible de mettre en place une institution de solidarité par un partage de la valeur ajoutée plus favorable aux travailleurs. Depuis, la financiarisation globalisée du capital a fourni à ce dernier les capacités de mettre en cause ce compromis. Récuser ce récit factuellement faux et qui, en mettant l&rsquo;accent sur le partage de la valeur et la solidarité, fait l&rsquo;impasse sur la mutation des rapports capitalistes de production qui s&rsquo;initie alors, suppose la mise en évidence d&rsquo;un acteur révolutionnaire et de lieux et objets insoupçonnés de la confrontation.</p>
<div>Une telle mise en évidence n&rsquo;est possible que si la recherche critique s&rsquo;affranchit de la lecture du capitalisme comme système de domination. A la suite de Marx qui nous aide à historiciser toutes nos catégories analytiques, il s&rsquo;agit de mettre en évidence, à partir du terrain du régime général de sécurité sociale construit en 1946 par subversion de la sécurité sociale, comment le travail, la valeur, le salaire et la monnaie sont non pas des institutions ahistoriques de la domination mais les lieux fondateurs de la possible sortie du capitalisme.</div>
<div></div>
<div>Merci de vous inscrire auprès de <u><a class="moz-txt-link-abbreviated moz-txt-link-freetext" href="mailto:alban.pellegris@univ-rennes2.fr">alban.pellegris@univ-rennes2.fr</a></u> afin d&rsquo;anticiper des problèmes de salle éventuels.</div>

<p>La 3ème séance du séminaire ESR² aura lieu lundi 6 décembre 2021 de 15 à 17h en N104. Nous recevons Bernard Friot, économiste et&hellip;</p>
