{"id":517,"date":"2021-11-17T16:36:47","date_gmt":"2021-11-17T15:36:47","guid":{"rendered":"https:\/\/sites-recherche.univ-rennes2.fr\/liris\/?post_type=tribe_events&#038;p=517"},"modified":"2021-11-17T16:44:39","modified_gmt":"2021-11-17T15:44:39","slug":"les-enjeux-de-la-liberation-dentreprise","status":"publish","type":"tribe_events","link":"https:\/\/sites-recherche.univ-rennes2.fr\/liris\/evenement\/les-enjeux-de-la-liberation-dentreprise\/","title":{"rendered":"Les enjeux de la \u00ab\u00a0lib\u00e9ration\u00a0\u00bb d&rsquo;entreprise"},"content":{"rendered":"<p><strong><img loading=\"lazy\" decoding=\"async\" class=\"alignnone size-medium wp-image-530\" src=\"https:\/\/sites-recherche.univ-rennes2.fr\/liris\/wp-content\/uploads\/2021\/11\/diversity-5582454_1920-300x200.jpg\" alt=\"\" width=\"300\" height=\"200\" srcset=\"https:\/\/sites-recherche.univ-rennes2.fr\/liris\/wp-content\/uploads\/2021\/11\/diversity-5582454_1920-300x200.jpg 300w, https:\/\/sites-recherche.univ-rennes2.fr\/liris\/wp-content\/uploads\/2021\/11\/diversity-5582454_1920-1024x683.jpg 1024w, https:\/\/sites-recherche.univ-rennes2.fr\/liris\/wp-content\/uploads\/2021\/11\/diversity-5582454_1920-768x512.jpg 768w, https:\/\/sites-recherche.univ-rennes2.fr\/liris\/wp-content\/uploads\/2021\/11\/diversity-5582454_1920-1536x1024.jpg 1536w, https:\/\/sites-recherche.univ-rennes2.fr\/liris\/wp-content\/uploads\/2021\/11\/diversity-5582454_1920-920x613.jpg 920w, https:\/\/sites-recherche.univ-rennes2.fr\/liris\/wp-content\/uploads\/2021\/11\/diversity-5582454_1920.jpg 1920w\" sizes=\"auto, (max-width: 300px) 100vw, 300px\" \/><\/strong><\/p>\n<p><strong>Le <span id=\"OBJ_PREFIX_DWT3119_com_zimbra_date\" class=\"Object\">mercredi 24 novembre 2021<\/span>, le Laboratoire interdisciplinaire de Recherches en Innovations Soci\u00e9tales (LiRIS) organise, en partenariat avec des acteurs locaux, une journ\u00e9e de\u00a0 rencontres et d&rsquo;\u00e9changes entre des chercheurs et chercheuses, et des entreprises du territoire breton autour des d\u00e9marches de lib\u00e9ration d&rsquo;entreprise ou de passage \u00e0 l&rsquo;holacratie. <\/strong><\/p>\n<p>Cette journ\u00e9e sera l&rsquo;occasion de d\u00e9couvrir les parcours d&rsquo;entreprises (de l&rsquo;\u00e9conomie sociale et solidaire, mais aussi publiques et priv\u00e9es hors ESS) engag\u00e9es dans ces dynamiques organisationnelles\u00a0 participatives et de les mettre en regard des r\u00e9sultats de la recherche acad\u00e9mique en Sciences Humaines et Sociales sur ces questions.<br \/>\nCes rencontres se d\u00e9rouleront \u00e0 l&rsquo;Universit\u00e9 Rennes 2, Campus Villejean autour de conf\u00e9rences le matin, et d&rsquo;ateliers d&rsquo;\u00e9change de pratiques l&rsquo;apr\u00e8s-midi.<\/p>\n","protected":false},"excerpt":{"rendered":"<p>Le mercredi 24 novembre 2021, le Laboratoire interdisciplinaire de Recherches en Innovations Soci\u00e9tales (LiRIS) organise, en partenariat avec des acteurs locaux, une journ\u00e9e de\u00a0&hellip;<\/p>\n","protected":false},"author":2,"featured_media":0,"template":"","meta":{"_acf_changed":false,"_tribe_events_status":"","_tribe_events_status_reason":"","footnotes":""},"tribe_events_cat":[],"class_list":["post-517","tribe_events","type-tribe_events","status-publish","hentry"],"acf":[],"_links":{"self":[{"href":"https:\/\/sites-recherche.univ-rennes2.fr\/liris\/wp-json\/wp\/v2\/tribe_events\/517","targetHints":{"allow":["GET"]}}],"collection":[{"href":"https:\/\/sites-recherche.univ-rennes2.fr\/liris\/wp-json\/wp\/v2\/tribe_events"}],"about":[{"href":"https:\/\/sites-recherche.univ-rennes2.fr\/liris\/wp-json\/wp\/v2\/types\/tribe_events"}],"author":[{"embeddable":true,"href":"https:\/\/sites-recherche.univ-rennes2.fr\/liris\/wp-json\/wp\/v2\/users\/2"}],"version-history":[{"count":5,"href":"https:\/\/sites-recherche.univ-rennes2.fr\/liris\/wp-json\/wp\/v2\/tribe_events\/517\/revisions"}],"predecessor-version":[{"id":532,"href":"https:\/\/sites-recherche.univ-rennes2.fr\/liris\/wp-json\/wp\/v2\/tribe_events\/517\/revisions\/532"}],"wp:attachment":[{"href":"https:\/\/sites-recherche.univ-rennes2.fr\/liris\/wp-json\/wp\/v2\/media?parent=517"}],"wp:term":[{"taxonomy":"tribe_events_cat","embeddable":true,"href":"https:\/\/sites-recherche.univ-rennes2.fr\/liris\/wp-json\/wp\/v2\/tribe_events_cat?post=517"}],"curies":[{"name":"wp","href":"https:\/\/api.w.org\/{rel}","templated":true}]}}

Les enjeux de la « libération » d&rsquo;entreprise

<p><strong><img loading="lazy" decoding="async" class="alignnone size-medium wp-image-530" src="https://sites-recherche.univ-rennes2.fr/liris/wp-content/uploads/2021/11/diversity-5582454_1920-300x200.jpg" alt="" width="300" height="200" srcset="https://sites-recherche.univ-rennes2.fr/liris/wp-content/uploads/2021/11/diversity-5582454_1920-300x200.jpg 300w, https://sites-recherche.univ-rennes2.fr/liris/wp-content/uploads/2021/11/diversity-5582454_1920-1024x683.jpg 1024w, https://sites-recherche.univ-rennes2.fr/liris/wp-content/uploads/2021/11/diversity-5582454_1920-768x512.jpg 768w, https://sites-recherche.univ-rennes2.fr/liris/wp-content/uploads/2021/11/diversity-5582454_1920-1536x1024.jpg 1536w, https://sites-recherche.univ-rennes2.fr/liris/wp-content/uploads/2021/11/diversity-5582454_1920-920x613.jpg 920w, https://sites-recherche.univ-rennes2.fr/liris/wp-content/uploads/2021/11/diversity-5582454_1920.jpg 1920w" sizes="auto, (max-width: 300px) 100vw, 300px" /></strong></p>
<p><strong>Le <span id="OBJ_PREFIX_DWT3119_com_zimbra_date" class="Object">mercredi 24 novembre 2021</span>, le Laboratoire interdisciplinaire de Recherches en Innovations Sociétales (LiRIS) organise, en partenariat avec des acteurs locaux, une journée de  rencontres et d&rsquo;échanges entre des chercheurs et chercheuses, et des entreprises du territoire breton autour des démarches de libération d&rsquo;entreprise ou de passage à l&rsquo;holacratie. </strong></p>
<p>Cette journée sera l&rsquo;occasion de découvrir les parcours d&rsquo;entreprises (de l&rsquo;économie sociale et solidaire, mais aussi publiques et privées hors ESS) engagées dans ces dynamiques organisationnelles  participatives et de les mettre en regard des résultats de la recherche académique en Sciences Humaines et Sociales sur ces questions.<br />
Ces rencontres se dérouleront à l&rsquo;Université Rennes 2, Campus Villejean autour de conférences le matin, et d&rsquo;ateliers d&rsquo;échange de pratiques l&rsquo;après-midi.</p>

<p>Le mercredi 24 novembre 2021, le Laboratoire interdisciplinaire de Recherches en Innovations Sociétales (LiRIS) organise, en partenariat avec des acteurs locaux, une journée de &hellip;</p>
