{"id":945,"date":"2025-01-16T14:45:22","date_gmt":"2025-01-16T13:45:22","guid":{"rendered":"https:\/\/sites-recherche.univ-rennes2.fr\/liris\/?post_type=tribe_events&#038;p=945"},"modified":"2025-01-16T14:50:11","modified_gmt":"2025-01-16T13:50:11","slug":"seminaire-crise-environnementale-et-collectivites-territoriales","status":"publish","type":"tribe_events","link":"https:\/\/sites-recherche.univ-rennes2.fr\/liris\/evenement\/seminaire-crise-environnementale-et-collectivites-territoriales\/","title":{"rendered":"S\u00e9minaire Crise environnementale et collectivit\u00e9s territoriales"},"content":{"rendered":"<p>Deux pr\u00e9sentations seront tenues :<\/p>\n<ul>\n<li>\u00ab\u00a0L&rsquo;utilisation agricole des pesticides : la n\u00e9cessit\u00e9 de repenser la gouvernance locale des risques\u00a0\u00bb, avec Anne-Sophie Denolle (universit\u00e9 de Rouen).<\/li>\n<li>\u00ab\u00a0L&rsquo;urbanisme territorial : r\u00e9ponse ou catalyseur de la crise environnementale ?\u00a0\u00bb, avec Maxime Lei (universit\u00e9 du Mans).<\/li>\n<\/ul>\n","protected":false},"excerpt":{"rendered":"<p>Deux pr\u00e9sentations seront tenues : \u00ab\u00a0L&rsquo;utilisation agricole des pesticides : la n\u00e9cessit\u00e9 de repenser la gouvernance locale des risques\u00a0\u00bb, avec Anne-Sophie Denolle (universit\u00e9 de&hellip;<\/p>\n","protected":false},"author":24,"featured_media":0,"template":"","meta":{"_acf_changed":false,"_tribe_events_status":"","_tribe_events_status_reason":"","footnotes":""},"tribe_events_cat":[],"class_list":["post-945","tribe_events","type-tribe_events","status-publish","hentry"],"acf":[],"_links":{"self":[{"href":"https:\/\/sites-recherche.univ-rennes2.fr\/liris\/wp-json\/wp\/v2\/tribe_events\/945","targetHints":{"allow":["GET"]}}],"collection":[{"href":"https:\/\/sites-recherche.univ-rennes2.fr\/liris\/wp-json\/wp\/v2\/tribe_events"}],"about":[{"href":"https:\/\/sites-recherche.univ-rennes2.fr\/liris\/wp-json\/wp\/v2\/types\/tribe_events"}],"author":[{"embeddable":true,"href":"https:\/\/sites-recherche.univ-rennes2.fr\/liris\/wp-json\/wp\/v2\/users\/24"}],"version-history":[{"count":1,"href":"https:\/\/sites-recherche.univ-rennes2.fr\/liris\/wp-json\/wp\/v2\/tribe_events\/945\/revisions"}],"predecessor-version":[{"id":947,"href":"https:\/\/sites-recherche.univ-rennes2.fr\/liris\/wp-json\/wp\/v2\/tribe_events\/945\/revisions\/947"}],"wp:attachment":[{"href":"https:\/\/sites-recherche.univ-rennes2.fr\/liris\/wp-json\/wp\/v2\/media?parent=945"}],"wp:term":[{"taxonomy":"tribe_events_cat","embeddable":true,"href":"https:\/\/sites-recherche.univ-rennes2.fr\/liris\/wp-json\/wp\/v2\/tribe_events_cat?post=945"}],"curies":[{"name":"wp","href":"https:\/\/api.w.org\/{rel}","templated":true}]}}

Séminaire Crise environnementale et collectivités territoriales

<p>Deux présentations seront tenues :</p>
<ul>
<li>« L&rsquo;utilisation agricole des pesticides : la nécessité de repenser la gouvernance locale des risques », avec Anne-Sophie Denolle (université de Rouen).</li>
<li>« L&rsquo;urbanisme territorial : réponse ou catalyseur de la crise environnementale ? », avec Maxime Lei (université du Mans).</li>
</ul>

<p>Deux présentations seront tenues : « L&rsquo;utilisation agricole des pesticides : la nécessité de repenser la gouvernance locale des risques », avec Anne-Sophie Denolle (université de&hellip;</p>
