{"id":955,"date":"2023-09-19T11:40:48","date_gmt":"2023-09-19T09:40:48","guid":{"rendered":"https:\/\/sites-recherche.univ-rennes2.fr\/ptac\/?page_id=955"},"modified":"2023-11-07T09:21:14","modified_gmt":"2023-11-07T08:21:14","slug":"dispositifs-et-projets-collectifs","status":"publish","type":"page","link":"https:\/\/sites-recherche.univ-rennes2.fr\/ptac\/dispositifs-et-projets-collectifs\/","title":{"rendered":"Collaborations de recherche"},"content":{"rendered":"<h2>EUR CAPS<\/h2>\n<p class=\"leadBlack\">L\u2019EUR CAPS est un lieu physique et intellectuel d\u2019exp\u00e9rimentation en mati\u00e8re de recherche, d\u2019enseignement et d\u2019action dans et pour l\u2019espace public.<\/p>\n<p class=\"texteBlack\">Form\u00e9e du\u00a0Centre national de la recherche scientifique, de\u00a0l\u2019Ecole europ\u00e9enne sup\u00e9rieure d\u2019art de Bretagne \u2013 EESAB<a title=\"eesab\" href=\"https:\/\/www.eesab.fr\/\"> \u2013<\/a>,\u00a0l\u2019Ecole nationale sup\u00e9rieure d\u2019architecture de Bretagne \u2013 ENSAB \u2013\u00a0et\u00a0l\u2019universit\u00e9 Rennes 2, l\u2019\u00c9cole universitaire de recherche <strong>Creative approaches to public space<\/strong> propose d\u2019articuler et de croiser l\u2019imagination cr\u00e9ative, la pens\u00e9e critique, la collaboration interdisciplinaire et l\u2019action concert\u00e9e. Pens\u00e9e comme un incubateur des approches cr\u00e9atives de l\u2019espace public, l\u2019EUR CAPS place les pratiques et les processus cr\u00e9atifs au c\u0153ur de son action et interroge les mani\u00e8res dont se fait la recherche, dont se produisent les connaissances et se transmettent les savoirs. Les \u00e9tudiant\u00b7es deviennent acteur\u00b7rices aussi bien de leur formation que de la soci\u00e9t\u00e9 dans laquelle il\u00b7elles s\u2019inscrivent.<\/p>\n<p class=\"texteBlack\">Co-direction : Marion Hohlfeldt (PTAC), H\u00e9l\u00e8ne Bailleul (ESO)<\/p>\n<p class=\"texteBlack\"><a href=\"https:\/\/creativepublicspace.univ-rennes.fr\/index.html\" target=\"_blank\" rel=\"noopener\">Site de CAPS<\/a><\/p>\n<div class=\"content\"><\/div>\n<hr \/>\n<h2><span style=\"font-weight: 400;\">ANR DESIGN SHS<\/span><\/h2>\n<p>Ce projet,\u00a0financ\u00e9 par l&rsquo;<a href=\"https:\/\/anr.fr\/Projet-ANR-20-CE27-0023\" target=\"_blank\" rel=\"noreferrer noopener\">Agence Nationale de la Recherche<\/a>\u00a0(programme 2021-2025), vise \u00e0 r\u00e9aliser la premi\u00e8re \u00e9tude d&rsquo;envergure portant sur les relations entre design graphique et recherche en Sciences Humaines et Sociales, des ann\u00e9es 1950 \u00e0 nos jours. L\u2019essor contemporain des technologies d\u2019imagerie et de la visualisation de donn\u00e9es dans tous les champs de la connaissance place la \u00ab\u00a0visualit\u00e9\u00a0\u00bb au c\u0153ur de la recherche et de sa communication, avec des implications \u00e9pist\u00e9mologiques, sociales et culturelles. Le Laboratoire de graphique de Jacques Bertin a \u00e9t\u00e9 un acteur historique majeur de ce mouvement, au croisement de l\u2019innovation graphique et des sciences humaines et sociales telles qu&rsquo;elles se sont r\u00e9invent\u00e9es, en France notamment, dans la deuxi\u00e8me moiti\u00e9 du XX<sup>e<\/sup>\u00a0si\u00e8cle.<\/p>\n<p>Cr\u00e9\u00e9 en 1954, ce laboratoire fut dirig\u00e9 par le cartographe et s\u00e9miologue Jacques Bertin \u00e0 l\u2019\u00c9cole Pratique des Hautes \u00c9tudes\u00a0puis \u00e0 l\u2019\u00c9cole des Hautes \u00c9tudes en Sciences Sociales\u00a0(EHESS). Celui-ci articula de mani\u00e8re in\u00e9dite, et ce durant les 50 ans de son existence, production d&rsquo;images, repr\u00e9sentation de donn\u00e9es et recherche scientifique, formant notamment la mati\u00e8re du trait\u00e9 de Jacques Bertin\u00a0:\u00a0<em>S\u00e9miologie graphique<\/em>\u00a0(1967). Si les activit\u00e9s du laboratoire ont fait l&rsquo;objet de quelques \u00e9tudes sp\u00e9cialistes li\u00e9es principalement \u00e0 la recherche cartographique, son histoire reste encore assez largement m\u00e9connue. Aussi, s&rsquo;agira-t-il dans le cadre de ce projet de situer plus finement les apports ainsi que la trajectoire intellectuels de ses exp\u00e9rimentations graphiques dans leurs contextes local et international, en vue de comprendre leur place dans la transformation des sciences sociales au cours du XX<sup>e<\/sup>\u00a0si\u00e8cle. L&rsquo;objectif sera de d\u00e9velopper une r\u00e9flexion portant sur les cultures visuelles des sciences sociales et sur les pratiques \u00e9mergentes du design graphique et de la datavisualisation, tout en mobilisant les outils propres \u00e0 ces champs dans une d\u00e9marche globale de recherche-cr\u00e9ation.<\/p>\n<p>Un consortium rassemblant l\u2019<a href=\"https:\/\/www.ehess.fr\/fr\" target=\"_blank\" rel=\"noreferrer noopener\">EHESS<\/a>, les\u00a0<a href=\"https:\/\/www.archives-nationales.culture.gouv.fr\/\" target=\"_blank\" rel=\"noreferrer noopener\">Archives nationales<\/a>, la\u00a0<a href=\"https:\/\/www.bnf.fr\/fr\" target=\"_blank\" rel=\"noreferrer noopener\">Biblioth\u00e8que Nationale de France<\/a>\u00a0(BnF), les Universit\u00e9s de\u00a0<a href=\"https:\/\/www.univ-rennes2.fr\/\" target=\"_blank\" rel=\"noreferrer noopener\">Rennes 2<\/a>, de\u00a0<a href=\"https:\/\/www.pantheonsorbonne.fr\/accueil\" target=\"_blank\" rel=\"noreferrer noopener\">Paris 1 Panth\u00e9on-Sorbonne<\/a>, de\u00a0<a href=\"https:\/\/u-paris.fr\/\" target=\"_blank\" rel=\"noreferrer noopener\">Paris Diderot<\/a>, \u00e9galement la\u00a0<a href=\"https:\/\/www.hesge.ch\/head\/\" target=\"_blank\" rel=\"noreferrer noopener\">Haute \u00c9cole d\u2019Art &amp; Design<\/a>\u00a0(HEAD \u2013 Gen\u00e8ve) et enfin l\u2019<a href=\"https:\/\/www.hosei.ac.jp\/english\/?auth=9abbb458a78210eb174f4bdd385bcf54\" target=\"_blank\" rel=\"noreferrer noopener\">Universit\u00e9 japonaise Hosei<\/a>\u00a0propose ainsi, \u00e0 partir de la valorisation des fonds Bertin et du Laboratoire de graphique, d&rsquo;enclencher une dynamique de recherche interdisciplinaire sur la patrimonialisation et l\u2019\u00e9tude des cultures visuelles des sciences sociales et du design graphique, des ann\u00e9es 1950 \u00e0 l\u2019\u00e2ge des humanit\u00e9s num\u00e9riques.<\/p>\n<p>Porteuse du projet : Anne-Lyse Renon (PTAC)<\/p>\n<p><a href=\"https:\/\/laboratoire-graphique.fr\/\" target=\"_blank\" rel=\"noopener\">Site de l&rsquo;ANR<\/a><\/p>\n<p>&nbsp;<\/p>\n","protected":false},"excerpt":{"rendered":"<p>EUR CAPS L\u2019EUR CAPS est un lieu physique et intellectuel d\u2019exp\u00e9rimentation en mati\u00e8re de recherche, d\u2019enseignement et d\u2019action dans et pour l\u2019espace public. Form\u00e9e&hellip;<\/p>\n","protected":false},"author":1,"featured_media":0,"parent":0,"menu_order":0,"comment_status":"closed","ping_status":"closed","template":"","meta":{"_acf_changed":false,"footnotes":""},"class_list":["post-955","page","type-page","status-publish","hentry"],"acf":[],"_links":{"self":[{"href":"https:\/\/sites-recherche.univ-rennes2.fr\/ptac\/wp-json\/wp\/v2\/pages\/955","targetHints":{"allow":["GET"]}}],"collection":[{"href":"https:\/\/sites-recherche.univ-rennes2.fr\/ptac\/wp-json\/wp\/v2\/pages"}],"about":[{"href":"https:\/\/sites-recherche.univ-rennes2.fr\/ptac\/wp-json\/wp\/v2\/types\/page"}],"author":[{"embeddable":true,"href":"https:\/\/sites-recherche.univ-rennes2.fr\/ptac\/wp-json\/wp\/v2\/users\/1"}],"replies":[{"embeddable":true,"href":"https:\/\/sites-recherche.univ-rennes2.fr\/ptac\/wp-json\/wp\/v2\/comments?post=955"}],"version-history":[{"count":3,"href":"https:\/\/sites-recherche.univ-rennes2.fr\/ptac\/wp-json\/wp\/v2\/pages\/955\/revisions"}],"predecessor-version":[{"id":1068,"href":"https:\/\/sites-recherche.univ-rennes2.fr\/ptac\/wp-json\/wp\/v2\/pages\/955\/revisions\/1068"}],"wp:attachment":[{"href":"https:\/\/sites-recherche.univ-rennes2.fr\/ptac\/wp-json\/wp\/v2\/media?parent=955"}],"curies":[{"name":"wp","href":"https:\/\/api.w.org\/{rel}","templated":true}]}}