{"id":150,"date":"2020-07-20T10:08:22","date_gmt":"2020-07-20T08:08:22","guid":{"rendered":"https:\/\/sites-recherche.univ-rennes2.fr\/tempora\/?page_id=150"},"modified":"2025-12-19T16:02:28","modified_gmt":"2025-12-19T15:02:28","slug":"collaborations-institutionnelles","status":"publish","type":"page","link":"https:\/\/sites-recherche.univ-rennes2.fr\/tempora\/collaborations-institutionnelles\/","title":{"rendered":"Collaborations institutionnelles"},"content":{"rendered":"<h2>CI\u00c9Q<\/h2>\n<p>Une convention de recherche a \u00e9t\u00e9 sign\u00e9e fin 2018 entre Tempora et le <a href=\"https:\/\/www.cieq.ca\/cieq.php?niv2=centre\">Centre Interuniversitaire d\u2019\u00c9tudes Qu\u00e9becoises<\/a> \u2013 qui rassemble une trentaine de chercheurs d\u2019une dizaine d\u2019universit\u00e9s canadiennes, avec pour c\u0153ur de cible le fait qu\u00e9b\u00e9cois. Elle s\u2019inscrit dans le prolongement d\u2019une coop\u00e9ration remontant aux ann\u00e9es 1980 entre historiens rennais et canadiens.<\/p>\n<p>Les questions abord\u00e9es conjointement tourneront autour des micro-\u00e9chelles et de la mobilit\u00e9 \u2013 th\u00e8mes qui s\u2019inscrivent dans l\u2019axe 1 de Tempora.<\/p>\n<p>Sur le plan institutionnel, <a href=\"https:\/\/sites-recherche.univ-rennes2.fr\/tempora\/author\/mbergere\/\">Marc BERG\u00c8RE<\/a> est membre associ\u00e9 du CI\u00c9Q, tandis que les codirecteurs de Trois-Rivi\u00e8res et de Laval sont devenus membres associ\u00e9s de droit de Tempora.<\/p>\n<p>Des <strong>\u00e9changes<\/strong> d\u2019\u00e9tudiants (du Master au post-doctorat) sont pr\u00e9vus.<\/p>\n<p>Un <strong>S\u00e9minaire conjoint CI\u00c9Q &#8211; Tempora<\/strong>, en ligne, est mis en place :<\/p>\n<ul>\n<li>2021 : <strong><em>Penser les archives \u00e0 l&rsquo;\u00e8re du num\u00e9rique : quels usages, pour quelle histoire ? <\/em><\/strong>\u2013 <a href=\"https:\/\/sites-recherche.univ-rennes2.fr\/tempora\/wp-content\/uploads\/2021\/01\/Programmation-CIEQ-TEMPORA-2021-horaire-F.pdf\">programme<\/a><\/li>\n<li>2022 : <strong><em>A<\/em><\/strong><span style=\"font-size: 1rem;\"><strong><em>cteurs, espaces et politiques : e\u0301chelles et temps de la re\u0301gulation \u2013 <\/em><\/strong>\u00a0<a href=\"https:\/\/sites-recherche.univ-rennes2.fr\/tempora\/wp-content\/uploads\/2021\/10\/Programmation-CIEQ-TEMPORA-2022-horaire-France.pdf\">programme<\/a><\/span><\/li>\n<li><span style=\"font-size: 1rem;\">2023 : <em><strong>A<\/strong><strong>ppr\u00e9hender l&rsquo;oralit\u00e9 en histoire et dans les sciences sociales : sources et m\u00e9thodes<\/strong><\/em> \u2013 <a href=\"https:\/\/sites-recherche.univ-rennes2.fr\/tempora\/wp-content\/uploads\/2022\/09\/Seminaire-Cieq-Tempora-2023-Programme-et-resumes-FR.pdf\">programme<\/a><\/span><\/li>\n<li>2024 : <strong><em>Mat\u00e9rialit\u00e9(s) : production, circulation, appropriation<\/em><\/strong> \u2013 <a href=\"https:\/\/sites-recherche.univ-rennes2.fr\/tempora\/wp-content\/uploads\/2025\/01\/programmation-cieq-tempora-2024-1.pdf\">programme<\/a><\/li>\n<li>2025 : <strong><em>L&rsquo;historien(ne) et la litt\u00e9rature<\/em><\/strong> \u2013 <a href=\"https:\/\/sites-recherche.univ-rennes2.fr\/tempora\/wp-content\/uploads\/2024\/11\/cieq\u2022tempora-2025\u2022programmation.pdf\">programme<\/a><\/li>\n<li>2026 : <em><strong>\u00c9cologie des savoirs hier et aujourd&rsquo;hui<\/strong> <\/em>\u2013 <a href=\"https:\/\/sites-recherche.univ-rennes2.fr\/tempora\/wp-content\/uploads\/2025\/12\/prog-seminaire-cieq-tempora-2025-12-16-v2.pdf\">programme<\/a><\/li>\n<\/ul>\n<p>&nbsp;<\/p>\n<h2>Autres collaborations institutionnelles avec le Canada<\/h2>\n<ul>\n<li><a href=\"https:\/\/sites-recherche.univ-rennes2.fr\/tempora\/author\/eguillorel\/\">\u00c9va GUILLOREL<\/a> participe aux travaux de deux programmes de recherche financ\u00e9s par des institutions canadiennes :<br \/>\n&#8211; \u00ab <a href=\"https:\/\/migrationsfrancophones.ustboniface.ca\/\"><strong>Trois si\u00e8cles de migrations francophones en Am\u00e9rique (1640-1940)<\/strong><\/a> \u00bb, 2019-2026. Porteur principal : Yves Frenette, Universit\u00e9 de Saint-Boniface, Manitoba ; co-porteur : Marc Saint-Hilaire, CIEQ-Laval, Qu\u00e9bec. Financement du Conseil de recherches en sciences humaines du Canada sur sept ans.<br \/>\n&#8211; \u00ab <a href=\"https:\/\/www.repenserlacadie.com\"><strong>Repenser l\u2019Acadie dans le monde : \u00e9tudes compar\u00e9es, \u00e9tudes transnationales<\/strong><\/a> \u00bb, 2018-2022. Porteurs principaux : Gregory Kennedy, Universit\u00e9 de Moncton, Nouveau-Brunswick, et Clint Bruce, Universit\u00e9 Sainte-Anne, Nouvelle-\u00c9cosse. Financement du Conseil de recherches en sciences humaines, de l\u2019Institut Wilson (Universit\u00e9 McMaster, Ontario) et de l\u2019Institut Gorsebrook (Saint Mary\u2019s University, Nouvelle-\u00c9cosse).<\/li>\n<\/ul>\n<p>&nbsp;<\/p>\n<h2>Autres collaborations institutionnelles internationales<\/h2>\n<ul>\n<li>\n<div dir=\"ltr\">\n<div>\n<p><strong>Ouverture du premier fonds d&rsquo;archives en histoire environnementale de l&rsquo;\u00c9thiopie<\/strong><\/p>\n<p>En 2019, le Centre fran\u00e7ais des \u00e9tudes \u00e9thiopiennes (<b>CFEE<\/b>) et l\u2019Ethiopian Wildlife Conservation Authority (<b><a title=\"http:\/\/www.ewca.gov.et\/\" href=\"http:\/\/www.ewca.gov.et\/\" target=\"_blank\" rel=\"noopener\" data-saferedirecturl=\"https:\/\/www.google.com\/url?q=http:\/\/www.ewca.gov.et\/&amp;source=gmail&amp;ust=1675066408301000&amp;usg=AOvVaw3QIhdyCfNoywOo9Gl-e-mR\">EWCA<\/a><\/b>) se sont associ\u00e9s pour retrouver, restaurer et classer les archives de la gestion des ressources naturelles \u00e9thiopiennes. Pendant trois ans, dans le cadre du projet\u00a0<a title=\"https:\/\/www.cfee.cnrs.fr\/spip.php?article86&amp;lang=fr\" href=\"https:\/\/www.cfee.cnrs.fr\/spip.php?article86&amp;lang=fr\" target=\"_blank\" rel=\"noopener\" data-saferedirecturl=\"https:\/\/www.google.com\/url?q=https:\/\/www.cfee.cnrs.fr\/spip.php?article86%26lang%3Dfr&amp;source=gmail&amp;ust=1675066408302000&amp;usg=AOvVaw3GTOqbbgVW8gV0CfN3phkF\">ANR PANSER<\/a>, h\u00e9berg\u00e9 par Tempora, la cr\u00e9ation de ce fonds d\u2019archives fut men\u00e9e par Guillaume Blanc (historien) et Kidanemariam Wolde-Giorgis Ayalew (expert en patrimoine), et mise en \u0153uvre par Lidya Adane et Kalehiwot Ayele.<\/p>\n<div dir=\"ltr\">\n<div>\n<p>Le fonds d\u2019archives est d\u00e9sormais accessible \u00e0 la\u00a0<b>biblioth\u00e8que de l\u2019EWCA<\/b>, \u00e0 Addis-Abeba (Yobek building). Avec plus de 700 bo\u00eetes d\u2019archives, une documentation en langues amharique et anglaise renseigne de 1945 \u00e0 nos jours l\u2019histoire du gouvernement des ressources naturelles \u00e9thiopiennes\u00a0: cr\u00e9ation et gestion de r\u00e9serves naturelles, exploitation et protection de la faune sauvage, organisation des activit\u00e9s de chasse, conduite de projets scientifiques nationaux et internationaux, production et contestation de lois et de r\u00e8glements, correspondances entre experts et institutions nationales et internationales, etc.<\/p>\n<p>Tempora, le Centre fran\u00e7ais des \u00e9tudes \u00e9thiopiennes et l\u2019EWCA invitent tous les chercheurs et les \u00e9tudiants qui le souhaitent \u00e0 venir explorer ce fonds d\u2019archives afin d\u2019encore mieux inscrire l\u2019\u00c9thiopie dans l\u2019histoire environnementale de l\u2019Afrique, et l\u2019Afrique dans l\u2019histoire environnementale en g\u00e9n\u00e9ral.<\/p>\n<p>Les\u00a0<b>deux catalogues d\u00e9taill\u00e9s<\/b>\u00a0sont disponibles\u00a0<a title=\"https:\/\/cfee.hypotheses.org\/9129\" href=\"https:\/\/cfee.hypotheses.org\/9129\" target=\"_blank\" rel=\"noopener\" data-saferedirecturl=\"https:\/\/www.google.com\/url?q=https:\/\/cfee.hypotheses.org\/9129&amp;source=gmail&amp;ust=1675066408302000&amp;usg=AOvVaw2y_q-cec5scFKV4YEyWL-M\">ici<\/a>\u00a0:<\/p>\n<p><span lang=\"EN-US\">1_Inventory of EWCA&rsquo;s Records\u00a0<\/span><\/p>\n<p><span lang=\"EN-US\">2_Inventory of John Blower&rsquo;s Papers [pr\u00e9par\u00e9 par Pia Rigaldi\u00e8s, archiviste pal\u00e9ographe]<\/span><\/p>\n<p>Pour plus d\u2019informations, n\u2019h\u00e9sitez pas \u00e0 contacter\u00a0:<\/p>\n<p><a href=\"mailto:secretariat.scientifique@cfee.cnrs.fr\" target=\"_blank\" rel=\"noopener\">secretariat.scientifique@cfee.<wbr \/>cnrs.fr<\/a><\/p>\n<p><a href=\"mailto:guillaume_blanc@hotmail.fr\" target=\"_blank\" rel=\"noopener\">guillaume_blanc@hotmail.fr<\/a><\/p>\n<\/div>\n<\/div>\n<\/div>\n<\/div>\n<\/li>\n<li>Une convention a \u00e9t\u00e9 sign\u00e9e avec deux institutions <strong>portugaises<\/strong>, pour pr\u00e9parer le projet<em> Provenances fran\u00e7aises dans les biblioth\u00e8ques fond\u00e9es au Portugal par les Bragan\u00e7a<\/em> (voir <a href=\"https:\/\/sites-recherche.univ-rennes2.fr\/tempora\/projets-collaboratifs\/\"><em>Projets collaboratifs<\/em><\/a>)<\/li>\n<li>Un partenariat associe Tempora \u00e0 l&rsquo;<strong>\u00c9cole Fran\u00e7aise de Rome<\/strong> pour le projet international <em>Repenser le Xe si\u00e8cle<\/em> (voir <a href=\"https:\/\/sites-recherche.univ-rennes2.fr\/tempora\/projets-collaboratifs\/\"><em>Projets collaboratifs<\/em><\/a>).<\/li>\n<li>Une convention de recherche a \u00e9t\u00e9 sign\u00e9e entre l&rsquo;universit\u00e9 Rennes 2 repr\u00e9sentant Tempora et l&rsquo;<strong>universit\u00e9 de Sienne en Italie<\/strong> pour formaliser les relations de recherche existant entre les deux porteurs de la convention (Magali Watteaux pour la partie fran\u00e7aise et Carlo Citter pour la partie italienne) au sein de l&rsquo;<a href=\"https:\/\/sites-recherche.univ-rennes2.fr\/tempora\/projets-collaboratifs\/\">ANR PARCEDES<\/a><\/li>\n<\/ul>\n","protected":false},"excerpt":{"rendered":"<p>CI\u00c9Q Une convention de recherche a \u00e9t\u00e9 sign\u00e9e fin 2018 entre Tempora et le Centre Interuniversitaire d\u2019\u00c9tudes Qu\u00e9becoises \u2013 qui rassemble une trentaine de&hellip;<\/p>\n","protected":false},"author":1,"featured_media":0,"parent":0,"menu_order":0,"comment_status":"closed","ping_status":"closed","template":"","meta":{"_acf_changed":false,"footnotes":""},"class_list":["post-150","page","type-page","status-publish","hentry"],"acf":[],"_links":{"self":[{"href":"https:\/\/sites-recherche.univ-rennes2.fr\/tempora\/wp-json\/wp\/v2\/pages\/150","targetHints":{"allow":["GET"]}}],"collection":[{"href":"https:\/\/sites-recherche.univ-rennes2.fr\/tempora\/wp-json\/wp\/v2\/pages"}],"about":[{"href":"https:\/\/sites-recherche.univ-rennes2.fr\/tempora\/wp-json\/wp\/v2\/types\/page"}],"author":[{"embeddable":true,"href":"https:\/\/sites-recherche.univ-rennes2.fr\/tempora\/wp-json\/wp\/v2\/users\/1"}],"replies":[{"embeddable":true,"href":"https:\/\/sites-recherche.univ-rennes2.fr\/tempora\/wp-json\/wp\/v2\/comments?post=150"}],"version-history":[{"count":29,"href":"https:\/\/sites-recherche.univ-rennes2.fr\/tempora\/wp-json\/wp\/v2\/pages\/150\/revisions"}],"predecessor-version":[{"id":4831,"href":"https:\/\/sites-recherche.univ-rennes2.fr\/tempora\/wp-json\/wp\/v2\/pages\/150\/revisions\/4831"}],"wp:attachment":[{"href":"https:\/\/sites-recherche.univ-rennes2.fr\/tempora\/wp-json\/wp\/v2\/media?parent=150"}],"curies":[{"name":"wp","href":"https:\/\/api.w.org\/{rel}","templated":true}]}}