{"id":152,"date":"2020-07-20T10:08:28","date_gmt":"2020-07-20T08:08:28","guid":{"rendered":"https:\/\/sites-recherche.univ-rennes2.fr\/tempora\/?page_id=152"},"modified":"2023-10-26T02:05:06","modified_gmt":"2023-10-26T00:05:06","slug":"conferences-a-letranger","status":"publish","type":"page","link":"https:\/\/sites-recherche.univ-rennes2.fr\/tempora\/conferences-a-letranger\/","title":{"rendered":"Conf\u00e9rences \u00e0 l\u2019\u00e9tranger"},"content":{"rendered":"<h2><span style=\"color: #292e34; font-family: Roboto, 'Helvetica Neue', Arial, sans-serif; font-size: 1rem;\">[Liste non exhaustive]<\/span><\/h2>\n<h2>Conf\u00e9rences et communications \u00e0 l&rsquo;\u00e9tranger<\/h2>\n<ul>\n<li><strong>6 novembre 2023<\/strong> :<strong> Magali Watteaux<\/strong> pr\u00e9sente une conf\u00e9rence \u00e0 Cambridge (Royaume-Uni) au colloque <em>Cyril Fox and regional approaches to archaeology within a comparative framework<\/em> (org. S. Stoddart et O. Aldred, universit\u00e9 de Cambridge) : \u00ab The regional Archaeology in France. Historiographical itinerary of the concept of \u201cregion\u201d and of the regional scale within the framework of the historical studies of landscapes \u00bb.<\/li>\n<li><strong>31 ao\u00fbt 2023<\/strong> : <strong>Magali Watteaux<\/strong> pr\u00e9sente une communication au 29e congr\u00e8s annuel de l&rsquo;EAA (European Association of Archaeologists) \u00e0 Belfast (Irlande du Nord) : \u00ab Field patterns and land use dynamic over time. About the PARCEDES project (ANR) \u00bb. Communication donn\u00e9e au sein de la <a href=\"https:\/\/parcedes.hypotheses.org\/2268\">session \u00ab Long-term Dynamics of Field Patterns and Land Use \u00bb organis\u00e9e par l&rsquo;ANR PARCEDES<\/a> (org. Magali Watteaux).<\/li>\n<li><strong>3 juillet 2023<\/strong> : <strong>Magali Watteaux<\/strong> pr\u00e9sente une communication au congr\u00e8s international d&rsquo;histoire m\u00e9di\u00e9vale \u00e0 Leeds (Royaume-Uni) : \u00ab Untangling heritages in landscapes and road networks: medieval spaces at the crossroads of disciplines and temporalities \u00bb<\/li>\n<li><strong><span class=\"important\">27 novembre 2021 <\/span><\/strong><span class=\"important\">: <strong>Marie-Madeleine de Cevins<\/strong> pr\u00e9sente une communication (en hongrois) \u00e0 Cluj \/ Kolozsv\u00e1r (Roumanie) dans le cadre d&rsquo;une journ\u00e9e d&rsquo;\u00e9tude comm\u00e9morant les 800 ans de la pr\u00e9sence des Dominicains en Hongrie (<em>Misszi\u00f3, szents\u00e9g, megteleped\u00e9s. A 800 \u00e9ves magyar domonkos rendtartom\u00e1ny a k\u00f6z\u00e9pkorban) (<\/em>\u00e0 d\u00e9couvrir <a href=\"https:\/\/www.youtube.com\/watch?v=us4e1MeSjlI&amp;ab_channel=Erd%C3%A9lyiM%C3%BAzeum-Egyes%C3%BClet\">ici<\/a>)<\/span><\/li>\n<li><strong>17 novembre 2021<\/strong> : <strong>Magali Watteaux<\/strong> pr\u00e9sente une conf\u00e9rence en visio \u00e0 l&rsquo;universit\u00e9 de Coimbra (Portugal) au sein du Erasmus+ Joint Master \u00ab Architecture, Landscape, Archaeology \u00bb coordonn\u00e9 par Maria da Concei\u00e7ao Lopes (Universit\u00e9 de Coimbra-Porto) : \u00ab The Road Network in the Longue Dur\u00e9e. A Reading Key of the History of Territories \u00bb<\/li>\n<li><strong><span class=\"important\">7-8 octobre 2021<\/span><\/strong><span class=\"important\"> :<\/span><strong><span class=\"important\"> Aur\u00e9lie Chatenet-Calyste <\/span><\/strong><span class=\"important\">pr\u00e9sente une communication \u00e0 Toru\u0144 (Pologne) dans le cadre du colloque franco-polonais <em>Vingt ans apr\u00e8s : noblesse fran\u00e7aise et noblesse polonaise, deux chantiers historiographiques en parall\u00e8le<\/em><\/span><\/li>\n<li><strong><span class=\"important\">(&#8230;)<\/span><\/strong><\/li>\n<li><strong><span class=\"important\">4-5 octobre 2019<\/span><\/strong>\u00a0:\u00a0<strong>Philippe Clairay<\/strong>\u00a0a particip\u00e9 \u00e0\u00a0<strong>Kotor<\/strong>\u00a0(Mont\u00e9n\u00e9gro) au\u00a0<a title=\"ouverture d'un nouvel onglet\" href=\"https:\/\/intranet.univ-rennes2.fr\/system\/files\/UHB\/UNITE-RECHERCHE-TEMPORA\/program_assmed_kotor_2019_final_version.pdf\" target=\"_blank\" rel=\"noopener noreferrer\">Congr\u00e8s de l&rsquo;Association M\u00e9diterran\u00e9enne de Sociologie du Tourisme (AssMed)<\/a> et y a pr\u00e9sent\u00e9\u00a0les travaux de\u00a0Marc Boyer<\/li>\n<li><strong><span class=\"important\">24 novembre 2017<\/span><\/strong>\u00a0: conf\u00e9rence de\u00a0<strong>Florent Mouchard<\/strong>\u00a0\u00e0 Oxford, \u00e0 la Maison Fran\u00e7aise d&rsquo;<strong>Oxford<\/strong>\u00a0\u2013 Cambridge Ukrainian Studies, \u00e0 la journ\u00e9e d&rsquo;\u00e9tude\u00a0<a title=\"ouverture d'un nouvel onglet\" href=\"https:\/\/intranet.univ-rennes2.fr\/system\/files\/UHB\/UNITE-RECHERCHE-TEMPORA\/fluidities_poster_last.pdf\" target=\"_blank\" rel=\"noopener noreferrer\"><em>Confessional Fluidity and the Byzantine Inheritance in Early Modern Ruthenian Society,<\/em><\/a>\u00a0sur\u00a0<em>Jakub Jan Susza&rsquo;s hagiographic narrative: Confessional fluidity as a rhetorical strategy<\/em><\/li>\n<li><span class=\"important\"><strong>12 octobre 2017<\/strong>\u00a0<\/span>: conf\u00e9rence\u00a0de\u00a0<strong>Marie-Madeleine de Cevins<\/strong>\u00a0\u00e0 l&rsquo;Universit\u00e9 Charles de\u00a0<strong>Prague<\/strong>, au s\u00e9minaire francophone du Pr. Martin Nejedly, sur\u00a0<em>Les migrations dans la construction de l&rsquo;image des Hongrois au Moyen \u00c2ge<\/em><\/li>\n<li>\u200b<span class=\"important\"><strong>20 juin 2017\u00a0<\/strong><\/span>: conf\u00e9rence de\u00a0<strong>Pierre Karila-Cohen<\/strong>\u00a0\u00e0 l&rsquo;Universit\u00e9\u00a0Leipzig de\u00a0<strong>Hanovre<\/strong>, au\u00a0s\u00e9minaire du Pr. Cornelia Rauh, intitul\u00e9e\u00a0<em>Trotta and his Counterparts. For a European Survey on Prefects and Governors in the Nineteenth Century<\/em><\/li>\n<li><span class=\"important\"><strong>29 mai 2017<\/strong><\/span>\u00a0: conf\u00e9rence de\u00a0<strong>Michel Tissier<\/strong>\u00a0\u00e0 l&rsquo;Universit\u00e9 de\u00a0<strong>Cologne<\/strong>, \u00e0 l&rsquo;invitation du D\u00e9partement d&rsquo;histoire de l&rsquo;Europe orientale, intitul\u00e9e\u00a0<em>Serf-ownership in the Russian Empire and the accounting of the emancipation settlement (1830s-1860s)<\/em><\/li>\n<li><span class=\"important\"><strong>7 avril 2017<\/strong>\u00a0<\/span>: conf\u00e9rence de\u00a0<strong>Florent Mouchard\u00a0<\/strong>\u00e0\u00a0<strong>Kiev<\/strong>, \u00e0 l&rsquo;Institut d&rsquo;histoire de l&rsquo;Acad\u00e9mie des sciences d&rsquo;Ukraine, intitul\u00e9e : <em>\u041d\u0435\u0431\u043e \u043a\u0430\u043a \u043e\u0442\u043a\u0440\u044b\u0442\u0430\u044f \u043a\u043d\u0438\u0433\u0430: \u043d\u0435\u0431\u0435\u0441\u043d\u044b\u0435 \u0437\u043d\u0430\u043c\u0435\u043d\u0438\u044f \u0432 \u0434\u0440\u0435\u0432\u043d\u0435\u0440\u0443\u0441\u0441\u043a\u043e\u043c \u0434\u043e\u043c\u043e\u043d\u0433\u043e\u043b\u044c\u0441\u043a\u043e\u043c \u043b\u0435\u0442\u043e\u043f\u0438\u0441\u0430\u043d\u0438\u0438\u00a0<\/em>[Le ciel comme un livre ouvert : signes et prodiges c\u00e9lestes dans les chroniques slaves orientales d&rsquo;\u00e9poque pr\u00e9mongole, XII<sup>e<\/sup>-XIII<sup>e<\/sup>\u00a0s.]<\/li>\n<\/ul>\n<p>&nbsp;<\/p>\n<h2>Soutenances de th\u00e8se \u00e0 l&rsquo;\u00e9tranger<\/h2>\n<ul>\n<li><span class=\"important\"><strong>19 mai 2017<\/strong><\/span>\u00a0:\u00a0<strong>Marie-Madeleine de Cevins\u00a0<\/strong>a si\u00e9g\u00e9\u00a0au jury\u00a0de th\u00e8se d&rsquo;\u00c1gnes Mal\u00e9th, th\u00e8se en co-tutelle intitul\u00e9e\u00a0<em>I. K\u00e1roly \u00e9s a p\u00e1pas\u00e1g kapcsolata (1301-1342)<\/em>\u00a0[Les rapports de Charles I<sup>er<\/sup>\u00a0de Hongrie avec la papaut\u00e9 (1301-1342)], soutenue \u00e0 l&rsquo;Universit\u00e9 de Szeged (Hongrie)<\/li>\n<\/ul>\n","protected":false},"excerpt":{"rendered":"<p>[Liste non exhaustive] Conf\u00e9rences et communications \u00e0 l&rsquo;\u00e9tranger 6 novembre 2023 : Magali Watteaux pr\u00e9sente une conf\u00e9rence \u00e0 Cambridge (Royaume-Uni) au colloque Cyril Fox&hellip;<\/p>\n","protected":false},"author":1,"featured_media":0,"parent":0,"menu_order":0,"comment_status":"closed","ping_status":"closed","template":"","meta":{"_acf_changed":false,"footnotes":""},"class_list":["post-152","page","type-page","status-publish","hentry"],"acf":[],"_links":{"self":[{"href":"https:\/\/sites-recherche.univ-rennes2.fr\/tempora\/wp-json\/wp\/v2\/pages\/152","targetHints":{"allow":["GET"]}}],"collection":[{"href":"https:\/\/sites-recherche.univ-rennes2.fr\/tempora\/wp-json\/wp\/v2\/pages"}],"about":[{"href":"https:\/\/sites-recherche.univ-rennes2.fr\/tempora\/wp-json\/wp\/v2\/types\/page"}],"author":[{"embeddable":true,"href":"https:\/\/sites-recherche.univ-rennes2.fr\/tempora\/wp-json\/wp\/v2\/users\/1"}],"replies":[{"embeddable":true,"href":"https:\/\/sites-recherche.univ-rennes2.fr\/tempora\/wp-json\/wp\/v2\/comments?post=152"}],"version-history":[{"count":9,"href":"https:\/\/sites-recherche.univ-rennes2.fr\/tempora\/wp-json\/wp\/v2\/pages\/152\/revisions"}],"predecessor-version":[{"id":3926,"href":"https:\/\/sites-recherche.univ-rennes2.fr\/tempora\/wp-json\/wp\/v2\/pages\/152\/revisions\/3926"}],"wp:attachment":[{"href":"https:\/\/sites-recherche.univ-rennes2.fr\/tempora\/wp-json\/wp\/v2\/media?parent=152"}],"curies":[{"name":"wp","href":"https:\/\/api.w.org\/{rel}","templated":true}]}}

Conférences à l’étranger

<h2><span style="color: #292e34; font-family: Roboto, 'Helvetica Neue', Arial, sans-serif; font-size: 1rem;">[Liste non exhaustive]</span></h2>
<h2>Conférences et communications à l&rsquo;étranger</h2>
<ul>
<li><strong>6 novembre 2023</strong> :<strong> Magali Watteaux</strong> présente une conférence à Cambridge (Royaume-Uni) au colloque <em>Cyril Fox and regional approaches to archaeology within a comparative framework</em> (org. S. Stoddart et O. Aldred, université de Cambridge) : « The regional Archaeology in France. Historiographical itinerary of the concept of “region” and of the regional scale within the framework of the historical studies of landscapes ».</li>
<li><strong>31 août 2023</strong> : <strong>Magali Watteaux</strong> présente une communication au 29e congrès annuel de l&rsquo;EAA (European Association of Archaeologists) à Belfast (Irlande du Nord) : « Field patterns and land use dynamic over time. About the PARCEDES project (ANR) ». Communication donnée au sein de la <a href="https://parcedes.hypotheses.org/2268">session « Long-term Dynamics of Field Patterns and Land Use » organisée par l&rsquo;ANR PARCEDES</a> (org. Magali Watteaux).</li>
<li><strong>3 juillet 2023</strong> : <strong>Magali Watteaux</strong> présente une communication au congrès international d&rsquo;histoire médiévale à Leeds (Royaume-Uni) : « Untangling heritages in landscapes and road networks: medieval spaces at the crossroads of disciplines and temporalities »</li>
<li><strong><span class="important">27 novembre 2021 </span></strong><span class="important">: <strong>Marie-Madeleine de Cevins</strong> présente une communication (en hongrois) à Cluj / Kolozsvár (Roumanie) dans le cadre d&rsquo;une journée d&rsquo;étude commémorant les 800 ans de la présence des Dominicains en Hongrie (<em>Misszió, szentség, megtelepedés. A 800 éves magyar domonkos rendtartomány a középkorban) (</em>à découvrir <a href="https://www.youtube.com/watch?v=us4e1MeSjlI&amp;ab_channel=Erd%C3%A9lyiM%C3%BAzeum-Egyes%C3%BClet">ici</a>)</span></li>
<li><strong>17 novembre 2021</strong> : <strong>Magali Watteaux</strong> présente une conférence en visio à l&rsquo;université de Coimbra (Portugal) au sein du Erasmus+ Joint Master « Architecture, Landscape, Archaeology » coordonné par Maria da Conceiçao Lopes (Université de Coimbra-Porto) : « The Road Network in the Longue Durée. A Reading Key of the History of Territories »</li>
<li><strong><span class="important">7-8 octobre 2021</span></strong><span class="important"> :</span><strong><span class="important"> Aurélie Chatenet-Calyste </span></strong><span class="important">présente une communication à Toruń (Pologne) dans le cadre du colloque franco-polonais <em>Vingt ans après : noblesse française et noblesse polonaise, deux chantiers historiographiques en parallèle</em></span></li>
<li><strong><span class="important">(&#8230;)</span></strong></li>
<li><strong><span class="important">4-5 octobre 2019</span></strong> : <strong>Philippe Clairay</strong> a participé à <strong>Kotor</strong> (Monténégro) au <a title="ouverture d'un nouvel onglet" href="https://intranet.univ-rennes2.fr/system/files/UHB/UNITE-RECHERCHE-TEMPORA/program_assmed_kotor_2019_final_version.pdf" target="_blank" rel="noopener noreferrer">Congrès de l&rsquo;Association Méditerranéenne de Sociologie du Tourisme (AssMed)</a> et y a présenté les travaux de Marc Boyer</li>
<li><strong><span class="important">24 novembre 2017</span></strong> : conférence de <strong>Florent Mouchard</strong> à Oxford, à la Maison Française d&rsquo;<strong>Oxford</strong> – Cambridge Ukrainian Studies, à la journée d&rsquo;étude <a title="ouverture d'un nouvel onglet" href="https://intranet.univ-rennes2.fr/system/files/UHB/UNITE-RECHERCHE-TEMPORA/fluidities_poster_last.pdf" target="_blank" rel="noopener noreferrer"><em>Confessional Fluidity and the Byzantine Inheritance in Early Modern Ruthenian Society,</em></a> sur <em>Jakub Jan Susza&rsquo;s hagiographic narrative: Confessional fluidity as a rhetorical strategy</em></li>
<li><span class="important"><strong>12 octobre 2017</strong> </span>: conférence de <strong>Marie-Madeleine de Cevins</strong> à l&rsquo;Université Charles de <strong>Prague</strong>, au séminaire francophone du Pr. Martin Nejedly, sur <em>Les migrations dans la construction de l&rsquo;image des Hongrois au Moyen Âge</em></li>
<li>​<span class="important"><strong>20 juin 2017 </strong></span>: conférence de <strong>Pierre Karila-Cohen</strong> à l&rsquo;Université Leipzig de <strong>Hanovre</strong>, au séminaire du Pr. Cornelia Rauh, intitulée <em>Trotta and his Counterparts. For a European Survey on Prefects and Governors in the Nineteenth Century</em></li>
<li><span class="important"><strong>29 mai 2017</strong></span> : conférence de <strong>Michel Tissier</strong> à l&rsquo;Université de <strong>Cologne</strong>, à l&rsquo;invitation du Département d&rsquo;histoire de l&rsquo;Europe orientale, intitulée <em>Serf-ownership in the Russian Empire and the accounting of the emancipation settlement (1830s-1860s)</em></li>
<li><span class="important"><strong>7 avril 2017</strong> </span>: conférence de <strong>Florent Mouchard </strong>à <strong>Kiev</strong>, à l&rsquo;Institut d&rsquo;histoire de l&rsquo;Académie des sciences d&rsquo;Ukraine, intitulée : <em>Небо как открытая книга: небесные знамения в древнерусском домонгольском летописании </em>[Le ciel comme un livre ouvert : signes et prodiges célestes dans les chroniques slaves orientales d&rsquo;époque prémongole, XII<sup>e</sup>-XIII<sup>e</sup> s.]</li>
</ul>
<p>&nbsp;</p>
<h2>Soutenances de thèse à l&rsquo;étranger</h2>
<ul>
<li><span class="important"><strong>19 mai 2017</strong></span> : <strong>Marie-Madeleine de Cevins </strong>a siégé au jury de thèse d&rsquo;Ágnes Maléth, thèse en co-tutelle intitulée <em>I. Károly és a pápaság kapcsolata (1301-1342)</em> [Les rapports de Charles I<sup>er</sup> de Hongrie avec la papauté (1301-1342)], soutenue à l&rsquo;Université de Szeged (Hongrie)</li>
</ul>

<p>[Liste non exhaustive] Conférences et communications à l&rsquo;étranger 6 novembre 2023 : Magali Watteaux présente une conférence à Cambridge (Royaume-Uni) au colloque Cyril Fox&hellip;</p>
