{"id":1407,"date":"2020-10-20T08:28:29","date_gmt":"2020-10-20T06:28:29","guid":{"rendered":"https:\/\/sites-recherche.univ-rennes2.fr\/tempora\/?post_type=tribe_events&#038;p=1407"},"modified":"2021-05-04T17:56:27","modified_gmt":"2021-05-04T15:56:27","slug":"journee-detude-relire-la-pre-revolution","status":"publish","type":"tribe_events","link":"https:\/\/sites-recherche.univ-rennes2.fr\/tempora\/event\/journee-detude-relire-la-pre-revolution\/","title":{"rendered":"Journ\u00e9e d&rsquo;\u00e9tude Relire la pr\u00e9-R\u00e9volution [report\u00e9e \u00e0 novembre 2021]"},"content":{"rendered":"<p>L\u2019objectif de cette journ\u00e9e organis\u00e9e par Ga\u00efd ANDRO, Dominique GODINEAU et Solenn MABO, est d\u2019interroger \u00e0 nouveaux frais, et sans entrer dans une perspective t\u00e9l\u00e9ologique, le concept de pr\u00e9-r\u00e9volution, d\u00e9laiss\u00e9 par l\u2019historiographie, en observant \u00ab d\u2019en bas \u00bb,\u00a0 au plus pr\u00e8s des acteurs et du local, la d\u00e9cennie 1780-1790. Il ne s\u2019agit donc pas de s\u2019interroger sur \u00ab la crise de l\u2019Ancien R\u00e9gime \u00bb ou sur les \u00e9v\u00e9nements \u00ab pr\u00e9-r\u00e9volutionnaires \u00bb, mais plut\u00f4t d\u2019examiner si et en quoi les acteurs (individuels ou collectifs) mobilisent le registre du droit et des droits dans leurs discours comme dans leurs pratiques pour r\u00e9interroger le lien entre le particulier et l\u2019universel, dans un moment de crise structurelle du cadre interm\u00e9diaire de l\u2019Etat moderne.<\/p>\n","protected":false},"excerpt":{"rendered":"<p>L\u2019objectif de cette journ\u00e9e organis\u00e9e par Ga\u00efd ANDRO, Dominique GODINEAU et Solenn MABO, est d\u2019interroger \u00e0 nouveaux frais, et sans entrer dans une perspective&hellip;<\/p>\n","protected":false},"author":8,"featured_media":1017,"template":"","meta":{"_acf_changed":false,"_tribe_events_status":"","_tribe_events_status_reason":"","footnotes":""},"tribe_events_cat":[15],"class_list":["post-1407","tribe_events","type-tribe_events","status-publish","has-post-thumbnail","hentry","tribe_events_cat-journees-detude","cat_journees-detude"],"acf":[],"_links":{"self":[{"href":"https:\/\/sites-recherche.univ-rennes2.fr\/tempora\/wp-json\/wp\/v2\/tribe_events\/1407","targetHints":{"allow":["GET"]}}],"collection":[{"href":"https:\/\/sites-recherche.univ-rennes2.fr\/tempora\/wp-json\/wp\/v2\/tribe_events"}],"about":[{"href":"https:\/\/sites-recherche.univ-rennes2.fr\/tempora\/wp-json\/wp\/v2\/types\/tribe_events"}],"author":[{"embeddable":true,"href":"https:\/\/sites-recherche.univ-rennes2.fr\/tempora\/wp-json\/wp\/v2\/users\/8"}],"version-history":[{"count":3,"href":"https:\/\/sites-recherche.univ-rennes2.fr\/tempora\/wp-json\/wp\/v2\/tribe_events\/1407\/revisions"}],"predecessor-version":[{"id":1844,"href":"https:\/\/sites-recherche.univ-rennes2.fr\/tempora\/wp-json\/wp\/v2\/tribe_events\/1407\/revisions\/1844"}],"wp:featuredmedia":[{"embeddable":true,"href":"https:\/\/sites-recherche.univ-rennes2.fr\/tempora\/wp-json\/wp\/v2\/media\/1017"}],"wp:attachment":[{"href":"https:\/\/sites-recherche.univ-rennes2.fr\/tempora\/wp-json\/wp\/v2\/media?parent=1407"}],"wp:term":[{"taxonomy":"tribe_events_cat","embeddable":true,"href":"https:\/\/sites-recherche.univ-rennes2.fr\/tempora\/wp-json\/wp\/v2\/tribe_events_cat?post=1407"}],"curies":[{"name":"wp","href":"https:\/\/api.w.org\/{rel}","templated":true}]}}

Journée d&rsquo;étude Relire la pré-Révolution [reportée à novembre 2021]

<p>L’objectif de cette journée organisée par Gaïd ANDRO, Dominique GODINEAU et Solenn MABO, est d’interroger à nouveaux frais, et sans entrer dans une perspective téléologique, le concept de pré-révolution, délaissé par l’historiographie, en observant « d’en bas »,  au plus près des acteurs et du local, la décennie 1780-1790. Il ne s’agit donc pas de s’interroger sur « la crise de l’Ancien Régime » ou sur les événements « pré-révolutionnaires », mais plutôt d’examiner si et en quoi les acteurs (individuels ou collectifs) mobilisent le registre du droit et des droits dans leurs discours comme dans leurs pratiques pour réinterroger le lien entre le particulier et l’universel, dans un moment de crise structurelle du cadre intermédiaire de l’Etat moderne.</p>

<p>L’objectif de cette journée organisée par Gaïd ANDRO, Dominique GODINEAU et Solenn MABO, est d’interroger à nouveaux frais, et sans entrer dans une perspective&hellip;</p>
