{"id":1442,"date":"2020-10-21T21:15:55","date_gmt":"2020-10-21T19:15:55","guid":{"rendered":"https:\/\/sites-recherche.univ-rennes2.fr\/tempora\/?post_type=tribe_events&#038;p=1442"},"modified":"2021-06-18T07:22:53","modified_gmt":"2021-06-18T05:22:53","slug":"seminaire-dunite-2021","status":"publish","type":"tribe_events","link":"https:\/\/sites-recherche.univ-rennes2.fr\/tempora\/event\/seminaire-dunite-2021\/","title":{"rendered":"S\u00e9minaire d&rsquo;unit\u00e9 2021 : \u00ab\u00a0Esp\u00e8ces d&rsquo;espaces\u00a0\u00bb"},"content":{"rendered":"<p>Le s\u00e9minaire 2021 de Tempora, intitul\u00e9 <span style=\"font-size: 1rem;\">\u00ab<strong><em> Espe\u0300ces d\u2019espaces \u00bb : espace, jeux d\u2019e\u0301chelle et histoire compare\u0301e<\/em><\/strong>, <\/span>se tiendra les 17 et 18 juin \u00e0 Rennes, sur le Campus Villejean, dans l&rsquo;amphith\u00e9\u00e2tre D1.<\/p>\n<p>Il s&rsquo;ouvrira par l&rsquo;Assembl\u00e9e g\u00e9n\u00e9rale (n\u00b0 10) des membres de Tempora.<\/p>\n<p>Organisation : Florian Mazel<\/p>\n<p><a href=\"https:\/\/sites-recherche.univ-rennes2.fr\/tempora\/wp-content\/uploads\/2020\/09\/Se\u0301minaire-Tempora-2021-Programme.pdf\">Programme<\/a> et <a href=\"https:\/\/sites-recherche.univ-rennes2.fr\/tempora\/wp-content\/uploads\/2020\/09\/Se\u0301minaire-Tempora-2021-Re\u0301sume\u0301s.pdf\">r\u00e9sum\u00e9s<\/a> des communications<\/p>\n","protected":false},"excerpt":{"rendered":"<p>Le s\u00e9minaire 2021 de Tempora, intitul\u00e9 \u00ab Espe\u0300ces d\u2019espaces \u00bb : espace, jeux d\u2019e\u0301chelle et histoire compare\u0301e, se tiendra les 17 et 18 juin&hellip;<\/p>\n","protected":false},"author":8,"featured_media":0,"template":"","meta":{"_acf_changed":false,"_tribe_events_status":"","_tribe_events_status_reason":"","footnotes":""},"tribe_events_cat":[17],"class_list":["post-1442","tribe_events","type-tribe_events","status-publish","hentry","tribe_events_cat-seances-de-seminaire","cat_seances-de-seminaire"],"acf":[],"_links":{"self":[{"href":"https:\/\/sites-recherche.univ-rennes2.fr\/tempora\/wp-json\/wp\/v2\/tribe_events\/1442","targetHints":{"allow":["GET"]}}],"collection":[{"href":"https:\/\/sites-recherche.univ-rennes2.fr\/tempora\/wp-json\/wp\/v2\/tribe_events"}],"about":[{"href":"https:\/\/sites-recherche.univ-rennes2.fr\/tempora\/wp-json\/wp\/v2\/types\/tribe_events"}],"author":[{"embeddable":true,"href":"https:\/\/sites-recherche.univ-rennes2.fr\/tempora\/wp-json\/wp\/v2\/users\/8"}],"version-history":[{"count":11,"href":"https:\/\/sites-recherche.univ-rennes2.fr\/tempora\/wp-json\/wp\/v2\/tribe_events\/1442\/revisions"}],"predecessor-version":[{"id":1955,"href":"https:\/\/sites-recherche.univ-rennes2.fr\/tempora\/wp-json\/wp\/v2\/tribe_events\/1442\/revisions\/1955"}],"wp:attachment":[{"href":"https:\/\/sites-recherche.univ-rennes2.fr\/tempora\/wp-json\/wp\/v2\/media?parent=1442"}],"wp:term":[{"taxonomy":"tribe_events_cat","embeddable":true,"href":"https:\/\/sites-recherche.univ-rennes2.fr\/tempora\/wp-json\/wp\/v2\/tribe_events_cat?post=1442"}],"curies":[{"name":"wp","href":"https:\/\/api.w.org\/{rel}","templated":true}]}}

Séminaire d&rsquo;unité 2021 : « Espèces d&rsquo;espaces »

<p>Le séminaire 2021 de Tempora, intitulé <span style="font-size: 1rem;">«<strong><em> Espèces d’espaces » : espace, jeux d’échelle et histoire comparée</em></strong>, </span>se tiendra les 17 et 18 juin à Rennes, sur le Campus Villejean, dans l&rsquo;amphithéâtre D1.</p>
<p>Il s&rsquo;ouvrira par l&rsquo;Assemblée générale (n° 10) des membres de Tempora.</p>
<p>Organisation : Florian Mazel</p>
<p><a href="https://sites-recherche.univ-rennes2.fr/tempora/wp-content/uploads/2020/09/Séminaire-Tempora-2021-Programme.pdf">Programme</a> et <a href="https://sites-recherche.univ-rennes2.fr/tempora/wp-content/uploads/2020/09/Séminaire-Tempora-2021-Résumés.pdf">résumés</a> des communications</p>

<p>Le séminaire 2021 de Tempora, intitulé « Espèces d’espaces » : espace, jeux d’échelle et histoire comparée, se tiendra les 17 et 18 juin&hellip;</p>
