{"id":1868,"date":"2021-05-17T21:45:01","date_gmt":"2021-05-17T19:45:01","guid":{"rendered":"https:\/\/sites-recherche.univ-rennes2.fr\/tempora\/?post_type=tribe_events&#038;p=1868"},"modified":"2021-05-18T16:08:44","modified_gmt":"2021-05-18T14:08:44","slug":"seminaire-cieq-tempora-seconde-rencontre-de-lannee-2021","status":"publish","type":"tribe_events","link":"https:\/\/sites-recherche.univ-rennes2.fr\/tempora\/event\/seminaire-cieq-tempora-seconde-rencontre-de-lannee-2021\/","title":{"rendered":"S\u00e9minaire CIEQ &#8211; Tempora 2021 : Penser les archives \u00e0 l&rsquo;\u00e8re num\u00e9rique (2e rencontre)"},"content":{"rendered":"<p>La seconde rencontre du S\u00e9minaire conjoint CIEQ &#8211; Tempora de l&rsquo;ann\u00e9e 2021 se tient, \u00e0 distance, le <strong>21 mai 2021<\/strong>, de <strong>14h30 \u00e0 18h15<\/strong>, selon le <a href=\"https:\/\/sites-recherche.univ-rennes2.fr\/tempora\/wp-content\/uploads\/2021\/01\/Programmation-CIEQ-TEMPORA-2021-horaire-F.pdf\">programme<\/a> pr\u00e9vu.<\/p>\n<p>Lien Zoom : <span class=\"im\"><br \/>\n<\/span><span id=\"m_4564846016633105728x_OBJ_PREFIX_DWT1960_com_zimbra_url\"><span id=\"m_4564846016633105728OBJ_PREFIX_DWT3287_com_zimbra_url\"><span id=\"m_4564846016633105728OBJ_PREFIX_DWT3298_com_zimbra_url\"><span id=\"m_4564846016633105728OBJ_PREFIX_DWT1176_com_zimbra_url\" role=\"link\"><a href=\"https:\/\/us02web.zoom.us\/j\/85637070919?pwd=MHJyYlNKODlBR1lpcng1UUlCL0ExUT09\" target=\"_blank\" rel=\"noopener\" data-saferedirecturl=\"https:\/\/www.google.com\/url?q=https:\/\/us02web.zoom.us\/j\/85637070919?pwd%3DMHJyYlNKODlBR1lpcng1UUlCL0ExUT09&amp;source=gmail&amp;ust=1621433216208000&amp;usg=AFQjCNEMvUW337-VYeuib6PWTf_iCahZoA\">https:\/\/us02web.zoom.us\/j\/<wbr \/>85637070919?pwd=<wbr \/>MHJyYlNKODlBR1lpcng1UUlCL0ExUT<wbr \/>09<\/a><\/span><\/span><\/span><\/span><\/p>\n<p>&nbsp;<\/p>\n","protected":false},"excerpt":{"rendered":"<p>La seconde rencontre du S\u00e9minaire conjoint CIEQ &#8211; Tempora de l&rsquo;ann\u00e9e 2021 se tient, \u00e0 distance, le 21 mai 2021, de 14h30 \u00e0 18h15,&hellip;<\/p>\n","protected":false},"author":8,"featured_media":0,"template":"","meta":{"_acf_changed":false,"_tribe_events_status":"","_tribe_events_status_reason":"","footnotes":""},"tribe_events_cat":[17],"class_list":["post-1868","tribe_events","type-tribe_events","status-publish","hentry","tribe_events_cat-seances-de-seminaire","cat_seances-de-seminaire"],"acf":[],"_links":{"self":[{"href":"https:\/\/sites-recherche.univ-rennes2.fr\/tempora\/wp-json\/wp\/v2\/tribe_events\/1868","targetHints":{"allow":["GET"]}}],"collection":[{"href":"https:\/\/sites-recherche.univ-rennes2.fr\/tempora\/wp-json\/wp\/v2\/tribe_events"}],"about":[{"href":"https:\/\/sites-recherche.univ-rennes2.fr\/tempora\/wp-json\/wp\/v2\/types\/tribe_events"}],"author":[{"embeddable":true,"href":"https:\/\/sites-recherche.univ-rennes2.fr\/tempora\/wp-json\/wp\/v2\/users\/8"}],"version-history":[{"count":6,"href":"https:\/\/sites-recherche.univ-rennes2.fr\/tempora\/wp-json\/wp\/v2\/tribe_events\/1868\/revisions"}],"predecessor-version":[{"id":1879,"href":"https:\/\/sites-recherche.univ-rennes2.fr\/tempora\/wp-json\/wp\/v2\/tribe_events\/1868\/revisions\/1879"}],"wp:attachment":[{"href":"https:\/\/sites-recherche.univ-rennes2.fr\/tempora\/wp-json\/wp\/v2\/media?parent=1868"}],"wp:term":[{"taxonomy":"tribe_events_cat","embeddable":true,"href":"https:\/\/sites-recherche.univ-rennes2.fr\/tempora\/wp-json\/wp\/v2\/tribe_events_cat?post=1868"}],"curies":[{"name":"wp","href":"https:\/\/api.w.org\/{rel}","templated":true}]}}

Séminaire CIEQ &#8211; Tempora 2021 : Penser les archives à l&rsquo;ère numérique (2e rencontre)

<p>La seconde rencontre du Séminaire conjoint CIEQ &#8211; Tempora de l&rsquo;année 2021 se tient, à distance, le <strong>21 mai 2021</strong>, de <strong>14h30 à 18h15</strong>, selon le <a href="https://sites-recherche.univ-rennes2.fr/tempora/wp-content/uploads/2021/01/Programmation-CIEQ-TEMPORA-2021-horaire-F.pdf">programme</a> prévu.</p>
<p>Lien Zoom : <span class="im"><br />
</span><span id="m_4564846016633105728x_OBJ_PREFIX_DWT1960_com_zimbra_url"><span id="m_4564846016633105728OBJ_PREFIX_DWT3287_com_zimbra_url"><span id="m_4564846016633105728OBJ_PREFIX_DWT3298_com_zimbra_url"><span id="m_4564846016633105728OBJ_PREFIX_DWT1176_com_zimbra_url" role="link"><a href="https://us02web.zoom.us/j/85637070919?pwd=MHJyYlNKODlBR1lpcng1UUlCL0ExUT09" target="_blank" rel="noopener" data-saferedirecturl="https://www.google.com/url?q=https://us02web.zoom.us/j/85637070919?pwd%3DMHJyYlNKODlBR1lpcng1UUlCL0ExUT09&amp;source=gmail&amp;ust=1621433216208000&amp;usg=AFQjCNEMvUW337-VYeuib6PWTf_iCahZoA">https://us02web.zoom.us/j/<wbr />85637070919?pwd=<wbr />MHJyYlNKODlBR1lpcng1UUlCL0ExUT<wbr />09</a></span></span></span></span></p>
<p>&nbsp;</p>

<p>La seconde rencontre du Séminaire conjoint CIEQ &#8211; Tempora de l&rsquo;année 2021 se tient, à distance, le 21 mai 2021, de 14h30 à 18h15,&hellip;</p>
