{"id":1924,"date":"2021-06-11T11:08:58","date_gmt":"2021-06-11T09:08:58","guid":{"rendered":"https:\/\/sites-recherche.univ-rennes2.fr\/tempora\/?post_type=tribe_events&#038;p=1924"},"modified":"2021-06-11T11:11:15","modified_gmt":"2021-06-11T09:11:15","slug":"andre-belo-soutient-son-hdr","status":"publish","type":"tribe_events","link":"https:\/\/sites-recherche.univ-rennes2.fr\/tempora\/event\/andre-belo-soutient-son-hdr\/","title":{"rendered":"Andr\u00e9 Belo soutient son HDR"},"content":{"rendered":"<div><strong>Andr\u00e9 Belo<\/strong> soutient son HDR le <strong>23 juin 2021<\/strong>, \u00e0 partir de 14h, \u00e0 l&rsquo;Universit\u00e9 de Paris 3 pour un dossier intitul\u00e9 :<\/div>\n<div><\/div>\n<div>\n<p><strong><em><b>Roi mort, roi feint et autres \u00e9tudes sur l\u2019histoire et l\u2019identit\u00e9 du Portugal. Roi mort, roi feint. Le cas de S\u00e9bastien de Portugal (1578-1603<\/b><\/em><\/strong><span style=\"font-size: 1rem;\">\u00a0<\/span><\/p>\n<\/div>\n<div>Tous les renseignements figurent <a href=\"http:\/\/www.univ-paris3.fr\/soutenance-de-l-hdr-de-monsieur-andre-belo-691693.kjsp\">ici<\/a>.<\/div>\n<div><\/div>\n","protected":false},"excerpt":{"rendered":"<p>Andr\u00e9 Belo soutient son HDR le 23 juin 2021, \u00e0 partir de 14h, \u00e0 l&rsquo;Universit\u00e9 de Paris 3 pour un dossier intitul\u00e9 : Roi&hellip;<\/p>\n","protected":false},"author":8,"featured_media":0,"template":"","meta":{"_acf_changed":false,"_tribe_events_status":"","_tribe_events_status_reason":"","footnotes":""},"tribe_events_cat":[19],"class_list":["post-1924","tribe_events","type-tribe_events","status-publish","hentry","tribe_events_cat-soutenances-de-these","cat_soutenances-de-these"],"acf":[],"_links":{"self":[{"href":"https:\/\/sites-recherche.univ-rennes2.fr\/tempora\/wp-json\/wp\/v2\/tribe_events\/1924","targetHints":{"allow":["GET"]}}],"collection":[{"href":"https:\/\/sites-recherche.univ-rennes2.fr\/tempora\/wp-json\/wp\/v2\/tribe_events"}],"about":[{"href":"https:\/\/sites-recherche.univ-rennes2.fr\/tempora\/wp-json\/wp\/v2\/types\/tribe_events"}],"author":[{"embeddable":true,"href":"https:\/\/sites-recherche.univ-rennes2.fr\/tempora\/wp-json\/wp\/v2\/users\/8"}],"version-history":[{"count":1,"href":"https:\/\/sites-recherche.univ-rennes2.fr\/tempora\/wp-json\/wp\/v2\/tribe_events\/1924\/revisions"}],"predecessor-version":[{"id":1925,"href":"https:\/\/sites-recherche.univ-rennes2.fr\/tempora\/wp-json\/wp\/v2\/tribe_events\/1924\/revisions\/1925"}],"wp:attachment":[{"href":"https:\/\/sites-recherche.univ-rennes2.fr\/tempora\/wp-json\/wp\/v2\/media?parent=1924"}],"wp:term":[{"taxonomy":"tribe_events_cat","embeddable":true,"href":"https:\/\/sites-recherche.univ-rennes2.fr\/tempora\/wp-json\/wp\/v2\/tribe_events_cat?post=1924"}],"curies":[{"name":"wp","href":"https:\/\/api.w.org\/{rel}","templated":true}]}}

André Belo soutient son HDR

<div><strong>André Belo</strong> soutient son HDR le <strong>23 juin 2021</strong>, à partir de 14h, à l&rsquo;Université de Paris 3 pour un dossier intitulé :</div>
<div></div>
<div>
<p><strong><em><b>Roi mort, roi feint et autres études sur l’histoire et l’identité du Portugal. Roi mort, roi feint. Le cas de Sébastien de Portugal (1578-1603</b></em></strong><span style="font-size: 1rem;"> </span></p>
</div>
<div>Tous les renseignements figurent <a href="http://www.univ-paris3.fr/soutenance-de-l-hdr-de-monsieur-andre-belo-691693.kjsp">ici</a>.</div>
<div></div>

<p>André Belo soutient son HDR le 23 juin 2021, à partir de 14h, à l&rsquo;Université de Paris 3 pour un dossier intitulé : Roi&hellip;</p>
