{"id":2641,"date":"2022-02-10T14:19:27","date_gmt":"2022-02-10T13:19:27","guid":{"rendered":"https:\/\/sites-recherche.univ-rennes2.fr\/tempora\/?post_type=tribe_events&#038;p=2641"},"modified":"2023-03-10T19:32:12","modified_gmt":"2023-03-10T18:32:12","slug":"colloque-institutions-et-crises","status":"publish","type":"tribe_events","link":"https:\/\/sites-recherche.univ-rennes2.fr\/tempora\/event\/colloque-institutions-et-crises\/","title":{"rendered":"Colloque : Institutions et crises"},"content":{"rendered":"<ul>\n<li>Colloque international : <strong><em>\u00c0 l&rsquo;\u00e9preuve des temp\u00eates. Institutions et crises : approches historiques<\/em><\/strong>, Rennes, 16-17 mars 2023<\/li>\n<\/ul>\n<p>La crise est omnipr\u00e9sente, au moins dans les discours. Sans tomber dans le catastrophisme, il faut bien constater que la pand\u00e9mie a mis \u00e0 l\u2019\u00e9preuve nos contemporains et nombre d\u2019institutions (Bergeron et al. 2020). Sans doute les d\u00e9fis \u00e0 venir, ou en tout cas annonc\u00e9s, les \u00e9prouveront-ils davantage. Cela ne peut manquer d\u2019interpeller l\u2019historien\u00b7ne. Quelles relations entretiennent les institutions et les crises ? La question doit \u00eatre pos\u00e9e au regard des exp\u00e9riences des soci\u00e9t\u00e9s du pass\u00e9. Surtout, elle ne peut faire l\u2019\u00e9conomie d\u2019un travail de d\u00e9finition de ces concepts pour le moins vagues. Voici un enjeu essentiel de ce colloque adress\u00e9 aux jeunes chercheur\u00b7e\u00b7s, qui n\u2019entend pas proposer un pr\u00eat-\u00e0-penser, mais sugg\u00e9rer des pistes de r\u00e9flexion, afin de conf\u00e9rer une vertu heuristique \u00e0 ces concepts. Nous insistons ici sur l\u2019importance des \u00e9tudes empiriques pour fonder le comparatisme : c\u2019est la condition pour atteindre un degr\u00e9 de g\u00e9n\u00e9ralit\u00e9 satisfaisant dans une telle perspective.<\/p>\n<p>Org. : Anthony Hamon ; Pierre Karila-Cohen ; Alexandre Lepesteur ; Pierre Meignan ; Jean-Fran\u00e7ois Morvan<\/p>\n<p>Appel \u00e0 communication (en\u00a0<a href=\"https:\/\/sites-recherche.univ-rennes2.fr\/tempora\/wp-content\/uploads\/2020\/09\/AAC_FR_institutions_crises.pdf\">fran\u00e7ais<\/a>\u00a0et en\u00a0<a href=\"https:\/\/sites-recherche.univ-rennes2.fr\/tempora\/wp-content\/uploads\/2020\/09\/AAC_ENG_institutions_crises.pdf\">anglais<\/a>)<\/p>\n<p><a href=\"https:\/\/sites-recherche.univ-rennes2.fr\/tempora\/wp-content\/uploads\/2022\/02\/col-Instit-Cris-programme_definitif.pdf\">Programme du colloque : Institutions et crises<\/a><\/p>\n","protected":false},"excerpt":{"rendered":"<p>Colloque international : \u00c0 l&rsquo;\u00e9preuve des temp\u00eates. Institutions et crises : approches historiques, Rennes, 16-17 mars 2023 La crise est omnipr\u00e9sente, au moins dans&hellip;<\/p>\n","protected":false},"author":8,"featured_media":3504,"template":"","meta":{"_acf_changed":false,"_tribe_events_status":"","_tribe_events_status_reason":"","footnotes":""},"tribe_events_cat":[16],"class_list":["post-2641","tribe_events","type-tribe_events","status-publish","has-post-thumbnail","hentry","tribe_events_cat-colloques","cat_colloques"],"acf":[],"_links":{"self":[{"href":"https:\/\/sites-recherche.univ-rennes2.fr\/tempora\/wp-json\/wp\/v2\/tribe_events\/2641","targetHints":{"allow":["GET"]}}],"collection":[{"href":"https:\/\/sites-recherche.univ-rennes2.fr\/tempora\/wp-json\/wp\/v2\/tribe_events"}],"about":[{"href":"https:\/\/sites-recherche.univ-rennes2.fr\/tempora\/wp-json\/wp\/v2\/types\/tribe_events"}],"author":[{"embeddable":true,"href":"https:\/\/sites-recherche.univ-rennes2.fr\/tempora\/wp-json\/wp\/v2\/users\/8"}],"version-history":[{"count":9,"href":"https:\/\/sites-recherche.univ-rennes2.fr\/tempora\/wp-json\/wp\/v2\/tribe_events\/2641\/revisions"}],"predecessor-version":[{"id":3541,"href":"https:\/\/sites-recherche.univ-rennes2.fr\/tempora\/wp-json\/wp\/v2\/tribe_events\/2641\/revisions\/3541"}],"wp:featuredmedia":[{"embeddable":true,"href":"https:\/\/sites-recherche.univ-rennes2.fr\/tempora\/wp-json\/wp\/v2\/media\/3504"}],"wp:attachment":[{"href":"https:\/\/sites-recherche.univ-rennes2.fr\/tempora\/wp-json\/wp\/v2\/media?parent=2641"}],"wp:term":[{"taxonomy":"tribe_events_cat","embeddable":true,"href":"https:\/\/sites-recherche.univ-rennes2.fr\/tempora\/wp-json\/wp\/v2\/tribe_events_cat?post=2641"}],"curies":[{"name":"wp","href":"https:\/\/api.w.org\/{rel}","templated":true}]}}

<ul>
<li>Colloque international : <strong><em>À l&rsquo;épreuve des tempêtes. Institutions et crises : approches historiques</em></strong>, Rennes, 16-17 mars 2023</li>
</ul>
<p>La crise est omniprésente, au moins dans les discours. Sans tomber dans le catastrophisme, il faut bien constater que la pandémie a mis à l’épreuve nos contemporains et nombre d’institutions (Bergeron et al. 2020). Sans doute les défis à venir, ou en tout cas annoncés, les éprouveront-ils davantage. Cela ne peut manquer d’interpeller l’historien·ne. Quelles relations entretiennent les institutions et les crises ? La question doit être posée au regard des expériences des sociétés du passé. Surtout, elle ne peut faire l’économie d’un travail de définition de ces concepts pour le moins vagues. Voici un enjeu essentiel de ce colloque adressé aux jeunes chercheur·e·s, qui n’entend pas proposer un prêt-à-penser, mais suggérer des pistes de réflexion, afin de conférer une vertu heuristique à ces concepts. Nous insistons ici sur l’importance des études empiriques pour fonder le comparatisme : c’est la condition pour atteindre un degré de généralité satisfaisant dans une telle perspective.</p>
<p>Org. : Anthony Hamon ; Pierre Karila-Cohen ; Alexandre Lepesteur ; Pierre Meignan ; Jean-François Morvan</p>
<p>Appel à communication (en <a href="https://sites-recherche.univ-rennes2.fr/tempora/wp-content/uploads/2020/09/AAC_FR_institutions_crises.pdf">français</a> et en <a href="https://sites-recherche.univ-rennes2.fr/tempora/wp-content/uploads/2020/09/AAC_ENG_institutions_crises.pdf">anglais</a>)</p>
<p><a href="https://sites-recherche.univ-rennes2.fr/tempora/wp-content/uploads/2022/02/col-Instit-Cris-programme_definitif.pdf">Programme du colloque : Institutions et crises</a></p>

<p>Colloque international : À l&rsquo;épreuve des tempêtes. Institutions et crises : approches historiques, Rennes, 16-17 mars 2023 La crise est omniprésente, au moins dans&hellip;</p>
