{"id":2904,"date":"2022-07-08T11:41:38","date_gmt":"2022-07-08T09:41:38","guid":{"rendered":"https:\/\/sites-recherche.univ-rennes2.fr\/tempora\/?post_type=tribe_events&#038;p=2904"},"modified":"2022-07-08T11:47:12","modified_gmt":"2022-07-08T09:47:12","slug":"journee-detude-les-monuments-aux-morts-de-la-grande-guerre-en-bretagne","status":"publish","type":"tribe_events","link":"https:\/\/sites-recherche.univ-rennes2.fr\/tempora\/event\/journee-detude-les-monuments-aux-morts-de-la-grande-guerre-en-bretagne\/","title":{"rendered":"Journ\u00e9e d&rsquo;\u00e9tude \u00ab\u00a0Les monuments aux morts de la Grande Guerre en Bretagne\u00a0\u00bb"},"content":{"rendered":"<p>Journ\u00e9e d&rsquo;\u00e9tude sur <strong>les monuments aux morts de la Grande Guerre en Bretagne<\/strong>, \u00e0 Vannes, les 9-10 novembre 2022.<\/p>\n<p>Cette journ\u00e9e s&rsquo;inscrit dans le S\u00e9minaire \u00ab\u00a0\u00c9tudier la guerre\u00a0\u00bb et dans le cadre du centenaire de la mise en place du monument du lyc\u00e9e Saint Fran\u00e7ois-Xavier pour ses \u00e9l\u00e8ves morts durant le premier conflit mondial. L&rsquo;objectif est, notamment dans la suite des travaux de <a href=\"https:\/\/sites-recherche.univ-rennes2.fr\/tempora\/author\/ylagadec\/\">Yann Lagadec<\/a> sur les C\u00f4tes d&rsquo;Armor, d&rsquo;aller au-del\u00e0 des approches d\u00e9velopp\u00e9es par Antoine Prost et Annette Becker dans les ann\u00e9es 1980-2000, au coeur de la plupart des travaux depuis, pour proposer des pistes de renouvellement de ces recherches sur la m\u00e9moire de la Grande Guerre.<\/p>\n","protected":false},"excerpt":{"rendered":"<p>Journ\u00e9e d&rsquo;\u00e9tude sur les monuments aux morts de la Grande Guerre en Bretagne, \u00e0 Vannes, les 9-10 novembre 2022. Cette journ\u00e9e s&rsquo;inscrit dans le&hellip;<\/p>\n","protected":false},"author":8,"featured_media":0,"template":"","meta":{"_acf_changed":false,"_tribe_events_status":"","_tribe_events_status_reason":"","footnotes":""},"tribe_events_cat":[15,17],"class_list":["post-2904","tribe_events","type-tribe_events","status-publish","hentry","tribe_events_cat-journees-detude","tribe_events_cat-seances-de-seminaire","cat_journees-detude","cat_seances-de-seminaire"],"acf":[],"_links":{"self":[{"href":"https:\/\/sites-recherche.univ-rennes2.fr\/tempora\/wp-json\/wp\/v2\/tribe_events\/2904","targetHints":{"allow":["GET"]}}],"collection":[{"href":"https:\/\/sites-recherche.univ-rennes2.fr\/tempora\/wp-json\/wp\/v2\/tribe_events"}],"about":[{"href":"https:\/\/sites-recherche.univ-rennes2.fr\/tempora\/wp-json\/wp\/v2\/types\/tribe_events"}],"author":[{"embeddable":true,"href":"https:\/\/sites-recherche.univ-rennes2.fr\/tempora\/wp-json\/wp\/v2\/users\/8"}],"version-history":[{"count":4,"href":"https:\/\/sites-recherche.univ-rennes2.fr\/tempora\/wp-json\/wp\/v2\/tribe_events\/2904\/revisions"}],"predecessor-version":[{"id":2910,"href":"https:\/\/sites-recherche.univ-rennes2.fr\/tempora\/wp-json\/wp\/v2\/tribe_events\/2904\/revisions\/2910"}],"wp:attachment":[{"href":"https:\/\/sites-recherche.univ-rennes2.fr\/tempora\/wp-json\/wp\/v2\/media?parent=2904"}],"wp:term":[{"taxonomy":"tribe_events_cat","embeddable":true,"href":"https:\/\/sites-recherche.univ-rennes2.fr\/tempora\/wp-json\/wp\/v2\/tribe_events_cat?post=2904"}],"curies":[{"name":"wp","href":"https:\/\/api.w.org\/{rel}","templated":true}]}}

Journée d&rsquo;étude « Les monuments aux morts de la Grande Guerre en Bretagne »

<p>Journée d&rsquo;étude sur <strong>les monuments aux morts de la Grande Guerre en Bretagne</strong>, à Vannes, les 9-10 novembre 2022.</p>
<p>Cette journée s&rsquo;inscrit dans le Séminaire « Étudier la guerre » et dans le cadre du centenaire de la mise en place du monument du lycée Saint François-Xavier pour ses élèves morts durant le premier conflit mondial. L&rsquo;objectif est, notamment dans la suite des travaux de <a href="https://sites-recherche.univ-rennes2.fr/tempora/author/ylagadec/">Yann Lagadec</a> sur les Côtes d&rsquo;Armor, d&rsquo;aller au-delà des approches développées par Antoine Prost et Annette Becker dans les années 1980-2000, au coeur de la plupart des travaux depuis, pour proposer des pistes de renouvellement de ces recherches sur la mémoire de la Grande Guerre.</p>

<p>Journée d&rsquo;étude sur les monuments aux morts de la Grande Guerre en Bretagne, à Vannes, les 9-10 novembre 2022. Cette journée s&rsquo;inscrit dans le&hellip;</p>
