{"id":2922,"date":"2022-08-23T10:56:38","date_gmt":"2022-08-23T08:56:38","guid":{"rendered":"https:\/\/sites-recherche.univ-rennes2.fr\/tempora\/?post_type=tribe_events&#038;p=2922"},"modified":"2022-08-23T10:56:38","modified_gmt":"2022-08-23T08:56:38","slug":"pays-celtiques-et-afrique-subsaharienne-les-sources-orales-au-secours-de-lhistoire","status":"publish","type":"tribe_events","link":"https:\/\/sites-recherche.univ-rennes2.fr\/tempora\/event\/pays-celtiques-et-afrique-subsaharienne-les-sources-orales-au-secours-de-lhistoire\/","title":{"rendered":"Pays celtiques et Afrique subsaharienne : les sources orales au secours de l&rsquo;histoire"},"content":{"rendered":"<p>Les unit\u00e9s de recherche CELTIC-BLM et Tempora organisent le 28 septembre 2022 une journ\u00e9e d&rsquo;\u00e9tude intitul\u00e9e :<\/p>\n<p><b>Pays celtiques et Afrique subsaharienne : les sources orales au secours de l&rsquo;histoire<\/b><\/p>\n<p>Programme \u00e0 venir<\/p>\n","protected":false},"excerpt":{"rendered":"<p>Les unit\u00e9s de recherche CELTIC-BLM et Tempora organisent le 28 septembre 2022 une journ\u00e9e d&rsquo;\u00e9tude intitul\u00e9e : Pays celtiques et Afrique subsaharienne : les&hellip;<\/p>\n","protected":false},"author":8,"featured_media":0,"template":"","meta":{"_acf_changed":false,"_tribe_events_status":"","_tribe_events_status_reason":"","footnotes":""},"tribe_events_cat":[15],"class_list":["post-2922","tribe_events","type-tribe_events","status-publish","hentry","tribe_events_cat-journees-detude","cat_journees-detude"],"acf":[],"_links":{"self":[{"href":"https:\/\/sites-recherche.univ-rennes2.fr\/tempora\/wp-json\/wp\/v2\/tribe_events\/2922","targetHints":{"allow":["GET"]}}],"collection":[{"href":"https:\/\/sites-recherche.univ-rennes2.fr\/tempora\/wp-json\/wp\/v2\/tribe_events"}],"about":[{"href":"https:\/\/sites-recherche.univ-rennes2.fr\/tempora\/wp-json\/wp\/v2\/types\/tribe_events"}],"author":[{"embeddable":true,"href":"https:\/\/sites-recherche.univ-rennes2.fr\/tempora\/wp-json\/wp\/v2\/users\/8"}],"version-history":[{"count":1,"href":"https:\/\/sites-recherche.univ-rennes2.fr\/tempora\/wp-json\/wp\/v2\/tribe_events\/2922\/revisions"}],"predecessor-version":[{"id":2923,"href":"https:\/\/sites-recherche.univ-rennes2.fr\/tempora\/wp-json\/wp\/v2\/tribe_events\/2922\/revisions\/2923"}],"wp:attachment":[{"href":"https:\/\/sites-recherche.univ-rennes2.fr\/tempora\/wp-json\/wp\/v2\/media?parent=2922"}],"wp:term":[{"taxonomy":"tribe_events_cat","embeddable":true,"href":"https:\/\/sites-recherche.univ-rennes2.fr\/tempora\/wp-json\/wp\/v2\/tribe_events_cat?post=2922"}],"curies":[{"name":"wp","href":"https:\/\/api.w.org\/{rel}","templated":true}]}}

<p>Les unités de recherche CELTIC-BLM et Tempora organisent le 28 septembre 2022 une journée d&rsquo;étude intitulée :</p>
<p><b>Pays celtiques et Afrique subsaharienne : les sources orales au secours de l&rsquo;histoire</b></p>
<p>Programme à venir</p>

<p>Les unités de recherche CELTIC-BLM et Tempora organisent le 28 septembre 2022 une journée d&rsquo;étude intitulée : Pays celtiques et Afrique subsaharienne : les&hellip;</p>
