{"id":2930,"date":"2022-08-29T11:34:52","date_gmt":"2022-08-29T09:34:52","guid":{"rendered":"https:\/\/sites-recherche.univ-rennes2.fr\/tempora\/?post_type=tribe_events&#038;p=2930"},"modified":"2022-11-11T19:04:17","modified_gmt":"2022-11-11T18:04:17","slug":"ag-tempora-17-novembre-2022","status":"publish","type":"tribe_events","link":"https:\/\/sites-recherche.univ-rennes2.fr\/tempora\/event\/ag-tempora-17-novembre-2022\/","title":{"rendered":"AG Tempora"},"content":{"rendered":"<p>Les membres de Tempora se r\u00e9uniront en assembl\u00e9e g\u00e9n\u00e9rale le <strong>jeudi 17 novembre<\/strong> de <strong>14h<\/strong> \u00e0 <strong>17h<\/strong> (salle B 019).<\/p>\n","protected":false},"excerpt":{"rendered":"<p>Les membres de Tempora se r\u00e9uniront en assembl\u00e9e g\u00e9n\u00e9rale le jeudi 17 novembre de 14h \u00e0 17h (salle B 019).<\/p>\n","protected":false},"author":8,"featured_media":0,"template":"","meta":{"_acf_changed":false,"_tribe_events_status":"","_tribe_events_status_reason":"","footnotes":""},"tribe_events_cat":[14],"class_list":["post-2930","tribe_events","type-tribe_events","status-publish","hentry","tribe_events_cat-reunions-des-membres","cat_reunions-des-membres"],"acf":[],"_links":{"self":[{"href":"https:\/\/sites-recherche.univ-rennes2.fr\/tempora\/wp-json\/wp\/v2\/tribe_events\/2930","targetHints":{"allow":["GET"]}}],"collection":[{"href":"https:\/\/sites-recherche.univ-rennes2.fr\/tempora\/wp-json\/wp\/v2\/tribe_events"}],"about":[{"href":"https:\/\/sites-recherche.univ-rennes2.fr\/tempora\/wp-json\/wp\/v2\/types\/tribe_events"}],"author":[{"embeddable":true,"href":"https:\/\/sites-recherche.univ-rennes2.fr\/tempora\/wp-json\/wp\/v2\/users\/8"}],"version-history":[{"count":4,"href":"https:\/\/sites-recherche.univ-rennes2.fr\/tempora\/wp-json\/wp\/v2\/tribe_events\/2930\/revisions"}],"predecessor-version":[{"id":3240,"href":"https:\/\/sites-recherche.univ-rennes2.fr\/tempora\/wp-json\/wp\/v2\/tribe_events\/2930\/revisions\/3240"}],"wp:attachment":[{"href":"https:\/\/sites-recherche.univ-rennes2.fr\/tempora\/wp-json\/wp\/v2\/media?parent=2930"}],"wp:term":[{"taxonomy":"tribe_events_cat","embeddable":true,"href":"https:\/\/sites-recherche.univ-rennes2.fr\/tempora\/wp-json\/wp\/v2\/tribe_events_cat?post=2930"}],"curies":[{"name":"wp","href":"https:\/\/api.w.org\/{rel}","templated":true}]}}

<p>Les membres de Tempora se réuniront en assemblée générale le <strong>jeudi 17 novembre</strong> de <strong>14h</strong> à <strong>17h</strong> (salle B 019).</p>

<p>Les membres de Tempora se réuniront en assemblée générale le jeudi 17 novembre de 14h à 17h (salle B 019).</p>
