{"id":2932,"date":"2022-08-29T11:38:07","date_gmt":"2022-08-29T09:38:07","guid":{"rendered":"https:\/\/sites-recherche.univ-rennes2.fr\/tempora\/?post_type=tribe_events&#038;p=2932"},"modified":"2022-08-29T11:38:39","modified_gmt":"2022-08-29T09:38:39","slug":"conseil-de-tempora","status":"publish","type":"tribe_events","link":"https:\/\/sites-recherche.univ-rennes2.fr\/tempora\/event\/conseil-de-tempora\/","title":{"rendered":"Conseil de Tempora"},"content":{"rendered":"<p>Les membres du Conseil de Tempora se r\u00e9uniront le jeudi 10 novembre 2022 de 14h \u00e0 16h30 (salle \u00e0 pr\u00e9ciser).<\/p>\n","protected":false},"excerpt":{"rendered":"<p>Les membres du Conseil de Tempora se r\u00e9uniront le jeudi 10 novembre 2022 de 14h \u00e0 16h30 (salle \u00e0 pr\u00e9ciser).<\/p>\n","protected":false},"author":8,"featured_media":0,"template":"","meta":{"_acf_changed":false,"_tribe_events_status":"","_tribe_events_status_reason":"","footnotes":""},"tribe_events_cat":[14],"class_list":["post-2932","tribe_events","type-tribe_events","status-publish","hentry","tribe_events_cat-reunions-des-membres","cat_reunions-des-membres"],"acf":[],"_links":{"self":[{"href":"https:\/\/sites-recherche.univ-rennes2.fr\/tempora\/wp-json\/wp\/v2\/tribe_events\/2932","targetHints":{"allow":["GET"]}}],"collection":[{"href":"https:\/\/sites-recherche.univ-rennes2.fr\/tempora\/wp-json\/wp\/v2\/tribe_events"}],"about":[{"href":"https:\/\/sites-recherche.univ-rennes2.fr\/tempora\/wp-json\/wp\/v2\/types\/tribe_events"}],"author":[{"embeddable":true,"href":"https:\/\/sites-recherche.univ-rennes2.fr\/tempora\/wp-json\/wp\/v2\/users\/8"}],"version-history":[{"count":3,"href":"https:\/\/sites-recherche.univ-rennes2.fr\/tempora\/wp-json\/wp\/v2\/tribe_events\/2932\/revisions"}],"predecessor-version":[{"id":2935,"href":"https:\/\/sites-recherche.univ-rennes2.fr\/tempora\/wp-json\/wp\/v2\/tribe_events\/2932\/revisions\/2935"}],"wp:attachment":[{"href":"https:\/\/sites-recherche.univ-rennes2.fr\/tempora\/wp-json\/wp\/v2\/media?parent=2932"}],"wp:term":[{"taxonomy":"tribe_events_cat","embeddable":true,"href":"https:\/\/sites-recherche.univ-rennes2.fr\/tempora\/wp-json\/wp\/v2\/tribe_events_cat?post=2932"}],"curies":[{"name":"wp","href":"https:\/\/api.w.org\/{rel}","templated":true}]}}

<p>Les membres du Conseil de Tempora se réuniront le jeudi 10 novembre 2022 de 14h à 16h30 (salle à préciser).</p>
