{"id":2976,"date":"2022-09-13T16:18:56","date_gmt":"2022-09-13T14:18:56","guid":{"rendered":"https:\/\/sites-recherche.univ-rennes2.fr\/tempora\/?post_type=tribe_events&#038;p=2976"},"modified":"2022-10-12T14:18:03","modified_gmt":"2022-10-12T12:18:03","slug":"temporiales","status":"publish","type":"tribe_events","link":"https:\/\/sites-recherche.univ-rennes2.fr\/tempora\/event\/temporiales\/","title":{"rendered":"Temporiales : La ville pi\u00e9tonne (C. Feriel)"},"content":{"rendered":"<p>C\u00e9dric FERIEL vient pr\u00e9senter son ouvrage intitul\u00e9<em><strong> La ville pi\u00e9tonne. Une autre histoire urbaine du XXe si\u00e8cle ?<\/strong><\/em> (\u00c9ditions de la Sorbonne, 2022) le 27 octobre 2022, de 12h45 \u00e0 13h45, en salle Jacques L\u00e9onard (b\u00e2t. A, salle 322), dans le cadre des <a href=\"https:\/\/sites-recherche.univ-rennes2.fr\/tempora\/articles\/les-temporiales\/\">Temporiales<\/a>.<\/p>\n<p>Participation en visioconf\u00e9rence possible sur inscription pr\u00e9alable : temporiales.seminaire@gmail.com<\/p>\n","protected":false},"excerpt":{"rendered":"<p>C\u00e9dric FERIEL vient pr\u00e9senter son ouvrage intitul\u00e9 La ville pi\u00e9tonne. Une autre histoire urbaine du XXe si\u00e8cle ? (\u00c9ditions de la Sorbonne, 2022) le&hellip;<\/p>\n","protected":false},"author":8,"featured_media":3080,"template":"","meta":{"_acf_changed":false,"_tribe_events_status":"","_tribe_events_status_reason":"","footnotes":""},"tribe_events_cat":[17],"class_list":["post-2976","tribe_events","type-tribe_events","status-publish","has-post-thumbnail","hentry","tribe_events_cat-seances-de-seminaire","cat_seances-de-seminaire"],"acf":[],"_links":{"self":[{"href":"https:\/\/sites-recherche.univ-rennes2.fr\/tempora\/wp-json\/wp\/v2\/tribe_events\/2976","targetHints":{"allow":["GET"]}}],"collection":[{"href":"https:\/\/sites-recherche.univ-rennes2.fr\/tempora\/wp-json\/wp\/v2\/tribe_events"}],"about":[{"href":"https:\/\/sites-recherche.univ-rennes2.fr\/tempora\/wp-json\/wp\/v2\/types\/tribe_events"}],"author":[{"embeddable":true,"href":"https:\/\/sites-recherche.univ-rennes2.fr\/tempora\/wp-json\/wp\/v2\/users\/8"}],"version-history":[{"count":7,"href":"https:\/\/sites-recherche.univ-rennes2.fr\/tempora\/wp-json\/wp\/v2\/tribe_events\/2976\/revisions"}],"predecessor-version":[{"id":3081,"href":"https:\/\/sites-recherche.univ-rennes2.fr\/tempora\/wp-json\/wp\/v2\/tribe_events\/2976\/revisions\/3081"}],"wp:featuredmedia":[{"embeddable":true,"href":"https:\/\/sites-recherche.univ-rennes2.fr\/tempora\/wp-json\/wp\/v2\/media\/3080"}],"wp:attachment":[{"href":"https:\/\/sites-recherche.univ-rennes2.fr\/tempora\/wp-json\/wp\/v2\/media?parent=2976"}],"wp:term":[{"taxonomy":"tribe_events_cat","embeddable":true,"href":"https:\/\/sites-recherche.univ-rennes2.fr\/tempora\/wp-json\/wp\/v2\/tribe_events_cat?post=2976"}],"curies":[{"name":"wp","href":"https:\/\/api.w.org\/{rel}","templated":true}]}}

Temporiales : La ville piétonne (C. Feriel)

<p>Cédric FERIEL vient présenter son ouvrage intitulé<em><strong> La ville piétonne. Une autre histoire urbaine du XXe siècle ?</strong></em> (Éditions de la Sorbonne, 2022) le 27 octobre 2022, de 12h45 à 13h45, en salle Jacques Léonard (bât. A, salle 322), dans le cadre des <a href="https://sites-recherche.univ-rennes2.fr/tempora/articles/les-temporiales/">Temporiales</a>.</p>
<p>Participation en visioconférence possible sur inscription préalable : temporiales.seminaire@gmail.com</p>

<p>Cédric FERIEL vient présenter son ouvrage intitulé La ville piétonne. Une autre histoire urbaine du XXe siècle ? (Éditions de la Sorbonne, 2022) le&hellip;</p>
