{"id":4357,"date":"2024-10-07T21:52:23","date_gmt":"2024-10-07T19:52:23","guid":{"rendered":"https:\/\/sites-recherche.univ-rennes2.fr\/tempora\/?post_type=tribe_events&#038;p=4357"},"modified":"2024-11-13T13:31:59","modified_gmt":"2024-11-13T12:31:59","slug":"seminaire-arh-la-plebe","status":"publish","type":"tribe_events","link":"https:\/\/sites-recherche.univ-rennes2.fr\/tempora\/event\/seminaire-arh-la-plebe\/","title":{"rendered":"S\u00e9minaire ARH : La pl\u00e8be"},"content":{"rendered":"<p>La deuxi\u00e8me s\u00e9ance du s\u00e9minaire Actualit\u00e9 de la recherche historique de l\u2019ann\u00e9e se tiendra le <strong>jeudi 14 novembre 2024<\/strong>, de 17h00 \u00e0 19h00, dans la salle des conseils (7e \u00e9tage du b\u00e2timent P).<\/p>\n<p><strong>Nicolas Tran<\/strong> (Universit\u00e9 de Poitiers) pr\u00e9sentera son ouvrage intitul\u00e9 <em>La pl\u00e8be. Une histoire populaire de Rome<\/em>, Paris, Pass\u00e9s compos\u00e9s, 2023.<\/p>\n<p>\u00c9crire l\u2019histoire de la pl\u00e8be romaine, c\u2019est brosser le portrait d\u2019une majorit\u00e9 souvent laiss\u00e9e silencieuse. Les hommes et les femmes mis en lumi\u00e8re dans ce livre furent pourtant bien moins des marginaux au sens strict qu\u2019ils ne furent marginalis\u00e9s, ou plut\u00f4t minoris\u00e9s, par les auteurs antiques, puis par la science historique. Entre le Ier si\u00e8cle avant J.-C. et le IIe si\u00e8cle apr\u00e8s J.-C., de g\u00e9n\u00e9ration en g\u00e9n\u00e9ration, ils furent plusieurs millions, appartenant aux cat\u00e9gories sociales inf\u00e9rieures et interm\u00e9diaires de la communaut\u00e9 civique, \u00e0 former la pl\u00e8be, par opposition \u00e0 l\u2019aristocratie. Privil\u00e9giant le point de vue des habitants \u00ab\u00a0\u2009ordinaires\u2009\u00a0\u00bb sur celui de l\u2019\u00e9lite de la cit\u00e9 et se nourrissant autant que possible de destins individuels, Nicolas Tran d\u00e9peint \u00e0 la fois les rapports sociaux et les espaces de vie collective dans la capitale romaine, raconte la vie quotidienne, familiale, amicale et professionnelle de ses habitants, \u00e9claire leurs revendications. Se refusant \u00e0 r\u00e9duire ces hommes et ces femmes \u00e0 une seule facette de leur identit\u00e9, qui aurait d\u00e9termin\u00e9 leur existence tout enti\u00e8re, c\u2019est finalement une v\u00e9ritable introduction \u00e0 l\u2019histoire de la Rome antique et des Romains que livre l\u2019auteur.<\/p>\n<p>Le dossier pr\u00e9paratoire de la s\u00e9ance est disponible <a href=\"https:\/\/sites-recherche.univ-rennes2.fr\/tempora\/wp-content\/uploads\/2024\/10\/dossier-tran_la-plebe.pdf\">ici<\/a>.<\/p>\n","protected":false},"excerpt":{"rendered":"<p>La deuxi\u00e8me s\u00e9ance du s\u00e9minaire Actualit\u00e9 de la recherche historique de l\u2019ann\u00e9e se tiendra le jeudi 14 novembre 2024, de 17h00 \u00e0 19h00, dans&hellip;<\/p>\n","protected":false},"author":37,"featured_media":4358,"template":"","meta":{"_acf_changed":false,"_tribe_events_status":"","_tribe_events_status_reason":"","footnotes":""},"tribe_events_cat":[23],"class_list":["post-4357","tribe_events","type-tribe_events","status-publish","has-post-thumbnail","hentry","tribe_events_cat-seminaire","cat_seminaire"],"acf":[],"_links":{"self":[{"href":"https:\/\/sites-recherche.univ-rennes2.fr\/tempora\/wp-json\/wp\/v2\/tribe_events\/4357","targetHints":{"allow":["GET"]}}],"collection":[{"href":"https:\/\/sites-recherche.univ-rennes2.fr\/tempora\/wp-json\/wp\/v2\/tribe_events"}],"about":[{"href":"https:\/\/sites-recherche.univ-rennes2.fr\/tempora\/wp-json\/wp\/v2\/types\/tribe_events"}],"author":[{"embeddable":true,"href":"https:\/\/sites-recherche.univ-rennes2.fr\/tempora\/wp-json\/wp\/v2\/users\/37"}],"version-history":[{"count":6,"href":"https:\/\/sites-recherche.univ-rennes2.fr\/tempora\/wp-json\/wp\/v2\/tribe_events\/4357\/revisions"}],"predecessor-version":[{"id":4419,"href":"https:\/\/sites-recherche.univ-rennes2.fr\/tempora\/wp-json\/wp\/v2\/tribe_events\/4357\/revisions\/4419"}],"wp:featuredmedia":[{"embeddable":true,"href":"https:\/\/sites-recherche.univ-rennes2.fr\/tempora\/wp-json\/wp\/v2\/media\/4358"}],"wp:attachment":[{"href":"https:\/\/sites-recherche.univ-rennes2.fr\/tempora\/wp-json\/wp\/v2\/media?parent=4357"}],"wp:term":[{"taxonomy":"tribe_events_cat","embeddable":true,"href":"https:\/\/sites-recherche.univ-rennes2.fr\/tempora\/wp-json\/wp\/v2\/tribe_events_cat?post=4357"}],"curies":[{"name":"wp","href":"https:\/\/api.w.org\/{rel}","templated":true}]}}

Séminaire ARH : La plèbe

<p>La deuxième séance du séminaire Actualité de la recherche historique de l’année se tiendra le <strong>jeudi 14 novembre 2024</strong>, de 17h00 à 19h00, dans la salle des conseils (7e étage du bâtiment P).</p>
<p><strong>Nicolas Tran</strong> (Université de Poitiers) présentera son ouvrage intitulé <em>La plèbe. Une histoire populaire de Rome</em>, Paris, Passés composés, 2023.</p>
<p>Écrire l’histoire de la plèbe romaine, c’est brosser le portrait d’une majorité souvent laissée silencieuse. Les hommes et les femmes mis en lumière dans ce livre furent pourtant bien moins des marginaux au sens strict qu’ils ne furent marginalisés, ou plutôt minorisés, par les auteurs antiques, puis par la science historique. Entre le Ier siècle avant J.-C. et le IIe siècle après J.-C., de génération en génération, ils furent plusieurs millions, appartenant aux catégories sociales inférieures et intermédiaires de la communauté civique, à former la plèbe, par opposition à l’aristocratie. Privilégiant le point de vue des habitants «  ordinaires  » sur celui de l’élite de la cité et se nourrissant autant que possible de destins individuels, Nicolas Tran dépeint à la fois les rapports sociaux et les espaces de vie collective dans la capitale romaine, raconte la vie quotidienne, familiale, amicale et professionnelle de ses habitants, éclaire leurs revendications. Se refusant à réduire ces hommes et ces femmes à une seule facette de leur identité, qui aurait déterminé leur existence tout entière, c’est finalement une véritable introduction à l’histoire de la Rome antique et des Romains que livre l’auteur.</p>
<p>Le dossier préparatoire de la séance est disponible <a href="https://sites-recherche.univ-rennes2.fr/tempora/wp-content/uploads/2024/10/dossier-tran_la-plebe.pdf">ici</a>.</p>

<p>La deuxième séance du séminaire Actualité de la recherche historique de l’année se tiendra le jeudi 14 novembre 2024, de 17h00 à 19h00, dans&hellip;</p>
