{"id":4422,"date":"2024-11-13T18:02:42","date_gmt":"2024-11-13T17:02:42","guid":{"rendered":"https:\/\/sites-recherche.univ-rennes2.fr\/tempora\/?post_type=tribe_events&#038;p=4422"},"modified":"2024-11-13T18:02:42","modified_gmt":"2024-11-13T17:02:42","slug":"seminaire-arh-seance-ecritures-etrangeres-lhistoire-au-mexique-aujourdhui","status":"publish","type":"tribe_events","link":"https:\/\/sites-recherche.univ-rennes2.fr\/tempora\/event\/seminaire-arh-seance-ecritures-etrangeres-lhistoire-au-mexique-aujourdhui\/","title":{"rendered":"S\u00e9minaire ARH, S\u00e9ance \u00c9critures \u00e9trang\u00e8res : L\u2019histoire au Mexique aujourd\u2019hui"},"content":{"rendered":"<p>La troisi\u00e8me s\u00e9ance du s\u00e9minaire Actualit\u00e9 de la recherche historique de l\u2019ann\u00e9e se tiendra le <strong>jeudi 16 janvier 2025<\/strong>, de 17h00 \u00e0 19h00, dans la salle des conseils (7e \u00e9tage du b\u00e2timent P).<br \/>\nRomain Robinet, ma\u00eetre de conf\u00e9rences HDR \u00e0 l\u2019universit\u00e9 d\u2019Angers, membre de TEMOS, prononcera une conf\u00e9rence intitul\u00e9e :<br \/>\nL\u2019histoire au Mexique aujourd\u2019hui<\/p>\n","protected":false},"excerpt":{"rendered":"<p>La troisi\u00e8me s\u00e9ance du s\u00e9minaire Actualit\u00e9 de la recherche historique de l\u2019ann\u00e9e se tiendra le jeudi 16 janvier 2025, de 17h00 \u00e0 19h00, dans&hellip;<\/p>\n","protected":false},"author":37,"featured_media":0,"template":"","meta":{"_acf_changed":false,"_tribe_events_status":"","_tribe_events_status_reason":"","footnotes":""},"tribe_events_cat":[23],"class_list":["post-4422","tribe_events","type-tribe_events","status-publish","hentry","tribe_events_cat-seminaire","cat_seminaire"],"acf":[],"_links":{"self":[{"href":"https:\/\/sites-recherche.univ-rennes2.fr\/tempora\/wp-json\/wp\/v2\/tribe_events\/4422","targetHints":{"allow":["GET"]}}],"collection":[{"href":"https:\/\/sites-recherche.univ-rennes2.fr\/tempora\/wp-json\/wp\/v2\/tribe_events"}],"about":[{"href":"https:\/\/sites-recherche.univ-rennes2.fr\/tempora\/wp-json\/wp\/v2\/types\/tribe_events"}],"author":[{"embeddable":true,"href":"https:\/\/sites-recherche.univ-rennes2.fr\/tempora\/wp-json\/wp\/v2\/users\/37"}],"version-history":[{"count":1,"href":"https:\/\/sites-recherche.univ-rennes2.fr\/tempora\/wp-json\/wp\/v2\/tribe_events\/4422\/revisions"}],"predecessor-version":[{"id":4423,"href":"https:\/\/sites-recherche.univ-rennes2.fr\/tempora\/wp-json\/wp\/v2\/tribe_events\/4422\/revisions\/4423"}],"wp:attachment":[{"href":"https:\/\/sites-recherche.univ-rennes2.fr\/tempora\/wp-json\/wp\/v2\/media?parent=4422"}],"wp:term":[{"taxonomy":"tribe_events_cat","embeddable":true,"href":"https:\/\/sites-recherche.univ-rennes2.fr\/tempora\/wp-json\/wp\/v2\/tribe_events_cat?post=4422"}],"curies":[{"name":"wp","href":"https:\/\/api.w.org\/{rel}","templated":true}]}}

Séminaire ARH, Séance Écritures étrangères : L’histoire au Mexique aujourd’hui

<p>La troisième séance du séminaire Actualité de la recherche historique de l’année se tiendra le <strong>jeudi 16 janvier 2025</strong>, de 17h00 à 19h00, dans la salle des conseils (7e étage du bâtiment P).<br />
Romain Robinet, maître de conférences HDR à l’université d’Angers, membre de TEMOS, prononcera une conférence intitulée :<br />
L’histoire au Mexique aujourd’hui</p>

<p>La troisième séance du séminaire Actualité de la recherche historique de l’année se tiendra le jeudi 16 janvier 2025, de 17h00 à 19h00, dans&hellip;</p>
