{"id":4451,"date":"2024-11-27T20:29:08","date_gmt":"2024-11-27T19:29:08","guid":{"rendered":"https:\/\/sites-recherche.univ-rennes2.fr\/tempora\/?post_type=tribe_events&#038;p=4451"},"modified":"2024-11-27T20:36:11","modified_gmt":"2024-11-27T19:36:11","slug":"diplomatie-et-femmes-aux-xxe-et-xxie-s","status":"publish","type":"tribe_events","link":"https:\/\/sites-recherche.univ-rennes2.fr\/tempora\/event\/diplomatie-et-femmes-aux-xxe-et-xxie-s\/","title":{"rendered":"Diplomatie et femmes aux XXe et XXIe si\u00e8cles"},"content":{"rendered":"<ul>\n<li dir=\"ltr\"><span style=\"font-family: times new roman, new york, times, serif; font-size: large;\">Journ\u00e9e d&rsquo;\u00e9tudes \u00ab\u00a0<strong>Diplomaties et femmes aux XXe et XXIe si\u00e8cles : nouvelles ouvertures historiographiques<\/strong>\u00a0\u00bb le <span id=\"OBJ_PREFIX_DWT105_com_zimbra_date\" class=\"Object\" role=\"link\">mardi<\/span> 3 d\u00e9cembre \u00e0 la Maison des sciences de l&rsquo;homme en Bretagne (Salle du conseil) de 9.30 \u00e0 17.30. <\/span><\/li>\n<\/ul>\n<div dir=\"ltr\"><\/div>\n<div dir=\"ltr\"><span style=\"font-family: times new roman, new york, times, serif; font-size: large;\">Les organisateurs ont l&rsquo;honneur d&rsquo;accueillir dans ce cadre Madame la Consule g\u00e9n\u00e9rale des Etats-Unis et Madame la Consule g\u00e9n\u00e9ral du royaume du Maroc \u00e0 Rennes.<\/span><\/div>\n<div dir=\"ltr\"><\/div>\n<div dir=\"ltr\"><span style=\"font-family: times new roman, new york, times, serif; font-size: large;\">Le programme d\u00e9taill\u00e9 se trouve <strong><a href=\"https:\/\/sites-recherche.univ-rennes2.fr\/tempora\/wp-content\/uploads\/2024\/11\/programme-je-diplomaties-femmes-3-decembre-2024-derniere-version-db.pdf\">ici<\/a><\/strong><\/span><\/div>\n","protected":false},"excerpt":{"rendered":"<p>Journ\u00e9e d&rsquo;\u00e9tudes \u00ab\u00a0Diplomaties et femmes aux XXe et XXIe si\u00e8cles : nouvelles ouvertures historiographiques\u00a0\u00bb le mardi 3 d\u00e9cembre \u00e0 la Maison des sciences de&hellip;<\/p>\n","protected":false},"author":8,"featured_media":4452,"template":"","meta":{"_acf_changed":false,"_tribe_events_status":"","_tribe_events_status_reason":"","footnotes":""},"tribe_events_cat":[15],"class_list":["post-4451","tribe_events","type-tribe_events","status-publish","has-post-thumbnail","hentry","tribe_events_cat-journees-detude","cat_journees-detude"],"acf":[],"_links":{"self":[{"href":"https:\/\/sites-recherche.univ-rennes2.fr\/tempora\/wp-json\/wp\/v2\/tribe_events\/4451","targetHints":{"allow":["GET"]}}],"collection":[{"href":"https:\/\/sites-recherche.univ-rennes2.fr\/tempora\/wp-json\/wp\/v2\/tribe_events"}],"about":[{"href":"https:\/\/sites-recherche.univ-rennes2.fr\/tempora\/wp-json\/wp\/v2\/types\/tribe_events"}],"author":[{"embeddable":true,"href":"https:\/\/sites-recherche.univ-rennes2.fr\/tempora\/wp-json\/wp\/v2\/users\/8"}],"version-history":[{"count":6,"href":"https:\/\/sites-recherche.univ-rennes2.fr\/tempora\/wp-json\/wp\/v2\/tribe_events\/4451\/revisions"}],"predecessor-version":[{"id":4462,"href":"https:\/\/sites-recherche.univ-rennes2.fr\/tempora\/wp-json\/wp\/v2\/tribe_events\/4451\/revisions\/4462"}],"wp:featuredmedia":[{"embeddable":true,"href":"https:\/\/sites-recherche.univ-rennes2.fr\/tempora\/wp-json\/wp\/v2\/media\/4452"}],"wp:attachment":[{"href":"https:\/\/sites-recherche.univ-rennes2.fr\/tempora\/wp-json\/wp\/v2\/media?parent=4451"}],"wp:term":[{"taxonomy":"tribe_events_cat","embeddable":true,"href":"https:\/\/sites-recherche.univ-rennes2.fr\/tempora\/wp-json\/wp\/v2\/tribe_events_cat?post=4451"}],"curies":[{"name":"wp","href":"https:\/\/api.w.org\/{rel}","templated":true}]}}

Diplomatie et femmes aux XXe et XXIe siècles

<ul>
<li dir="ltr"><span style="font-family: times new roman, new york, times, serif; font-size: large;">Journée d&rsquo;études « <strong>Diplomaties et femmes aux XXe et XXIe siècles : nouvelles ouvertures historiographiques</strong> » le <span id="OBJ_PREFIX_DWT105_com_zimbra_date" class="Object" role="link">mardi</span> 3 décembre à la Maison des sciences de l&rsquo;homme en Bretagne (Salle du conseil) de 9.30 à 17.30. </span></li>
</ul>
<div dir="ltr"></div>
<div dir="ltr"><span style="font-family: times new roman, new york, times, serif; font-size: large;">Les organisateurs ont l&rsquo;honneur d&rsquo;accueillir dans ce cadre Madame la Consule générale des Etats-Unis et Madame la Consule général du royaume du Maroc à Rennes.</span></div>
<div dir="ltr"></div>
<div dir="ltr"><span style="font-family: times new roman, new york, times, serif; font-size: large;">Le programme détaillé se trouve <strong><a href="https://sites-recherche.univ-rennes2.fr/tempora/wp-content/uploads/2024/11/programme-je-diplomaties-femmes-3-decembre-2024-derniere-version-db.pdf">ici</a></strong></span></div>

<p>Journée d&rsquo;études « Diplomaties et femmes aux XXe et XXIe siècles : nouvelles ouvertures historiographiques » le mardi 3 décembre à la Maison des sciences de&hellip;</p>
