{"id":4475,"date":"2025-01-06T14:50:24","date_gmt":"2025-01-06T13:50:24","guid":{"rendered":"https:\/\/sites-recherche.univ-rennes2.fr\/tempora\/?post_type=tribe_events&#038;p=4475"},"modified":"2025-01-06T14:50:24","modified_gmt":"2025-01-06T13:50:24","slug":"les-temporiales-11","status":"publish","type":"tribe_events","link":"https:\/\/sites-recherche.univ-rennes2.fr\/tempora\/event\/les-temporiales-11\/","title":{"rendered":"Les Temporiales"},"content":{"rendered":"<p><a href=\"https:\/\/sites-recherche.univ-rennes2.fr\/tempora\/author\/flostec\/\">Fabien Lostec<\/a> nous pr\u00e9sente son ouvrage, tir\u00e9 de sa th\u00e8se, <em>Condamn\u00e9es \u00e0 mort. L&rsquo;\u00e9puration des femmes collaboratrices, 1944-1951<\/em>, paru en 2024 aux \u00e9ditions du CNRS.<\/p>\n<p>R\u00e9sum\u00e9 de l&rsquo;\u00e9diteur :<\/p>\n<p>\u00ab\u00a0Contrairement \u00e0 une l\u00e9gende tenace, toutes les femmes collaboratrices n\u2019ont pas \u00e9t\u00e9 graci\u00e9es par les tribunaux de l\u2019\u00e9puration \u00e0 la sortie de la Seconde Guerre mondiale. Elles sont 651 \u00e0 \u00eatre frapp\u00e9es par la peine capitale, dont 46 sont finalement ex\u00e9cut\u00e9es. Jamais, depuis la R\u00e9volution fran\u00e7aise, autant de femmes n\u2019avaient \u00e9t\u00e9 condamn\u00e9es et mises \u00e0 mort en si peu de temps.<\/p>\n<p>Qui sont ces condamn\u00e9es \u00e0 mort, de quelle fa\u00e7on ont-elles collabor\u00e9, comment vivent-elles leur \u00e9puration et par qui sont-elles jug\u00e9es ? Fabien Lostec brosse le portrait individuel et collectif de ces femmes. Il nous montre qu\u2019au-del\u00e0 de l\u2019image de la collaboratrice sentimentale, elles se sont r\u00e9solument engag\u00e9es au service de l\u2019ennemi, ont commis des actions violentes et des tortures, ont provoqu\u00e9 des d\u00e9portations et des assassinats.<\/p>\n<p>La morale et le droit s\u2019entrem\u00ealent lors de leurs proc\u00e8s, puisqu\u2019elles sont accus\u00e9es d\u2019\u00eatre de mauvaises \u00e9pouses et\/ou m\u00e8res et, plus largement, de mauvaises femmes. L\u2019auteur examine le temps du jugement jusqu\u2019\u00e0 la mort pour celles dont le recours en gr\u00e2ce est rejet\u00e9 et n\u2019oublie pas le temps de l\u2019incarc\u00e9ration ni celui de la sortie de prison pour celles qui b\u00e9n\u00e9ficient d\u2019une commutation de peine.<\/p>\n<p>Une \u00e9tude fine qui vient renouveler par le genre l\u2019histoire de l\u2019\u00e9puration et de la violence politique.\u00a0\u00bb<\/p>\n","protected":false},"excerpt":{"rendered":"<p>Fabien Lostec nous pr\u00e9sente son ouvrage, tir\u00e9 de sa th\u00e8se, Condamn\u00e9es \u00e0 mort. L&rsquo;\u00e9puration des femmes collaboratrices, 1944-1951, paru en 2024 aux \u00e9ditions du&hellip;<\/p>\n","protected":false},"author":115,"featured_media":4476,"template":"","meta":{"_acf_changed":false,"_tribe_events_status":"","_tribe_events_status_reason":"","footnotes":""},"tribe_events_cat":[],"class_list":["post-4475","tribe_events","type-tribe_events","status-publish","has-post-thumbnail","hentry"],"acf":[],"_links":{"self":[{"href":"https:\/\/sites-recherche.univ-rennes2.fr\/tempora\/wp-json\/wp\/v2\/tribe_events\/4475","targetHints":{"allow":["GET"]}}],"collection":[{"href":"https:\/\/sites-recherche.univ-rennes2.fr\/tempora\/wp-json\/wp\/v2\/tribe_events"}],"about":[{"href":"https:\/\/sites-recherche.univ-rennes2.fr\/tempora\/wp-json\/wp\/v2\/types\/tribe_events"}],"author":[{"embeddable":true,"href":"https:\/\/sites-recherche.univ-rennes2.fr\/tempora\/wp-json\/wp\/v2\/users\/115"}],"version-history":[{"count":1,"href":"https:\/\/sites-recherche.univ-rennes2.fr\/tempora\/wp-json\/wp\/v2\/tribe_events\/4475\/revisions"}],"predecessor-version":[{"id":4478,"href":"https:\/\/sites-recherche.univ-rennes2.fr\/tempora\/wp-json\/wp\/v2\/tribe_events\/4475\/revisions\/4478"}],"wp:featuredmedia":[{"embeddable":true,"href":"https:\/\/sites-recherche.univ-rennes2.fr\/tempora\/wp-json\/wp\/v2\/media\/4476"}],"wp:attachment":[{"href":"https:\/\/sites-recherche.univ-rennes2.fr\/tempora\/wp-json\/wp\/v2\/media?parent=4475"}],"wp:term":[{"taxonomy":"tribe_events_cat","embeddable":true,"href":"https:\/\/sites-recherche.univ-rennes2.fr\/tempora\/wp-json\/wp\/v2\/tribe_events_cat?post=4475"}],"curies":[{"name":"wp","href":"https:\/\/api.w.org\/{rel}","templated":true}]}}

<p><a href="https://sites-recherche.univ-rennes2.fr/tempora/author/flostec/">Fabien Lostec</a> nous présente son ouvrage, tiré de sa thèse, <em>Condamnées à mort. L&rsquo;épuration des femmes collaboratrices, 1944-1951</em>, paru en 2024 aux éditions du CNRS.</p>
<p>Résumé de l&rsquo;éditeur :</p>
<p>« Contrairement à une légende tenace, toutes les femmes collaboratrices n’ont pas été graciées par les tribunaux de l’épuration à la sortie de la Seconde Guerre mondiale. Elles sont 651 à être frappées par la peine capitale, dont 46 sont finalement exécutées. Jamais, depuis la Révolution française, autant de femmes n’avaient été condamnées et mises à mort en si peu de temps.</p>
<p>Qui sont ces condamnées à mort, de quelle façon ont-elles collaboré, comment vivent-elles leur épuration et par qui sont-elles jugées ? Fabien Lostec brosse le portrait individuel et collectif de ces femmes. Il nous montre qu’au-delà de l’image de la collaboratrice sentimentale, elles se sont résolument engagées au service de l’ennemi, ont commis des actions violentes et des tortures, ont provoqué des déportations et des assassinats.</p>
<p>La morale et le droit s’entremêlent lors de leurs procès, puisqu’elles sont accusées d’être de mauvaises épouses et/ou mères et, plus largement, de mauvaises femmes. L’auteur examine le temps du jugement jusqu’à la mort pour celles dont le recours en grâce est rejeté et n’oublie pas le temps de l’incarcération ni celui de la sortie de prison pour celles qui bénéficient d’une commutation de peine.</p>
<p>Une étude fine qui vient renouveler par le genre l’histoire de l’épuration et de la violence politique. »</p>

<p>Fabien Lostec nous présente son ouvrage, tiré de sa thèse, Condamnées à mort. L&rsquo;épuration des femmes collaboratrices, 1944-1951, paru en 2024 aux éditions du&hellip;</p>
